{"id":528,"date":"2022-06-30T14:02:06","date_gmt":"2022-06-30T19:02:06","guid":{"rendered":"https:\/\/www.ssaver.gob.mx\/administraciondepersonal\/?page_id=528"},"modified":"2024-12-13T10:17:11","modified_gmt":"2024-12-13T16:17:11","slug":"manuales","status":"publish","type":"page","link":"https:\/\/www.ssaver.gob.mx\/administraciondepersonal\/manuales\/","title":{"rendered":"Manuales"},"content":{"rendered":"\n<hr class=\"wp-block-separator has-text-color has-alpha-channel-opacity has-background is-style-wide\" style=\"background-color:#eae7e2;color:#eae7e2\" \/>\n\n\n\n<p class=\"has-medium-font-size\"><strong>ACTUALIZACI\u00d3N DEL CAT\u00c1LOGO DE PUESTOS PARA LA RAMA M\u00c9DICA, PARAM\u00c9DICA Y GRUPOS AFINES.<\/strong><\/p>\n\n\n\n<ul class=\"wp-block-list\">\n<li class=\"has-text-color has-link-color has-medium-font-size wp-elements-037cb0d4fbc2db2a9d11957f3fe51156\" style=\"color:#7a1737\"><a href=\"http:\/\/dgrh.salud.gob.mx\/Servicio_DIntdPuesyServPers_CatRamaMed.php\" target=\"_blank\" rel=\"noreferrer noopener\"><strong>CAT\u00c1LOGO SECTORIAL DE PUESTOS DE LA RAMA M\u00c9DICA, PARAM\u00c9DICA Y AF\u00cdN.<\/strong><\/a><\/li>\n\n\n\n<li class=\"has-text-color has-link-color has-medium-font-size wp-elements-e8a6fb2a386c8e66a1280b0f65ff3744\" style=\"color:#7a1737\"><a href=\"http:\/\/dgrh.salud.gob.mx\/Servicio_DIntdPuesyServPers_CatRamaMed.php\" target=\"_blank\" rel=\"noreferrer noopener\"><strong>CAT\u00c1LOGO SECTORIAL DE PUESTOS DEL GRUPO AF\u00cdN ADMINISTRATIVO.<\/strong><\/a><\/li>\n<\/ul>\n\n\n\n<p><\/p>\n","protected":false},"excerpt":{"rendered":"<p>ACTUALIZACI\u00d3N DEL CAT\u00c1LOGO DE PUESTOS PARA LA RAMA M\u00c9DICA, PARAM\u00c9DICA Y GRUPOS AFINES.<\/p>\n","protected":false},"author":5,"featured_media":0,"parent":0,"menu_order":0,"comment_status":"closed","ping_status":"closed","template":"","meta":{"colormag_page_container_layout":"default_layout","colormag_page_sidebar_layout":"default_layout","footnotes":""},"class_list":["post-528","page","type-page","status-publish","hentry"],"_links":{"self":[{"href":"https:\/\/www.ssaver.gob.mx\/administraciondepersonal\/wp-json\/wp\/v2\/pages\/528","targetHints":{"allow":["GET"]}}],"collection":[{"href":"https:\/\/www.ssaver.gob.mx\/administraciondepersonal\/wp-json\/wp\/v2\/pages"}],"about":[{"href":"https:\/\/www.ssaver.gob.mx\/administraciondepersonal\/wp-json\/wp\/v2\/types\/page"}],"author":[{"embeddable":true,"href":"https:\/\/www.ssaver.gob.mx\/administraciondepersonal\/wp-json\/wp\/v2\/users\/5"}],"replies":[{"embeddable":true,"href":"https:\/\/www.ssaver.gob.mx\/administraciondepersonal\/wp-json\/wp\/v2\/comments?post=528"}],"version-history":[{"count":5,"href":"https:\/\/www.ssaver.gob.mx\/administraciondepersonal\/wp-json\/wp\/v2\/pages\/528\/revisions"}],"predecessor-version":[{"id":4147,"href":"https:\/\/www.ssaver.gob.mx\/administraciondepersonal\/wp-json\/wp\/v2\/pages\/528\/revisions\/4147"}],"wp:attachment":[{"href":"https:\/\/www.ssaver.gob.mx\/administraciondepersonal\/wp-json\/wp\/v2\/media?parent=528"}],"curies":[{"name":"wp","href":"https:\/\/api.w.org\/{rel}","templated":true}]}}

<hr class="wp-block-separator has-text-color has-alpha-channel-opacity has-background is-style-wide" style="background-color:#eae7e2;color:#eae7e2" />



<p class="has-medium-font-size"><strong>ACTUALIZACIÓN DEL CATÁLOGO DE PUESTOS PARA LA RAMA MÉDICA, PARAMÉDICA Y GRUPOS AFINES.</strong></p>



<ul class="wp-block-list">
<li class="has-text-color has-link-color has-medium-font-size wp-elements-037cb0d4fbc2db2a9d11957f3fe51156" style="color:#7a1737"><a href="http://dgrh.salud.gob.mx/Servicio_DIntdPuesyServPers_CatRamaMed.php" target="_blank" rel="noreferrer noopener"><strong>CATÁLOGO SECTORIAL DE PUESTOS DE LA RAMA MÉDICA, PARAMÉDICA Y AFÍN.</strong></a></li>



<li class="has-text-color has-link-color has-medium-font-size wp-elements-e8a6fb2a386c8e66a1280b0f65ff3744" style="color:#7a1737"><a href="http://dgrh.salud.gob.mx/Servicio_DIntdPuesyServPers_CatRamaMed.php" target="_blank" rel="noreferrer noopener"><strong>CATÁLOGO SECTORIAL DE PUESTOS DEL GRUPO AFÍN ADMINISTRATIVO.</strong></a></li>
</ul>



<p></p>

<p>ACTUALIZACIÓN DEL CATÁLOGO DE PUESTOS PARA LA RAMA MÉDICA, PARAMÉDICA Y GRUPOS AFINES.</p>
