{"id":537,"date":"2022-06-30T14:04:33","date_gmt":"2022-06-30T19:04:33","guid":{"rendered":"https:\/\/www.ssaver.gob.mx\/administraciondepersonal\/?page_id=537"},"modified":"2026-03-26T18:09:06","modified_gmt":"2026-03-27T00:09:06","slug":"comision-central-mixta-de-escalafon","status":"publish","type":"page","link":"https:\/\/www.ssaver.gob.mx\/administraciondepersonal\/comision-central-mixta-de-escalafon\/","title":{"rendered":"Comisi\u00f3n Auxiliar Mixta de Escalaf\u00f3n"},"content":{"rendered":"\n<hr class=\"wp-block-separator has-text-color has-alpha-channel-opacity has-background is-style-wide\" style=\"background-color:#eae7e2;color:#eae7e2\" \/>\n\n\n\n<p class=\"has-text-align-center has-text-color has-background\" style=\"color:#7a1737;background-color:#eae7e2;font-size:22px\"><strong>CONVOCATORIA<\/strong><\/p>\n\n\n\n<div class=\"wp-block-columns is-layout-flex wp-container-core-columns-is-layout-28f84493 wp-block-columns-is-layout-flex\">\n<div class=\"wp-block-column is-layout-flow wp-block-column-is-layout-flow\">\n<div class=\"wp-block-buttons is-layout-flex wp-block-buttons-is-layout-flex\">\n<div class=\"wp-block-button has-custom-width wp-block-button__width-100\"><a class=\"wp-block-button__link has-text-color has-background has-custom-font-size wp-element-button\" href=\"https:\/\/www.ssaver.gob.mx\/administraciondepersonal\/comision-central-mixta-de-escalafon\/2022-2\/\" style=\"color:#7a1737;background-color:#eae7e2;font-size:28px\" target=\"_blank\" rel=\"noreferrer noopener\"><strong>2022<\/strong><\/a><\/div>\n<\/div>\n<\/div>\n\n\n\n<div class=\"wp-block-column is-layout-flow wp-block-column-is-layout-flow\">\n<div class=\"wp-block-buttons is-layout-flex wp-block-buttons-is-layout-flex\">\n<div class=\"wp-block-button has-custom-width wp-block-button__width-100\"><a class=\"wp-block-button__link has-text-color has-background has-custom-font-size wp-element-button\" href=\"https:\/\/www.ssaver.gob.mx\/administraciondepersonal\/comision-central-mixta-de-escalafon\/2023-2\/\" style=\"color:#7a1737;background-color:#eae7e2;font-size:28px\" target=\"_blank\" rel=\"noreferrer noopener\"><strong>2023<\/strong><\/a><\/div>\n<\/div>\n<\/div>\n\n\n\n<div class=\"wp-block-column is-layout-flow wp-block-column-is-layout-flow\">\n<div class=\"wp-block-buttons is-layout-flex wp-block-buttons-is-layout-flex\">\n<div class=\"wp-block-button has-custom-width wp-block-button__width-100\"><a class=\"wp-block-button__link has-text-color has-background has-custom-font-size wp-element-button\" href=\"https:\/\/www.ssaver.gob.mx\/administraciondepersonal\/comision-central-mixta-de-escalafon\/2024-2\/\" style=\"color:#7a1737;background-color:#eae7e2;font-size:28px\" target=\"_blank\" rel=\"noreferrer noopener\"><strong>2024<\/strong><\/a><\/div>\n<\/div>\n<\/div>\n\n\n\n<div class=\"wp-block-column is-layout-flow wp-block-column-is-layout-flow\">\n<div class=\"wp-block-buttons is-layout-flex wp-block-buttons-is-layout-flex\">\n<div class=\"wp-block-button has-custom-width wp-block-button__width-100\"><a class=\"wp-block-button__link has-text-color has-background has-custom-font-size wp-element-button\" href=\"https:\/\/www.ssaver.gob.mx\/administraciondepersonal\/comision-central-mixta-de-escalafon\/2025-2\/\" style=\"color:#7a1737;background-color:#eae7e2;font-size:28px\" target=\"_blank\" rel=\"noreferrer noopener\"><strong>2025<\/strong><\/a><\/div>\n<\/div>\n<\/div>\n\n\n\n<div class=\"wp-block-column is-layout-flow wp-block-column-is-layout-flow\">\n<div class=\"wp-block-buttons is-layout-flex wp-block-buttons-is-layout-flex\">\n<div class=\"wp-block-button has-custom-width wp-block-button__width-100\"><a class=\"wp-block-button__link has-text-color has-background has-custom-font-size wp-element-button\" href=\"https:\/\/www.ssaver.gob.mx\/administraciondepersonal\/comision-auxiliar-mixta-de-escalafon-2026\/\" style=\"color:#7a1737;background-color:#eae7e2;font-size:28px\" target=\"_blank\" rel=\"noreferrer noopener\"><strong>2026<\/strong><\/a><\/div>\n<\/div>\n<\/div>\n<\/div>\n\n\n\n<p class=\"has-text-color has-link-color wp-elements-5e041d1895dab6d525eb63b17810f544\" style=\"color:#7a1737\"><strong><a href=\"https:\/\/www.ssaver.gob.mx\/administraciondepersonal\/wp-content\/uploads\/sites\/15\/2023\/03\/REGLAMENTO-DE-ESCALAFON.pdf\" target=\"_blank\" rel=\"noreferrer noopener\">REGLAMENTO DE ESCALAFON DE LA SECRETARIA DE SALUD<\/a><\/strong><\/p>\n\n\n\n<p class=\"has-text-color has-link-color wp-elements-6ba6d880440d51dc212db582c5f9ec3b\" style=\"color:#7a1737\"><strong><a href=\"https:\/\/www.ssaver.gob.mx\/administraciondepersonal\/wp-content\/uploads\/sites\/15\/2023\/03\/CIRCULAR_DA_SRH_2376_2022-ESCALAFON.pdf\" target=\"_blank\" rel=\"noreferrer noopener\">Circular SESVER\/DA\/SRH\/2376\/2022- Comisi\u00f3n Auxiliar de Escalaf\u00f3n<\/a><\/strong><a rel=\"noreferrer noopener\" href=\"https:\/\/www.ssaver.gob.mx\/administraciondepersonal\/wp-content\/uploads\/sites\/15\/2023\/03\/CIRCULAR_DA_SRH_2376_2022-ESCALAFON.pdf\" target=\"_blank\"> <\/a><\/p>\n\n\n\n<p class=\"has-text-color has-link-color wp-elements-36cdc5103e7b7909e6e586518466fc2c\" style=\"color:#7a1737\"><a href=\"https:\/\/www.ssaver.gob.mx\/administraciondepersonal\/wp-content\/uploads\/sites\/15\/2023\/03\/Ejemplo-de-Acta-de-Integracion-de-Subcomision-Mixta-de-Escalafon.pdf\" target=\"_blank\" rel=\"noreferrer noopener\">Ejemplo de Acta de Integraci\u00f3n de Subcomisi\u00f3n Mixta de Escalaf\u00f3n<\/a><\/p>\n\n\n\n<p class=\"has-text-color has-link-color wp-elements-25d5bef402b2b3420b12d25b04df383c\" style=\"color:#7a1737\"><a href=\"https:\/\/www.ssaver.gob.mx\/administraciondepersonal\/wp-content\/uploads\/sites\/15\/2023\/03\/Ejemplo-de-Acta-de-Reuniones-de-la-Subcomision-Mixta-de-Escalafon.pdf\" target=\"_blank\" rel=\"noreferrer noopener\">Ejemplo de Acta de Reuniones de la Subcomisi\u00f3n Mixta de Escalaf\u00f3n<\/a><\/p>\n\n\n\n<p class=\"has-text-color has-link-color wp-elements-c2efa99d0eea3489aa4df3ff9ffbd9aa\" style=\"color:#7a1737\"><a href=\"https:\/\/www.ssaver.gob.mx\/administraciondepersonal\/wp-content\/uploads\/sites\/15\/2023\/03\/Constancia-de-Evaluacion-Area-Medica.pdf\" target=\"_blank\" rel=\"noreferrer noopener\">Constancia de Evaluaci\u00f3n \u00c1rea Medica<\/a><\/p>\n\n\n\n<p class=\"has-text-color has-link-color wp-elements-55fb6a6d4de5a7fd8ca57382521ab832\" style=\"color:#7a1737\"><a href=\"https:\/\/www.ssaver.gob.mx\/administraciondepersonal\/wp-content\/uploads\/sites\/15\/2023\/03\/Constancia-de-Evaluacion-Area-Administrativa.pdf\" target=\"_blank\" rel=\"noreferrer noopener\">Constancia de Evaluaci\u00f3n \u00c1rea Administrativa<\/a><\/p>\n","protected":false},"excerpt":{"rendered":"<p>CONVOCATORIA REGLAMENTO DE ESCALAFON DE LA SECRETARIA DE SALUD Circular SESVER\/DA\/SRH\/2376\/2022- Comisi\u00f3n Auxiliar de Escalaf\u00f3n Ejemplo de Acta de Integraci\u00f3n<\/p>\n","protected":false},"author":5,"featured_media":0,"parent":0,"menu_order":0,"comment_status":"closed","ping_status":"closed","template":"","meta":{"colormag_page_container_layout":"default_layout","colormag_page_sidebar_layout":"default_layout","footnotes":""},"class_list":["post-537","page","type-page","status-publish","hentry"],"_links":{"self":[{"href":"https:\/\/www.ssaver.gob.mx\/administraciondepersonal\/wp-json\/wp\/v2\/pages\/537","targetHints":{"allow":["GET"]}}],"collection":[{"href":"https:\/\/www.ssaver.gob.mx\/administraciondepersonal\/wp-json\/wp\/v2\/pages"}],"about":[{"href":"https:\/\/www.ssaver.gob.mx\/administraciondepersonal\/wp-json\/wp\/v2\/types\/page"}],"author":[{"embeddable":true,"href":"https:\/\/www.ssaver.gob.mx\/administraciondepersonal\/wp-json\/wp\/v2\/users\/5"}],"replies":[{"embeddable":true,"href":"https:\/\/www.ssaver.gob.mx\/administraciondepersonal\/wp-json\/wp\/v2\/comments?post=537"}],"version-history":[{"count":202,"href":"https:\/\/www.ssaver.gob.mx\/administraciondepersonal\/wp-json\/wp\/v2\/pages\/537\/revisions"}],"predecessor-version":[{"id":4789,"href":"https:\/\/www.ssaver.gob.mx\/administraciondepersonal\/wp-json\/wp\/v2\/pages\/537\/revisions\/4789"}],"wp:attachment":[{"href":"https:\/\/www.ssaver.gob.mx\/administraciondepersonal\/wp-json\/wp\/v2\/media?parent=537"}],"curies":[{"name":"wp","href":"https:\/\/api.w.org\/{rel}","templated":true}]}}

Comisión Auxiliar Mixta de Escalafón

<hr class="wp-block-separator has-text-color has-alpha-channel-opacity has-background is-style-wide" style="background-color:#eae7e2;color:#eae7e2" />



<p class="has-text-align-center has-text-color has-background" style="color:#7a1737;background-color:#eae7e2;font-size:22px"><strong>CONVOCATORIA</strong></p>



<div class="wp-block-columns is-layout-flex wp-container-core-columns-is-layout-28f84493 wp-block-columns-is-layout-flex">
<div class="wp-block-column is-layout-flow wp-block-column-is-layout-flow">
<div class="wp-block-buttons is-layout-flex wp-block-buttons-is-layout-flex">
<div class="wp-block-button has-custom-width wp-block-button__width-100"><a class="wp-block-button__link has-text-color has-background has-custom-font-size wp-element-button" href="https://www.ssaver.gob.mx/administraciondepersonal/comision-central-mixta-de-escalafon/2022-2/" style="color:#7a1737;background-color:#eae7e2;font-size:28px" target="_blank" rel="noreferrer noopener"><strong>2022</strong></a></div>
</div>
</div>



<div class="wp-block-column is-layout-flow wp-block-column-is-layout-flow">
<div class="wp-block-buttons is-layout-flex wp-block-buttons-is-layout-flex">
<div class="wp-block-button has-custom-width wp-block-button__width-100"><a class="wp-block-button__link has-text-color has-background has-custom-font-size wp-element-button" href="https://www.ssaver.gob.mx/administraciondepersonal/comision-central-mixta-de-escalafon/2023-2/" style="color:#7a1737;background-color:#eae7e2;font-size:28px" target="_blank" rel="noreferrer noopener"><strong>2023</strong></a></div>
</div>
</div>



<div class="wp-block-column is-layout-flow wp-block-column-is-layout-flow">
<div class="wp-block-buttons is-layout-flex wp-block-buttons-is-layout-flex">
<div class="wp-block-button has-custom-width wp-block-button__width-100"><a class="wp-block-button__link has-text-color has-background has-custom-font-size wp-element-button" href="https://www.ssaver.gob.mx/administraciondepersonal/comision-central-mixta-de-escalafon/2024-2/" style="color:#7a1737;background-color:#eae7e2;font-size:28px" target="_blank" rel="noreferrer noopener"><strong>2024</strong></a></div>
</div>
</div>



<div class="wp-block-column is-layout-flow wp-block-column-is-layout-flow">
<div class="wp-block-buttons is-layout-flex wp-block-buttons-is-layout-flex">
<div class="wp-block-button has-custom-width wp-block-button__width-100"><a class="wp-block-button__link has-text-color has-background has-custom-font-size wp-element-button" href="https://www.ssaver.gob.mx/administraciondepersonal/comision-central-mixta-de-escalafon/2025-2/" style="color:#7a1737;background-color:#eae7e2;font-size:28px" target="_blank" rel="noreferrer noopener"><strong>2025</strong></a></div>
</div>
</div>



<div class="wp-block-column is-layout-flow wp-block-column-is-layout-flow">
<div class="wp-block-buttons is-layout-flex wp-block-buttons-is-layout-flex">
<div class="wp-block-button has-custom-width wp-block-button__width-100"><a class="wp-block-button__link has-text-color has-background has-custom-font-size wp-element-button" href="https://www.ssaver.gob.mx/administraciondepersonal/comision-auxiliar-mixta-de-escalafon-2026/" style="color:#7a1737;background-color:#eae7e2;font-size:28px" target="_blank" rel="noreferrer noopener"><strong>2026</strong></a></div>
</div>
</div>
</div>



<p class="has-text-color has-link-color wp-elements-5e041d1895dab6d525eb63b17810f544" style="color:#7a1737"><strong><a href="https://www.ssaver.gob.mx/administraciondepersonal/wp-content/uploads/sites/15/2023/03/REGLAMENTO-DE-ESCALAFON.pdf" target="_blank" rel="noreferrer noopener">REGLAMENTO DE ESCALAFON DE LA SECRETARIA DE SALUD</a></strong></p>



<p class="has-text-color has-link-color wp-elements-6ba6d880440d51dc212db582c5f9ec3b" style="color:#7a1737"><strong><a href="https://www.ssaver.gob.mx/administraciondepersonal/wp-content/uploads/sites/15/2023/03/CIRCULAR_DA_SRH_2376_2022-ESCALAFON.pdf" target="_blank" rel="noreferrer noopener">Circular SESVER/DA/SRH/2376/2022- Comisión Auxiliar de Escalafón</a></strong><a rel="noreferrer noopener" href="https://www.ssaver.gob.mx/administraciondepersonal/wp-content/uploads/sites/15/2023/03/CIRCULAR_DA_SRH_2376_2022-ESCALAFON.pdf" target="_blank"> </a></p>



<p class="has-text-color has-link-color wp-elements-36cdc5103e7b7909e6e586518466fc2c" style="color:#7a1737"><a href="https://www.ssaver.gob.mx/administraciondepersonal/wp-content/uploads/sites/15/2023/03/Ejemplo-de-Acta-de-Integracion-de-Subcomision-Mixta-de-Escalafon.pdf" target="_blank" rel="noreferrer noopener">Ejemplo de Acta de Integración de Subcomisión Mixta de Escalafón</a></p>



<p class="has-text-color has-link-color wp-elements-25d5bef402b2b3420b12d25b04df383c" style="color:#7a1737"><a href="https://www.ssaver.gob.mx/administraciondepersonal/wp-content/uploads/sites/15/2023/03/Ejemplo-de-Acta-de-Reuniones-de-la-Subcomision-Mixta-de-Escalafon.pdf" target="_blank" rel="noreferrer noopener">Ejemplo de Acta de Reuniones de la Subcomisión Mixta de Escalafón</a></p>



<p class="has-text-color has-link-color wp-elements-c2efa99d0eea3489aa4df3ff9ffbd9aa" style="color:#7a1737"><a href="https://www.ssaver.gob.mx/administraciondepersonal/wp-content/uploads/sites/15/2023/03/Constancia-de-Evaluacion-Area-Medica.pdf" target="_blank" rel="noreferrer noopener">Constancia de Evaluación Área Medica</a></p>



<p class="has-text-color has-link-color wp-elements-55fb6a6d4de5a7fd8ca57382521ab832" style="color:#7a1737"><a href="https://www.ssaver.gob.mx/administraciondepersonal/wp-content/uploads/sites/15/2023/03/Constancia-de-Evaluacion-Area-Administrativa.pdf" target="_blank" rel="noreferrer noopener">Constancia de Evaluación Área Administrativa</a></p>

<p>CONVOCATORIA REGLAMENTO DE ESCALAFON DE LA SECRETARIA DE SALUD Circular SESVER/DA/SRH/2376/2022- Comisión Auxiliar de Escalafón Ejemplo de Acta de Integración</p>
