{"id":555,"date":"2022-10-10T11:12:11","date_gmt":"2022-10-10T16:12:11","guid":{"rendered":"https:\/\/www.ssaver.gob.mx\/administraciondepersonal\/?page_id=555"},"modified":"2026-03-26T11:59:55","modified_gmt":"2026-03-26T17:59:55","slug":"555-2","status":"publish","type":"page","link":"https:\/\/www.ssaver.gob.mx\/administraciondepersonal\/","title":{"rendered":""},"content":{"rendered":"\n<figure class=\"wp-block-pullquote has-white-color has-text-color\" style=\"font-size:1px\"><blockquote><p>Realiza los procedimientos administrativos previos a la contrataci\u00f3n del recurso humano, durante su relaci\u00f3n laboral y a la conclusi\u00f3n de la misma, conforme a las necesidades de trabajo y a la normatividad vigente en materia de salud; garantizando la contrataci\u00f3n de personal que re\u00fana el perfil profesional requerido para un adecuado desempe\u00f1o institucional y mejor\u00eda en los Servicios de Salud de Veracruz.<\/p><\/blockquote><\/figure>\n\n\n\n<hr class=\"wp-block-separator has-text-color has-alpha-channel-opacity has-background is-style-wide\" style=\"margin-top:0;margin-bottom:0;background-color:#dac195;color:#dac195\" \/>\n\n\n\n<h1 class=\"wp-block-heading has-text-align-center has-text-color has-large-font-size\" style=\"color:#7a1737;font-style:normal;font-weight:500\"><strong>SECCIONES<\/strong><\/h1>\n\n\n\n<hr class=\"wp-block-separator has-text-color has-alpha-channel-opacity has-background is-style-wide\" style=\"margin-top:var(--wp--preset--spacing--30);margin-bottom:var(--wp--preset--spacing--30);background-color:#dac195;color:#dac195\" \/>\n\n\n\n<div class=\"wp-block-columns are-vertically-aligned-top is-layout-flex wp-container-core-columns-is-layout-28f84493 wp-block-columns-is-layout-flex\">\n<div class=\"wp-block-column is-vertically-aligned-top is-layout-flow wp-block-column-is-layout-flow\">\n<div class=\"wp-block-buttons is-content-justification-center is-layout-flex wp-container-core-buttons-is-layout-a89b3969 wp-block-buttons-is-layout-flex\">\n<div class=\"wp-block-button has-custom-width wp-block-button__width-100 is-style-outline is-style-outline--1\"><a class=\"wp-block-button__link has-text-color has-background has-custom-font-size wp-element-button\" href=\"https:\/\/www.ssaver.gob.mx\/administraciondepersonal\/tramites-y-servicios\/\" style=\"border-style:none;border-width:0px;border-radius:26px;color:#7a1737;background-color:#eae7e2;padding-top:var(--wp--preset--spacing--80);padding-right:var(--wp--preset--spacing--70);padding-bottom:var(--wp--preset--spacing--80);padding-left:var(--wp--preset--spacing--70);font-size:24px\" target=\"_blank\" rel=\"noreferrer noopener\"><strong>Tr\u00e1mites y\/o Servicios<\/strong><\/a><\/div>\n<\/div>\n<\/div>\n\n\n\n<div class=\"wp-block-column is-vertically-aligned-top is-layout-flow wp-block-column-is-layout-flow\">\n<div class=\"wp-block-buttons is-content-justification-center is-layout-flex wp-container-core-buttons-is-layout-a89b3969 wp-block-buttons-is-layout-flex\">\n<div class=\"wp-block-button has-custom-width wp-block-button__width-100 is-style-outline is-style-outline--2\"><a class=\"wp-block-button__link has-text-color has-background has-custom-font-size wp-element-button\" href=\"https:\/\/www.ssaver.gob.mx\/administraciondepersonal\/manuales\/\" style=\"border-style:none;border-width:0px;border-radius:26px;color:#7a1737;background-color:#eae7e2;padding-top:var(--wp--preset--spacing--80);padding-right:var(--wp--preset--spacing--70);padding-bottom:var(--wp--preset--spacing--80);padding-left:var(--wp--preset--spacing--70);font-size:24px\" target=\"_blank\" rel=\"noreferrer noopener\"><strong>Manuales<\/strong><\/a><\/div>\n<\/div>\n<\/div>\n\n\n\n<div class=\"wp-block-column is-vertically-aligned-top is-layout-flow wp-block-column-is-layout-flow\">\n<div class=\"wp-block-buttons is-content-justification-center is-layout-flex wp-container-core-buttons-is-layout-a89b3969 wp-block-buttons-is-layout-flex\">\n<div class=\"wp-block-button has-custom-width wp-block-button__width-100 is-style-fill\"><a class=\"wp-block-button__link has-text-color has-background has-custom-font-size wp-element-button\" href=\"https:\/\/www.ssaver.gob.mx\/administraciondepersonal\/formatos\/\" style=\"border-style:none;border-width:0px;border-radius:26px;color:#7a1737;background-color:#eae7e2;padding-top:var(--wp--preset--spacing--80);padding-right:0;padding-bottom:var(--wp--preset--spacing--80);padding-left:0;font-size:24px\" target=\"_blank\" rel=\"noreferrer noopener\"><strong>Formatos<\/strong><\/a><\/div>\n<\/div>\n<\/div>\n<\/div>\n\n\n\n<div style=\"height:14px\" aria-hidden=\"true\" class=\"wp-block-spacer\"><\/div>\n\n\n\n<div class=\"wp-block-columns are-vertically-aligned-top is-layout-flex wp-container-core-columns-is-layout-28f84493 wp-block-columns-is-layout-flex\">\n<div class=\"wp-block-column is-vertically-aligned-top is-layout-flow wp-block-column-is-layout-flow\">\n<div class=\"wp-block-buttons is-content-justification-center is-layout-flex wp-container-core-buttons-is-layout-a89b3969 wp-block-buttons-is-layout-flex\">\n<div class=\"wp-block-button has-custom-width wp-block-button__width-100 is-style-fill\"><a class=\"wp-block-button__link has-text-color has-background has-custom-font-size wp-element-button\" href=\"https:\/\/www.ssaver.gob.mx\/administraciondepersonal\/disposiciones\/\" style=\"border-style:none;border-width:0px;border-radius:26px;color:#7a1737;background-color:#eae7e2;padding-top:var(--wp--preset--spacing--70);padding-right:var(--wp--preset--spacing--70);padding-bottom:var(--wp--preset--spacing--70);padding-left:var(--wp--preset--spacing--70);font-size:24px\" target=\"_blank\" rel=\"noreferrer noopener\"><strong>Disposiciones y Normatividad<\/strong><\/a><\/div>\n<\/div>\n<\/div>\n\n\n\n<div class=\"wp-block-column is-vertically-aligned-top is-layout-flow wp-block-column-is-layout-flow\">\n<div class=\"wp-block-buttons is-content-justification-center is-layout-flex wp-container-core-buttons-is-layout-a89b3969 wp-block-buttons-is-layout-flex\">\n<div class=\"wp-block-button has-custom-width wp-block-button__width-100 is-style-fill\"><a class=\"wp-block-button__link has-text-color has-background has-custom-font-size wp-element-button\" href=\"https:\/\/www.ssaver.gob.mx\/administraciondepersonal\/comision-central-mixta-de-escalafon\/\" style=\"border-style:none;border-width:0px;border-radius:26px;color:#7a1737;background-color:#eae7e2;padding-top:var(--wp--preset--spacing--70);padding-bottom:var(--wp--preset--spacing--70);font-size:24px\" target=\"_blank\" rel=\"noreferrer noopener\"><strong>Comisi\u00f3n Auxiliar Mixta de Escalaf\u00f3n<\/strong><\/a><\/div>\n<\/div>\n<\/div>\n\n\n\n<div class=\"wp-block-column is-vertically-aligned-top is-layout-flow wp-block-column-is-layout-flow\">\n<div class=\"wp-block-buttons is-content-justification-center is-layout-flex wp-container-core-buttons-is-layout-a89b3969 wp-block-buttons-is-layout-flex\">\n<div class=\"wp-block-button has-custom-width wp-block-button__width-100\"><a class=\"wp-block-button__link has-text-color has-background has-custom-font-size wp-element-button\" href=\"https:\/\/www.ssaver.gob.mx\/administraciondepersonal\/declaracion-de-situacion-patrimonial\/\" style=\"border-style:none;border-width:0px;border-radius:26px;color:#7a1737;background-color:#eae7e2;padding-top:var(--wp--preset--spacing--70);padding-bottom:var(--wp--preset--spacing--70);font-size:24px\" target=\"_blank\" rel=\"noreferrer noopener\"><strong>Declaraci\u00f3n de Situaci\u00f3n Patrimonial<\/strong><\/a><\/div>\n<\/div>\n<\/div>\n<\/div>\n\n\n\n<div style=\"height:17px\" aria-hidden=\"true\" class=\"wp-block-spacer\"><\/div>\n\n\n\n<div class=\"wp-block-columns is-layout-flex wp-container-core-columns-is-layout-28f84493 wp-block-columns-is-layout-flex\">\n<div class=\"wp-block-column has-background is-layout-flow wp-block-column-is-layout-flow\" style=\"background-color:#690909\">\n<figure class=\"wp-block-image size-full\" style=\"margin-top:0;margin-bottom:0\"><a href=\"https:\/\/sirerh.ssaver.gob.mx\/\" target=\"_blank\" rel=\" noreferrer noopener\"><img loading=\"lazy\" decoding=\"async\" width=\"1600\" height=\"200\" src=\"https:\/\/www.ssaver.gob.mx\/administraciondepersonal\/wp-content\/uploads\/sites\/15\/2025\/03\/Seleccion_personal.png\" alt=\"\" class=\"wp-image-4348\" srcset=\"https:\/\/www.ssaver.gob.mx\/administraciondepersonal\/wp-content\/uploads\/sites\/15\/2025\/03\/Seleccion_personal.png 1600w, https:\/\/www.ssaver.gob.mx\/administraciondepersonal\/wp-content\/uploads\/sites\/15\/2025\/03\/Seleccion_personal-300x38.png 300w, https:\/\/www.ssaver.gob.mx\/administraciondepersonal\/wp-content\/uploads\/sites\/15\/2025\/03\/Seleccion_personal-1024x128.png 1024w, https:\/\/www.ssaver.gob.mx\/administraciondepersonal\/wp-content\/uploads\/sites\/15\/2025\/03\/Seleccion_personal-768x96.png 768w, https:\/\/www.ssaver.gob.mx\/administraciondepersonal\/wp-content\/uploads\/sites\/15\/2025\/03\/Seleccion_personal-1536x192.png 1536w\" sizes=\"auto, (max-width: 1600px) 100vw, 1600px\" \/><\/a><\/figure>\n<\/div>\n<\/div>\n","protected":false},"excerpt":{"rendered":"<p>Realiza los procedimientos administrativos previos a la contrataci\u00f3n del recurso humano, durante su relaci\u00f3n laboral y a la conclusi\u00f3n de<\/p>\n","protected":false},"author":5,"featured_media":0,"parent":0,"menu_order":0,"comment_status":"closed","ping_status":"closed","template":"","meta":{"colormag_page_container_layout":"default_layout","colormag_page_sidebar_layout":"default_layout","footnotes":""},"class_list":["post-555","page","type-page","status-publish","hentry"],"_links":{"self":[{"href":"https:\/\/www.ssaver.gob.mx\/administraciondepersonal\/wp-json\/wp\/v2\/pages\/555","targetHints":{"allow":["GET"]}}],"collection":[{"href":"https:\/\/www.ssaver.gob.mx\/administraciondepersonal\/wp-json\/wp\/v2\/pages"}],"about":[{"href":"https:\/\/www.ssaver.gob.mx\/administraciondepersonal\/wp-json\/wp\/v2\/types\/page"}],"author":[{"embeddable":true,"href":"https:\/\/www.ssaver.gob.mx\/administraciondepersonal\/wp-json\/wp\/v2\/users\/5"}],"replies":[{"embeddable":true,"href":"https:\/\/www.ssaver.gob.mx\/administraciondepersonal\/wp-json\/wp\/v2\/comments?post=555"}],"version-history":[{"count":80,"href":"https:\/\/www.ssaver.gob.mx\/administraciondepersonal\/wp-json\/wp\/v2\/pages\/555\/revisions"}],"predecessor-version":[{"id":4781,"href":"https:\/\/www.ssaver.gob.mx\/administraciondepersonal\/wp-json\/wp\/v2\/pages\/555\/revisions\/4781"}],"wp:attachment":[{"href":"https:\/\/www.ssaver.gob.mx\/administraciondepersonal\/wp-json\/wp\/v2\/media?parent=555"}],"curies":[{"name":"wp","href":"https:\/\/api.w.org\/{rel}","templated":true}]}}

<figure class="wp-block-pullquote has-white-color has-text-color" style="font-size:1px"><blockquote><p>Realiza los procedimientos administrativos previos a la contratación del recurso humano, durante su relación laboral y a la conclusión de la misma, conforme a las necesidades de trabajo y a la normatividad vigente en materia de salud; garantizando la contratación de personal que reúna el perfil profesional requerido para un adecuado desempeño institucional y mejoría en los Servicios de Salud de Veracruz.</p></blockquote></figure>



<hr class="wp-block-separator has-text-color has-alpha-channel-opacity has-background is-style-wide" style="margin-top:0;margin-bottom:0;background-color:#dac195;color:#dac195" />



<h1 class="wp-block-heading has-text-align-center has-text-color has-large-font-size" style="color:#7a1737;font-style:normal;font-weight:500"><strong>SECCIONES</strong></h1>



<hr class="wp-block-separator has-text-color has-alpha-channel-opacity has-background is-style-wide" style="margin-top:var(--wp--preset--spacing--30);margin-bottom:var(--wp--preset--spacing--30);background-color:#dac195;color:#dac195" />



<div class="wp-block-columns are-vertically-aligned-top is-layout-flex wp-container-core-columns-is-layout-28f84493 wp-block-columns-is-layout-flex">
<div class="wp-block-column is-vertically-aligned-top is-layout-flow wp-block-column-is-layout-flow">
<div class="wp-block-buttons is-content-justification-center is-layout-flex wp-container-core-buttons-is-layout-a89b3969 wp-block-buttons-is-layout-flex">
<div class="wp-block-button has-custom-width wp-block-button__width-100 is-style-outline is-style-outline--1"><a class="wp-block-button__link has-text-color has-background has-custom-font-size wp-element-button" href="https://www.ssaver.gob.mx/administraciondepersonal/tramites-y-servicios/" style="border-style:none;border-width:0px;border-radius:26px;color:#7a1737;background-color:#eae7e2;padding-top:var(--wp--preset--spacing--80);padding-right:var(--wp--preset--spacing--70);padding-bottom:var(--wp--preset--spacing--80);padding-left:var(--wp--preset--spacing--70);font-size:24px" target="_blank" rel="noreferrer noopener"><strong>Trámites y/o Servicios</strong></a></div>
</div>
</div>



<div class="wp-block-column is-vertically-aligned-top is-layout-flow wp-block-column-is-layout-flow">
<div class="wp-block-buttons is-content-justification-center is-layout-flex wp-container-core-buttons-is-layout-a89b3969 wp-block-buttons-is-layout-flex">
<div class="wp-block-button has-custom-width wp-block-button__width-100 is-style-outline is-style-outline--2"><a class="wp-block-button__link has-text-color has-background has-custom-font-size wp-element-button" href="https://www.ssaver.gob.mx/administraciondepersonal/manuales/" style="border-style:none;border-width:0px;border-radius:26px;color:#7a1737;background-color:#eae7e2;padding-top:var(--wp--preset--spacing--80);padding-right:var(--wp--preset--spacing--70);padding-bottom:var(--wp--preset--spacing--80);padding-left:var(--wp--preset--spacing--70);font-size:24px" target="_blank" rel="noreferrer noopener"><strong>Manuales</strong></a></div>
</div>
</div>



<div class="wp-block-column is-vertically-aligned-top is-layout-flow wp-block-column-is-layout-flow">
<div class="wp-block-buttons is-content-justification-center is-layout-flex wp-container-core-buttons-is-layout-a89b3969 wp-block-buttons-is-layout-flex">
<div class="wp-block-button has-custom-width wp-block-button__width-100 is-style-fill"><a class="wp-block-button__link has-text-color has-background has-custom-font-size wp-element-button" href="https://www.ssaver.gob.mx/administraciondepersonal/formatos/" style="border-style:none;border-width:0px;border-radius:26px;color:#7a1737;background-color:#eae7e2;padding-top:var(--wp--preset--spacing--80);padding-right:0;padding-bottom:var(--wp--preset--spacing--80);padding-left:0;font-size:24px" target="_blank" rel="noreferrer noopener"><strong>Formatos</strong></a></div>
</div>
</div>
</div>



<div style="height:14px" aria-hidden="true" class="wp-block-spacer"></div>



<div class="wp-block-columns are-vertically-aligned-top is-layout-flex wp-container-core-columns-is-layout-28f84493 wp-block-columns-is-layout-flex">
<div class="wp-block-column is-vertically-aligned-top is-layout-flow wp-block-column-is-layout-flow">
<div class="wp-block-buttons is-content-justification-center is-layout-flex wp-container-core-buttons-is-layout-a89b3969 wp-block-buttons-is-layout-flex">
<div class="wp-block-button has-custom-width wp-block-button__width-100 is-style-fill"><a class="wp-block-button__link has-text-color has-background has-custom-font-size wp-element-button" href="https://www.ssaver.gob.mx/administraciondepersonal/disposiciones/" style="border-style:none;border-width:0px;border-radius:26px;color:#7a1737;background-color:#eae7e2;padding-top:var(--wp--preset--spacing--70);padding-right:var(--wp--preset--spacing--70);padding-bottom:var(--wp--preset--spacing--70);padding-left:var(--wp--preset--spacing--70);font-size:24px" target="_blank" rel="noreferrer noopener"><strong>Disposiciones y Normatividad</strong></a></div>
</div>
</div>



<div class="wp-block-column is-vertically-aligned-top is-layout-flow wp-block-column-is-layout-flow">
<div class="wp-block-buttons is-content-justification-center is-layout-flex wp-container-core-buttons-is-layout-a89b3969 wp-block-buttons-is-layout-flex">
<div class="wp-block-button has-custom-width wp-block-button__width-100 is-style-fill"><a class="wp-block-button__link has-text-color has-background has-custom-font-size wp-element-button" href="https://www.ssaver.gob.mx/administraciondepersonal/comision-central-mixta-de-escalafon/" style="border-style:none;border-width:0px;border-radius:26px;color:#7a1737;background-color:#eae7e2;padding-top:var(--wp--preset--spacing--70);padding-bottom:var(--wp--preset--spacing--70);font-size:24px" target="_blank" rel="noreferrer noopener"><strong>Comisión Auxiliar Mixta de Escalafón</strong></a></div>
</div>
</div>



<div class="wp-block-column is-vertically-aligned-top is-layout-flow wp-block-column-is-layout-flow">
<div class="wp-block-buttons is-content-justification-center is-layout-flex wp-container-core-buttons-is-layout-a89b3969 wp-block-buttons-is-layout-flex">
<div class="wp-block-button has-custom-width wp-block-button__width-100"><a class="wp-block-button__link has-text-color has-background has-custom-font-size wp-element-button" href="https://www.ssaver.gob.mx/administraciondepersonal/declaracion-de-situacion-patrimonial/" style="border-style:none;border-width:0px;border-radius:26px;color:#7a1737;background-color:#eae7e2;padding-top:var(--wp--preset--spacing--70);padding-bottom:var(--wp--preset--spacing--70);font-size:24px" target="_blank" rel="noreferrer noopener"><strong>Declaración de Situación Patrimonial</strong></a></div>
</div>
</div>
</div>



<div style="height:17px" aria-hidden="true" class="wp-block-spacer"></div>



<div class="wp-block-columns is-layout-flex wp-container-core-columns-is-layout-28f84493 wp-block-columns-is-layout-flex">
<div class="wp-block-column has-background is-layout-flow wp-block-column-is-layout-flow" style="background-color:#690909">
<figure class="wp-block-image size-full" style="margin-top:0;margin-bottom:0"><a href="https://sirerh.ssaver.gob.mx/" target="_blank" rel=" noreferrer noopener"><img loading="lazy" decoding="async" width="1600" height="200" src="https://www.ssaver.gob.mx/administraciondepersonal/wp-content/uploads/sites/15/2025/03/Seleccion_personal.png" alt="" class="wp-image-4348" srcset="https://www.ssaver.gob.mx/administraciondepersonal/wp-content/uploads/sites/15/2025/03/Seleccion_personal.png 1600w, https://www.ssaver.gob.mx/administraciondepersonal/wp-content/uploads/sites/15/2025/03/Seleccion_personal-300x38.png 300w, https://www.ssaver.gob.mx/administraciondepersonal/wp-content/uploads/sites/15/2025/03/Seleccion_personal-1024x128.png 1024w, https://www.ssaver.gob.mx/administraciondepersonal/wp-content/uploads/sites/15/2025/03/Seleccion_personal-768x96.png 768w, https://www.ssaver.gob.mx/administraciondepersonal/wp-content/uploads/sites/15/2025/03/Seleccion_personal-1536x192.png 1536w" sizes="auto, (max-width: 1600px) 100vw, 1600px" /></a></figure>
</div>
</div>

<p>Realiza los procedimientos administrativos previos a la contratación del recurso humano, durante su relación laboral y a la conclusión de</p>
