{"id":10030,"date":"2024-10-23T20:52:28","date_gmt":"2024-10-24T01:52:28","guid":{"rendered":"https:\/\/www.ssaver.gob.mx\/adquisiciones\/?page_id=10030"},"modified":"2026-03-31T11:58:43","modified_gmt":"2026-03-31T17:58:43","slug":"licitaciones-simplificadas-2024-041-060","status":"publish","type":"page","link":"https:\/\/www.ssaver.gob.mx\/adquisiciones\/licitaciones-2024\/licitaciones-simplificadas-2024\/licitaciones-simplificadas-2024-041-060\/","title":{"rendered":"Licitaciones Simplificadas 2024 041-060"},"content":{"rendered":"\n<div class=\"wp-block-group is-layout-constrained wp-container-core-group-is-layout-9517baca wp-block-group-is-layout-constrained\">\n<hr class=\"wp-block-separator has-text-color has-alpha-channel-opacity has-background is-style-wide\" style=\"background-color:#d8bf31;color:#d8bf31\" \/>\n\n\n\n<div class=\"wp-block-columns is-layout-flex wp-container-core-columns-is-layout-28f84493 wp-block-columns-is-layout-flex\">\n<div class=\"wp-block-column has-background is-layout-flow wp-block-column-is-layout-flow\" style=\"background-color:#fff4e0\">\n<ul class=\"wp-block-list has-medium-font-size\">\n<li><a href=\"https:\/\/www.ssaver.gob.mx\/adquisiciones\/licitaciones-2024\/licitaciones-simplificadas-2024\/licitaciones-simplificadas-2024-041-060\/licitacion-simplificada-ls-103t00000-046-2024\/\" target=\"_blank\" rel=\"noreferrer noopener\">Licitaci\u00f3n Simplificada LS-103T00000-046-2024<\/a><br>Equipo&nbsp; de&nbsp; Administraci\u00f3n,&nbsp; Medico&nbsp; y&nbsp; de&nbsp; Laboratorio, as\u00ed&nbsp; como&nbsp; Mantenimiento,&nbsp; Conservaci\u00f3n&nbsp; de&nbsp; Equipo&nbsp; y Maquinaria&nbsp; para&nbsp; el&nbsp; Laboratorio&nbsp; Estatal&nbsp;de Salud P\u00fablica&nbsp; de&nbsp; SESVER.<\/li>\n<\/ul>\n\n\n\n<ul class=\"wp-block-list has-medium-font-size\">\n<li><a href=\"https:\/\/www.ssaver.gob.mx\/adquisiciones\/licitaciones-2024\/licitaciones-simplificadas-2024\/licitaciones-simplificadas-2024-041-060\/licitacion-simplificada-ls-103t00000-045-2024\/\" target=\"_blank\" rel=\"noreferrer noopener\">Licitaci\u00f3n Simplificada LS-103T00000-045-2024<\/a><br>Relativa&nbsp; a la \u00abAdquisici\u00f3n&nbsp; de&nbsp; Mobiliario,&nbsp; Equipo&nbsp; e&nbsp; Instrumental para&nbsp; los&nbsp; Consultorios&nbsp; de&nbsp; Estomatolog\u00eda&nbsp; en&nbsp; las Unidades&nbsp; Hospitalarias\u00bb.<\/li>\n<\/ul>\n\n\n\n<ul class=\"wp-block-list has-medium-font-size\">\n<li><a href=\"https:\/\/www.ssaver.gob.mx\/adquisiciones\/licitaciones-2024\/licitaciones-simplificadas-2024\/licitaciones-simplificadas-2024-041-060\/licitacion-simplificada-ls-103t00000-044-2024\/\">Licitaci\u00f3n Simplificada LS-103T00000-044-2024<\/a><br>Relativa a la Adquisici\u00f3n&nbsp; de \u00abMedicamento&nbsp; y Material&nbsp; de&nbsp; Curaci\u00f3n&nbsp; para las&nbsp; Unidades&nbsp; de&nbsp; Primero&nbsp; y Segundo&nbsp; Nivel&nbsp; de&nbsp; SESVER, Correspondiente&nbsp; a&nbsp; los&nbsp; Renglones&nbsp; Desiertos&nbsp; de&nbsp; La&nbsp; Licitaci\u00f3n P\u00fablica&nbsp; Nacional &nbsp;No.&nbsp; LPN-103T00000-023-2024\u00bb.<\/li>\n<\/ul>\n\n\n\n<ul class=\"wp-block-list has-medium-font-size\">\n<li><a href=\"https:\/\/www.ssaver.gob.mx\/adquisiciones\/licitaciones-2024\/licitaciones-simplificadas-2024\/licitaciones-simplificadas-2024-041-060\/licitacion-simplificada-ls-103t00000-043-2024\/\" target=\"_blank\" rel=\"noreferrer noopener\">Licitaci\u00f3n Simplificada LS-103T00000-043-2024<\/a><br>Relativa&nbsp; a&nbsp; la Adquisici\u00f3n&nbsp; de&nbsp; Insecticidas&nbsp; para la Direcci\u00f3n&nbsp; de Salud&nbsp; P\u00fablica&nbsp; e&nbsp; Insumos&nbsp; para la Direcci\u00f3n&nbsp; de&nbsp; Protecci\u00f3n&nbsp; Contra&nbsp; Riesgos Sanitarios.<\/li>\n<\/ul>\n\n\n\n<ul class=\"wp-block-list has-medium-font-size\">\n<li><a href=\"https:\/\/www.ssaver.gob.mx\/adquisiciones\/licitaciones-2024\/licitaciones-simplificadas-2024\/licitaciones-simplificadas-2024-041-060\/licitacion-simplificada-ls-103t00000-042-2024\/\" target=\"_blank\" rel=\"noreferrer noopener\">Licitaci\u00f3n Simplificada LS-103T00000-042-2024<\/a><br>Relativa&nbsp; a&nbsp; la Adquisici\u00f3n,&nbsp; Instalaci\u00f3n,&nbsp; Puesta en&nbsp; Marcha&nbsp; y&nbsp; Capacitaci\u00f3n&nbsp; de&nbsp; una&nbsp; Planta Auxiliar&nbsp; de&nbsp; Energ\u00eda&nbsp; para&nbsp; el&nbsp; Almac\u00e9n&nbsp; Cadena&nbsp; de Frio&nbsp; Jurisdiccional&nbsp; Veracruz&nbsp; perteneciente&nbsp; a Servicios&nbsp; de&nbsp; Salud&nbsp; de&nbsp; Veracruz.<\/li>\n<\/ul>\n\n\n\n<ul class=\"wp-block-list has-medium-font-size\">\n<li><a href=\"https:\/\/www.ssaver.gob.mx\/adquisiciones\/licitaciones-2024\/licitaciones-simplificadas-2024\/licitaciones-simplificadas-2024-041-060\/licitacion-simplificada-ls-103t00000-041-2024\/\" target=\"_blank\" rel=\"noreferrer noopener\">Licitaci\u00f3n Simplificada LS-103T00000-041-2024<\/a><br>Relativa&nbsp; a&nbsp; la \u00abAdquisici\u00f3n&nbsp; de&nbsp; Productos&nbsp; Qu\u00edmicos,&nbsp; Materiales, Accesorios&nbsp; y Suministros&nbsp; de&nbsp; Laboratorio\u00bb<\/li>\n<\/ul>\n<\/div>\n<\/div>\n\n\n\n<p><\/p>\n<\/div>\n","protected":false},"excerpt":{"rendered":"","protected":false},"author":6,"featured_media":0,"parent":7820,"menu_order":3,"comment_status":"closed","ping_status":"closed","template":"","meta":{"colormag_page_container_layout":"default_layout","colormag_page_sidebar_layout":"default_layout","footnotes":""},"class_list":["post-10030","page","type-page","status-publish","hentry"],"_links":{"self":[{"href":"https:\/\/www.ssaver.gob.mx\/adquisiciones\/wp-json\/wp\/v2\/pages\/10030","targetHints":{"allow":["GET"]}}],"collection":[{"href":"https:\/\/www.ssaver.gob.mx\/adquisiciones\/wp-json\/wp\/v2\/pages"}],"about":[{"href":"https:\/\/www.ssaver.gob.mx\/adquisiciones\/wp-json\/wp\/v2\/types\/page"}],"author":[{"embeddable":true,"href":"https:\/\/www.ssaver.gob.mx\/adquisiciones\/wp-json\/wp\/v2\/users\/6"}],"replies":[{"embeddable":true,"href":"https:\/\/www.ssaver.gob.mx\/adquisiciones\/wp-json\/wp\/v2\/comments?post=10030"}],"version-history":[{"count":8,"href":"https:\/\/www.ssaver.gob.mx\/adquisiciones\/wp-json\/wp\/v2\/pages\/10030\/revisions"}],"predecessor-version":[{"id":12076,"href":"https:\/\/www.ssaver.gob.mx\/adquisiciones\/wp-json\/wp\/v2\/pages\/10030\/revisions\/12076"}],"up":[{"embeddable":true,"href":"https:\/\/www.ssaver.gob.mx\/adquisiciones\/wp-json\/wp\/v2\/pages\/7820"}],"wp:attachment":[{"href":"https:\/\/www.ssaver.gob.mx\/adquisiciones\/wp-json\/wp\/v2\/media?parent=10030"}],"curies":[{"name":"wp","href":"https:\/\/api.w.org\/{rel}","templated":true}]}}