{"id":10528,"date":"2025-04-11T11:31:56","date_gmt":"2025-04-11T16:31:56","guid":{"rendered":"https:\/\/www.ssaver.gob.mx\/adquisiciones\/?page_id=10528"},"modified":"2026-03-31T12:05:42","modified_gmt":"2026-03-31T18:05:42","slug":"adjudicaciones-estatales-directas-por-excepcion-de-ley-021-040-de-2025","status":"publish","type":"page","link":"https:\/\/www.ssaver.gob.mx\/adquisiciones\/licitaciones-2025\/adjudicaciones-estatales-directas-por-excepcion-de-ley-2025\/adjudicaciones-estatales-directas-por-excepcion-de-ley-021-040-de-2025\/","title":{"rendered":"Adjudicaciones Estatales Directas por Excepci\u00f3n de Ley 021-040 de 2025"},"content":{"rendered":"\n<div class=\"wp-block-group is-layout-constrained wp-container-core-group-is-layout-9517baca wp-block-group-is-layout-constrained\">\n<hr class=\"wp-block-separator has-text-color has-alpha-channel-opacity has-background is-style-wide\" style=\"background-color:#d8bf31;color:#d8bf31\" \/>\n\n\n\n<div class=\"wp-block-columns is-layout-flex wp-container-core-columns-is-layout-28f84493 wp-block-columns-is-layout-flex\">\n<div class=\"wp-block-column has-background is-layout-flow wp-block-column-is-layout-flow\" style=\"background-color:#fff4e0;flex-basis:100%\">\n<p class=\"has-text-color has-background has-medium-font-size\" style=\"color:#5b4c0d;background-color:#fff4e0\"><strong><strong><strong>Contratos Adjudicados de acuerdo a la modalida<\/strong><\/strong>d<\/strong><\/p>\n\n\n\n<ul class=\"wp-block-list has-medium-font-size\">\n<li><strong><a href=\"https:\/\/www.ssaver.gob.mx\/adquisiciones\/wp-content\/uploads\/sites\/5\/2025\/08\/C-040-2025-JURIDICO-VP_compressed.pdf\" target=\"_blank\" rel=\"noreferrer noopener\">2025-SESVER_DA_C-040-2025<\/a><\/strong><br>Servicio&nbsp; de Arrendamiento de&nbsp; Equipo para las \u00e1reas de Imagenolog\u00eda&nbsp; para&nbsp; las Unidades&nbsp; Hospitalarias&nbsp; de SESVER,&nbsp; (Periodo 16&nbsp; de Abril&nbsp; -30&nbsp; de Junio&nbsp; 2025).<\/li>\n<\/ul>\n\n\n\n<ul class=\"wp-block-list has-medium-font-size\">\n<li><strong><a href=\"https:\/\/www.ssaver.gob.mx\/adquisiciones\/wp-content\/uploads\/sites\/5\/2025\/08\/C-039-2025-JURIDICO-VP_compressed.pdf\" target=\"_blank\" rel=\"noreferrer noopener\">2025-SESVER_DA_C-039-2025<\/a><\/strong><br>Servicio&nbsp; de Arrendamiento&nbsp; de&nbsp; Equipo&nbsp; para&nbsp; las \u00c1reas&nbsp; de Imagenolog\u00eda&nbsp; para&nbsp; las&nbsp; Unidades&nbsp; Hospitalarias&nbsp; de SESVER,&nbsp; (Periodo 16&nbsp; de Abril&nbsp; -30&nbsp; de Junio&nbsp; 2025).<\/li>\n<\/ul>\n\n\n\n<ul class=\"wp-block-list has-medium-font-size\">\n<li><strong><a href=\"https:\/\/www.ssaver.gob.mx\/adquisiciones\/wp-content\/uploads\/sites\/5\/2025\/08\/C-038-2025-JURIDICO-VP_compressed.pdf\" target=\"_blank\" rel=\"noreferrer noopener\">2025-SESVER_DA_C-038-2025<\/a><\/strong><br>Contrataci\u00f3n&nbsp; Abierta&nbsp; del&nbsp; Servicio&nbsp; de&nbsp; Hemodi\u00e1lisis&nbsp; y&nbsp; Terapia&nbsp; de&nbsp; Reemplazo&nbsp; Renal Continuo&nbsp; para&nbsp; Diversas&nbsp; Unidades&nbsp; Hospitalarias&nbsp; Pertenecientes&nbsp; a&nbsp; Servicios&nbsp; de&nbsp; Salud&nbsp; de Veracruz.<\/li>\n<\/ul>\n\n\n\n<ul class=\"wp-block-list has-medium-font-size\">\n<li><strong><a href=\"https:\/\/www.ssaver.gob.mx\/adquisiciones\/wp-content\/uploads\/sites\/5\/2025\/08\/C-037-2025-JURIDICO-VP_compressed.pdf\" target=\"_blank\" rel=\"noreferrer noopener\">2025-SESVER_DA_C-037-2025<\/a><\/strong><br>Contrataci\u00f3n&nbsp; abierta&nbsp; del&nbsp; Servicio&nbsp; Subrogado&nbsp; de&nbsp; Combustible,&nbsp; a trav\u00e9s&nbsp; de Monederos Electr\u00f3nicos<\/li>\n<\/ul>\n\n\n\n<ul class=\"wp-block-list has-medium-font-size\">\n<li><strong><a href=\"https:\/\/www.ssaver.gob.mx\/adquisiciones\/wp-content\/uploads\/sites\/5\/2025\/08\/C-036-2025-JURIDICO-VP_compressed.pdf\" target=\"_blank\" rel=\"noreferrer noopener\">2025-SESVER_DA_C-036-2025<\/a><\/strong><br>Contrataci\u00f3n&nbsp; abierta&nbsp; del&nbsp; Servicio&nbsp; Subrogado&nbsp; de&nbsp; Combustible,&nbsp; a trav\u00e9s&nbsp; de TAGS.<\/li>\n<\/ul>\n\n\n\n<ul class=\"wp-block-list has-medium-font-size\">\n<li><strong><a href=\"https:\/\/www.ssaver.gob.mx\/adquisiciones\/wp-content\/uploads\/sites\/5\/2026\/02\/C-035-2025-JURIDICO-VP_compressed.pdf\" target=\"_blank\" rel=\"noreferrer noopener\">2025-SESVER_DA_C-035-2025<\/a><\/strong><br>Medicamento y Material de Curaci\u00f3n.<\/li>\n<\/ul>\n\n\n\n<ul class=\"wp-block-list has-medium-font-size\">\n<li><strong><a href=\"https:\/\/www.ssaver.gob.mx\/adquisiciones\/wp-content\/uploads\/sites\/5\/2026\/02\/C-034-2025-JURIDICO-VP_compressed.pdf\" target=\"_blank\" rel=\"noreferrer noopener\">2025-SESVER_DA_C-034-2025<\/a><\/strong><br>Medicamento.<\/li>\n<\/ul>\n\n\n\n<ul class=\"wp-block-list has-medium-font-size\">\n<li><strong><a href=\"https:\/\/www.ssaver.gob.mx\/adquisiciones\/wp-content\/uploads\/sites\/5\/2026\/02\/C-033-2025-JURIDICO-VP_compressed.pdf\" target=\"_blank\" rel=\"noreferrer noopener\">2025-SESVER_DA_C-033-2025<\/a><\/strong><br>Medicamento.<\/li>\n<\/ul>\n\n\n\n<ul class=\"wp-block-list has-medium-font-size\">\n<li><strong><a href=\"https:\/\/www.ssaver.gob.mx\/adquisiciones\/wp-content\/uploads\/sites\/5\/2025\/08\/C-032-2025-JURIDICO-VP_compressed.pdf\" target=\"_blank\" rel=\"noreferrer noopener\">2025-SESVER_DA_C-032-2025<\/a><\/strong><br>Servicio&nbsp; de&nbsp; Fletes y Maniobras de carga y descarga.<\/li>\n<\/ul>\n\n\n\n<ul class=\"wp-block-list has-medium-font-size\">\n<li><strong><a href=\"https:\/\/www.ssaver.gob.mx\/adquisiciones\/wp-content\/uploads\/sites\/5\/2025\/11\/C-031-2025-AFECTADO-C.pdf\" target=\"_blank\" rel=\"noreferrer noopener\">2025-SESVER_DA_C-031-2025<\/a><\/strong><br>Servicios&nbsp; Especializados&nbsp; para el Procesamiento&nbsp; de 11.000 Pruebas&nbsp; de&nbsp; Tamiz&nbsp; Metab\u00f3lico&nbsp; Neonatal&nbsp; (Clave&nbsp; C810800067)&nbsp; por&nbsp; el&nbsp; Periodo Enero\u00b7Marzo&nbsp; 2025,&nbsp; para el Programa de Salud Perinatal.<\/li>\n<\/ul>\n\n\n\n<ul class=\"wp-block-list has-medium-font-size\">\n<li><strong><a href=\"https:\/\/www.ssaver.gob.mx\/adquisiciones\/wp-content\/uploads\/sites\/5\/2025\/08\/C-030-2025-JURIDICO-VP_compressed.pdf\" target=\"_blank\" rel=\"noreferrer noopener\">2025-SESVER_DA_C-030-2025<\/a><\/strong><br>Adquisici\u00f3n&nbsp; de&nbsp; Reactivos&nbsp; con&nbsp; Equipo&nbsp; en&nbsp; Comodato&nbsp; para la&nbsp; Realizaci\u00f3n&nbsp; de&nbsp; Pruebas&nbsp; para&nbsp; la&nbsp; Vigilancia&nbsp; Epidemiol\u00f3gica&nbsp; para&nbsp; el&nbsp; proceso anal\u00edtico&nbsp; correspondiente&nbsp; a&nbsp; los&nbsp; Programas&nbsp; Estatales&nbsp; de&nbsp; Control&nbsp; de Vectores,&nbsp; VIH SIDA&nbsp; e&nbsp; ITS, Tuberculosis,&nbsp; Chagas,&nbsp; Rubeola,&nbsp; Sarampi\u00f3n&nbsp; y&nbsp; Rotavirus.<\/li>\n<\/ul>\n\n\n\n<ul class=\"wp-block-list has-medium-font-size\">\n<li><strong><a href=\"https:\/\/www.ssaver.gob.mx\/adquisiciones\/wp-content\/uploads\/sites\/5\/2025\/08\/C-029-2025-JURIDICO-VP_compressed.pdf\" target=\"_blank\" rel=\"noreferrer noopener\">2025-SESVER_DA_C-029-2025<\/a><\/strong><br>Servicio&nbsp; de&nbsp; Arrendamiento&nbsp; de&nbsp; Equipo&nbsp; de Imagenolog\u00eda &nbsp;&nbsp;para&nbsp; Diversas&nbsp; Unidades&nbsp; Hospitalarias&nbsp; pertenecientes&nbsp; a Servicios&nbsp; de&nbsp; Salud&nbsp; de&nbsp; Veracruz.<\/li>\n<\/ul>\n\n\n\n<ul class=\"wp-block-list has-medium-font-size\">\n<li><strong><a href=\"https:\/\/www.ssaver.gob.mx\/adquisiciones\/wp-content\/uploads\/sites\/5\/2025\/08\/C-028-2025-JURIDICO-VP_compressed.pdf\" target=\"_blank\" rel=\"noreferrer noopener\">2025-SESVER_DA_C-028-2025<\/a><\/strong><br>Servicio&nbsp; de Arrendamiento&nbsp; de&nbsp; Equipo&nbsp; para&nbsp; las \u00c1reas&nbsp; de&nbsp; Imagenolog\u00eda&nbsp; para&nbsp; las&nbsp; Unidades&nbsp; Hospitalarias&nbsp; de SESVER.<\/li>\n<\/ul>\n\n\n\n<ul class=\"wp-block-list has-medium-font-size\">\n<li><strong><a href=\"https:\/\/www.ssaver.gob.mx\/adquisiciones\/wp-content\/uploads\/sites\/5\/2025\/08\/C-027-2025-JURIDICO-VP_compressed.pdf\" target=\"_blank\" rel=\"noreferrer noopener\">2025-SESVER_DA_C-027-2025<\/a><\/strong><br>Servicio&nbsp; de&nbsp; Hemodi\u00e1lisis&nbsp; y&nbsp; Terapia&nbsp; de&nbsp; Reemplazo&nbsp; Renal Continuo&nbsp; para&nbsp; Diversas&nbsp; Unidades&nbsp; Hospitalarias&nbsp; Pertenecientes&nbsp; a&nbsp; Servicios&nbsp; de&nbsp; Salud&nbsp; de Veracruz.<\/li>\n<\/ul>\n\n\n\n<ul class=\"wp-block-list has-medium-font-size\">\n<li><strong><a href=\"https:\/\/www.ssaver.gob.mx\/adquisiciones\/wp-content\/uploads\/sites\/5\/2026\/02\/C-025-2025-JURIDICO-VP_compressed.pdf\" target=\"_blank\" rel=\"noreferrer noopener\">2025-SESVER_DA_C-025-2025<\/a><\/strong><br>Servicio de Hemodinamia para Diversas Unidades Hospitalarias Pertenecientes a Servicios de Salud de Veracruz.<\/li>\n<\/ul>\n<\/div>\n<\/div>\n\n\n\n<p><\/p>\n<\/div>\n","protected":false},"excerpt":{"rendered":"<p>Contratos Adjudicados de acuerdo a la modalidad<\/p>\n","protected":false},"author":6,"featured_media":0,"parent":10532,"menu_order":2,"comment_status":"closed","ping_status":"closed","template":"","meta":{"colormag_page_container_layout":"default_layout","colormag_page_sidebar_layout":"default_layout","footnotes":""},"class_list":["post-10528","page","type-page","status-publish","hentry"],"_links":{"self":[{"href":"https:\/\/www.ssaver.gob.mx\/adquisiciones\/wp-json\/wp\/v2\/pages\/10528","targetHints":{"allow":["GET"]}}],"collection":[{"href":"https:\/\/www.ssaver.gob.mx\/adquisiciones\/wp-json\/wp\/v2\/pages"}],"about":[{"href":"https:\/\/www.ssaver.gob.mx\/adquisiciones\/wp-json\/wp\/v2\/types\/page"}],"author":[{"embeddable":true,"href":"https:\/\/www.ssaver.gob.mx\/adquisiciones\/wp-json\/wp\/v2\/users\/6"}],"replies":[{"embeddable":true,"href":"https:\/\/www.ssaver.gob.mx\/adquisiciones\/wp-json\/wp\/v2\/comments?post=10528"}],"version-history":[{"count":18,"href":"https:\/\/www.ssaver.gob.mx\/adquisiciones\/wp-json\/wp\/v2\/pages\/10528\/revisions"}],"predecessor-version":[{"id":12093,"href":"https:\/\/www.ssaver.gob.mx\/adquisiciones\/wp-json\/wp\/v2\/pages\/10528\/revisions\/12093"}],"up":[{"embeddable":true,"href":"https:\/\/www.ssaver.gob.mx\/adquisiciones\/wp-json\/wp\/v2\/pages\/10532"}],"wp:attachment":[{"href":"https:\/\/www.ssaver.gob.mx\/adquisiciones\/wp-json\/wp\/v2\/media?parent=10528"}],"curies":[{"name":"wp","href":"https:\/\/api.w.org\/{rel}","templated":true}]}}

Adjudicaciones Estatales Directas por Excepción de Ley 021-040 de 2025

<div class="wp-block-group is-layout-constrained wp-container-core-group-is-layout-9517baca wp-block-group-is-layout-constrained">
<hr class="wp-block-separator has-text-color has-alpha-channel-opacity has-background is-style-wide" style="background-color:#d8bf31;color:#d8bf31" />



<div class="wp-block-columns is-layout-flex wp-container-core-columns-is-layout-28f84493 wp-block-columns-is-layout-flex">
<div class="wp-block-column has-background is-layout-flow wp-block-column-is-layout-flow" style="background-color:#fff4e0;flex-basis:100%">
<p class="has-text-color has-background has-medium-font-size" style="color:#5b4c0d;background-color:#fff4e0"><strong><strong><strong>Contratos Adjudicados de acuerdo a la modalida</strong></strong>d</strong></p>



<ul class="wp-block-list has-medium-font-size">
<li><strong><a href="https://www.ssaver.gob.mx/adquisiciones/wp-content/uploads/sites/5/2025/08/C-040-2025-JURIDICO-VP_compressed.pdf" target="_blank" rel="noreferrer noopener">2025-SESVER_DA_C-040-2025</a></strong><br>Servicio&nbsp; de Arrendamiento de&nbsp; Equipo para las áreas de Imagenología&nbsp; para&nbsp; las Unidades&nbsp; Hospitalarias&nbsp; de SESVER,&nbsp; (Periodo 16&nbsp; de Abril&nbsp; -30&nbsp; de Junio&nbsp; 2025).</li>
</ul>



<ul class="wp-block-list has-medium-font-size">
<li><strong><a href="https://www.ssaver.gob.mx/adquisiciones/wp-content/uploads/sites/5/2025/08/C-039-2025-JURIDICO-VP_compressed.pdf" target="_blank" rel="noreferrer noopener">2025-SESVER_DA_C-039-2025</a></strong><br>Servicio&nbsp; de Arrendamiento&nbsp; de&nbsp; Equipo&nbsp; para&nbsp; las Áreas&nbsp; de Imagenología&nbsp; para&nbsp; las&nbsp; Unidades&nbsp; Hospitalarias&nbsp; de SESVER,&nbsp; (Periodo 16&nbsp; de Abril&nbsp; -30&nbsp; de Junio&nbsp; 2025).</li>
</ul>



<ul class="wp-block-list has-medium-font-size">
<li><strong><a href="https://www.ssaver.gob.mx/adquisiciones/wp-content/uploads/sites/5/2025/08/C-038-2025-JURIDICO-VP_compressed.pdf" target="_blank" rel="noreferrer noopener">2025-SESVER_DA_C-038-2025</a></strong><br>Contratación&nbsp; Abierta&nbsp; del&nbsp; Servicio&nbsp; de&nbsp; Hemodiálisis&nbsp; y&nbsp; Terapia&nbsp; de&nbsp; Reemplazo&nbsp; Renal Continuo&nbsp; para&nbsp; Diversas&nbsp; Unidades&nbsp; Hospitalarias&nbsp; Pertenecientes&nbsp; a&nbsp; Servicios&nbsp; de&nbsp; Salud&nbsp; de Veracruz.</li>
</ul>



<ul class="wp-block-list has-medium-font-size">
<li><strong><a href="https://www.ssaver.gob.mx/adquisiciones/wp-content/uploads/sites/5/2025/08/C-037-2025-JURIDICO-VP_compressed.pdf" target="_blank" rel="noreferrer noopener">2025-SESVER_DA_C-037-2025</a></strong><br>Contratación&nbsp; abierta&nbsp; del&nbsp; Servicio&nbsp; Subrogado&nbsp; de&nbsp; Combustible,&nbsp; a través&nbsp; de Monederos Electrónicos</li>
</ul>



<ul class="wp-block-list has-medium-font-size">
<li><strong><a href="https://www.ssaver.gob.mx/adquisiciones/wp-content/uploads/sites/5/2025/08/C-036-2025-JURIDICO-VP_compressed.pdf" target="_blank" rel="noreferrer noopener">2025-SESVER_DA_C-036-2025</a></strong><br>Contratación&nbsp; abierta&nbsp; del&nbsp; Servicio&nbsp; Subrogado&nbsp; de&nbsp; Combustible,&nbsp; a través&nbsp; de TAGS.</li>
</ul>



<ul class="wp-block-list has-medium-font-size">
<li><strong><a href="https://www.ssaver.gob.mx/adquisiciones/wp-content/uploads/sites/5/2026/02/C-035-2025-JURIDICO-VP_compressed.pdf" target="_blank" rel="noreferrer noopener">2025-SESVER_DA_C-035-2025</a></strong><br>Medicamento y Material de Curación.</li>
</ul>



<ul class="wp-block-list has-medium-font-size">
<li><strong><a href="https://www.ssaver.gob.mx/adquisiciones/wp-content/uploads/sites/5/2026/02/C-034-2025-JURIDICO-VP_compressed.pdf" target="_blank" rel="noreferrer noopener">2025-SESVER_DA_C-034-2025</a></strong><br>Medicamento.</li>
</ul>



<ul class="wp-block-list has-medium-font-size">
<li><strong><a href="https://www.ssaver.gob.mx/adquisiciones/wp-content/uploads/sites/5/2026/02/C-033-2025-JURIDICO-VP_compressed.pdf" target="_blank" rel="noreferrer noopener">2025-SESVER_DA_C-033-2025</a></strong><br>Medicamento.</li>
</ul>



<ul class="wp-block-list has-medium-font-size">
<li><strong><a href="https://www.ssaver.gob.mx/adquisiciones/wp-content/uploads/sites/5/2025/08/C-032-2025-JURIDICO-VP_compressed.pdf" target="_blank" rel="noreferrer noopener">2025-SESVER_DA_C-032-2025</a></strong><br>Servicio&nbsp; de&nbsp; Fletes y Maniobras de carga y descarga.</li>
</ul>



<ul class="wp-block-list has-medium-font-size">
<li><strong><a href="https://www.ssaver.gob.mx/adquisiciones/wp-content/uploads/sites/5/2025/11/C-031-2025-AFECTADO-C.pdf" target="_blank" rel="noreferrer noopener">2025-SESVER_DA_C-031-2025</a></strong><br>Servicios&nbsp; Especializados&nbsp; para el Procesamiento&nbsp; de 11.000 Pruebas&nbsp; de&nbsp; Tamiz&nbsp; Metabólico&nbsp; Neonatal&nbsp; (Clave&nbsp; C810800067)&nbsp; por&nbsp; el&nbsp; Periodo Enero·Marzo&nbsp; 2025,&nbsp; para el Programa de Salud Perinatal.</li>
</ul>



<ul class="wp-block-list has-medium-font-size">
<li><strong><a href="https://www.ssaver.gob.mx/adquisiciones/wp-content/uploads/sites/5/2025/08/C-030-2025-JURIDICO-VP_compressed.pdf" target="_blank" rel="noreferrer noopener">2025-SESVER_DA_C-030-2025</a></strong><br>Adquisición&nbsp; de&nbsp; Reactivos&nbsp; con&nbsp; Equipo&nbsp; en&nbsp; Comodato&nbsp; para la&nbsp; Realización&nbsp; de&nbsp; Pruebas&nbsp; para&nbsp; la&nbsp; Vigilancia&nbsp; Epidemiológica&nbsp; para&nbsp; el&nbsp; proceso analítico&nbsp; correspondiente&nbsp; a&nbsp; los&nbsp; Programas&nbsp; Estatales&nbsp; de&nbsp; Control&nbsp; de Vectores,&nbsp; VIH SIDA&nbsp; e&nbsp; ITS, Tuberculosis,&nbsp; Chagas,&nbsp; Rubeola,&nbsp; Sarampión&nbsp; y&nbsp; Rotavirus.</li>
</ul>



<ul class="wp-block-list has-medium-font-size">
<li><strong><a href="https://www.ssaver.gob.mx/adquisiciones/wp-content/uploads/sites/5/2025/08/C-029-2025-JURIDICO-VP_compressed.pdf" target="_blank" rel="noreferrer noopener">2025-SESVER_DA_C-029-2025</a></strong><br>Servicio&nbsp; de&nbsp; Arrendamiento&nbsp; de&nbsp; Equipo&nbsp; de Imagenología &nbsp;&nbsp;para&nbsp; Diversas&nbsp; Unidades&nbsp; Hospitalarias&nbsp; pertenecientes&nbsp; a Servicios&nbsp; de&nbsp; Salud&nbsp; de&nbsp; Veracruz.</li>
</ul>



<ul class="wp-block-list has-medium-font-size">
<li><strong><a href="https://www.ssaver.gob.mx/adquisiciones/wp-content/uploads/sites/5/2025/08/C-028-2025-JURIDICO-VP_compressed.pdf" target="_blank" rel="noreferrer noopener">2025-SESVER_DA_C-028-2025</a></strong><br>Servicio&nbsp; de Arrendamiento&nbsp; de&nbsp; Equipo&nbsp; para&nbsp; las Áreas&nbsp; de&nbsp; Imagenología&nbsp; para&nbsp; las&nbsp; Unidades&nbsp; Hospitalarias&nbsp; de SESVER.</li>
</ul>



<ul class="wp-block-list has-medium-font-size">
<li><strong><a href="https://www.ssaver.gob.mx/adquisiciones/wp-content/uploads/sites/5/2025/08/C-027-2025-JURIDICO-VP_compressed.pdf" target="_blank" rel="noreferrer noopener">2025-SESVER_DA_C-027-2025</a></strong><br>Servicio&nbsp; de&nbsp; Hemodiálisis&nbsp; y&nbsp; Terapia&nbsp; de&nbsp; Reemplazo&nbsp; Renal Continuo&nbsp; para&nbsp; Diversas&nbsp; Unidades&nbsp; Hospitalarias&nbsp; Pertenecientes&nbsp; a&nbsp; Servicios&nbsp; de&nbsp; Salud&nbsp; de Veracruz.</li>
</ul>



<ul class="wp-block-list has-medium-font-size">
<li><strong><a href="https://www.ssaver.gob.mx/adquisiciones/wp-content/uploads/sites/5/2026/02/C-025-2025-JURIDICO-VP_compressed.pdf" target="_blank" rel="noreferrer noopener">2025-SESVER_DA_C-025-2025</a></strong><br>Servicio de Hemodinamia para Diversas Unidades Hospitalarias Pertenecientes a Servicios de Salud de Veracruz.</li>
</ul>
</div>
</div>



<p></p>
</div>
