{"id":10574,"date":"2025-04-22T14:10:17","date_gmt":"2025-04-22T19:10:17","guid":{"rendered":"https:\/\/www.ssaver.gob.mx\/adquisiciones\/?page_id=10574"},"modified":"2026-04-24T19:29:50","modified_gmt":"2026-04-25T01:29:50","slug":"articulo-15-de-la-ley-875-de-transparencia-y-acceso-a-la-informacion-publica-2025","status":"publish","type":"page","link":"https:\/\/www.ssaver.gob.mx\/adquisiciones\/licitaciones-2025\/articulo-15-de-la-ley-875-de-transparencia-y-acceso-a-la-informacion-publica-2025\/","title":{"rendered":"Art\u00edculo 15 de la Ley 875 de Transparencia y Acceso a la Informaci\u00f3n P\u00fablica 2025"},"content":{"rendered":"\n<div class=\"wp-block-group is-layout-constrained wp-container-core-group-is-layout-9517baca wp-block-group-is-layout-constrained\">\n<hr class=\"wp-block-separator has-text-color has-alpha-channel-opacity has-background is-style-wide\" style=\"background-color:#d8bf31;color:#d8bf31\" \/>\n\n\n\n<div class=\"wp-block-columns is-layout-flex wp-container-core-columns-is-layout-28f84493 wp-block-columns-is-layout-flex\">\n<div class=\"wp-block-column is-layout-flow wp-block-column-is-layout-flow\">\n<p class=\"has-text-align-center has-white-color has-text-color has-background\" style=\"background-color:#4a382c;font-size:26px\"><strong>Actas del Subcomit\u00e9 Ordinarias y Extraordinarias 2025<\/strong><\/p>\n\n\n\n<p class=\"has-text-color\" style=\"color:#5b4c0d;font-size:22px\"><strong>Ordinarias<\/strong><\/p>\n\n\n\n<hr class=\"wp-block-separator has-text-color has-alpha-channel-opacity has-background is-style-wide\" style=\"background-color:#d8bf31;color:#d8bf31\" \/>\n\n\n\n<div class=\"wp-block-columns is-layout-flex wp-container-core-columns-is-layout-28f84493 wp-block-columns-is-layout-flex\">\n<div class=\"wp-block-column has-background is-layout-flow wp-block-column-is-layout-flow\" style=\"background-color:#fff4e0\">\n<ul class=\"wp-block-list has-medium-font-size\">\n<li><a href=\"https:\/\/www.ssaver.gob.mx\/adquisiciones\/wp-content\/uploads\/sites\/5\/2026\/04\/12.-Decima-Segunda-Sesion-Ordinaria-2025_compressed.pdf\" target=\"_blank\" rel=\"noreferrer noopener\">Decima Segunda Sesi\u00f3n Ordinaria<\/a><\/li>\n\n\n\n<li><a href=\"https:\/\/www.ssaver.gob.mx\/adquisiciones\/wp-content\/uploads\/sites\/5\/2026\/01\/11.-Decima-Primera-Sesion-Ordinaria-2025_compressed.pdf\" target=\"_blank\" rel=\"noreferrer noopener\">Decima Primera Sesi\u00f3n Ordinaria<\/a><\/li>\n\n\n\n<li><a href=\"https:\/\/www.ssaver.gob.mx\/adquisiciones\/wp-content\/uploads\/sites\/5\/2026\/01\/10.-Decima-Sesion-Ordinaria-2025_compressed.pdf\" target=\"_blank\" rel=\"noreferrer noopener\">Decima Sesi\u00f3n Ordinaria<\/a><\/li>\n\n\n\n<li><a href=\"https:\/\/www.ssaver.gob.mx\/adquisiciones\/wp-content\/uploads\/sites\/5\/2026\/01\/9.-Novena-Sesion-Ordinaria-2025_compressed.pdf\" target=\"_blank\" rel=\"noreferrer noopener\">Novena Sesi\u00f3n Ordinaria<\/a><\/li>\n\n\n\n<li><a href=\"https:\/\/www.ssaver.gob.mx\/adquisiciones\/wp-content\/uploads\/sites\/5\/2026\/01\/8.-Octava-Sesion-Ordinaria-2025_compressed.pdf\" target=\"_blank\" rel=\"noreferrer noopener\">Octava Sesi\u00f3n Ordinaria<\/a><\/li>\n\n\n\n<li><a href=\"https:\/\/www.ssaver.gob.mx\/adquisiciones\/wp-content\/uploads\/sites\/5\/2026\/01\/7.-Septima-Sesion-Ordinaria-2025_compressed.pdf\" target=\"_blank\" rel=\"noreferrer noopener\">S\u00e9ptima Sesi\u00f3n Ordinaria<\/a><\/li>\n\n\n\n<li><a href=\"https:\/\/www.ssaver.gob.mx\/adquisiciones\/wp-content\/uploads\/sites\/5\/2025\/08\/6.-ACTA-ORD-2025_0001_compressed.pdf\" target=\"_blank\" rel=\"noreferrer noopener\">Sexta Sesi\u00f3n Ordinaria<\/a><\/li>\n\n\n\n<li><a href=\"https:\/\/www.ssaver.gob.mx\/adquisiciones\/wp-content\/uploads\/sites\/5\/2025\/07\/5.-ACTA-ORD-2025_0001_compressed.pdf\" target=\"_blank\" rel=\"noreferrer noopener\">Quinta Sesi\u00f3n Ordinaria<\/a><\/li>\n\n\n\n<li><a href=\"https:\/\/www.ssaver.gob.mx\/adquisiciones\/wp-content\/uploads\/sites\/5\/2025\/06\/4.-ACTA-ORD-2025_0001_compressed.pdf\" target=\"_blank\" rel=\"noreferrer noopener\">Cuarta Sesi\u00f3n Ordinaria<\/a><\/li>\n\n\n\n<li><a href=\"https:\/\/www.ssaver.gob.mx\/adquisiciones\/wp-content\/uploads\/sites\/5\/2025\/06\/3.-ACTA-ORD-2025_0001_compressed.pdf\" target=\"_blank\" rel=\"noreferrer noopener\">Tercera Sesi\u00f3n  Ordinaria<\/a><\/li>\n\n\n\n<li><a href=\"https:\/\/www.ssaver.gob.mx\/adquisiciones\/wp-content\/uploads\/sites\/5\/2025\/04\/2.-ACTA-ORD-2025_0001_compressed.pdf\" target=\"_blank\" rel=\"noreferrer noopener\">Segunda Sesi\u00f3n Ordinaria<\/a><\/li>\n\n\n\n<li><a href=\"https:\/\/www.ssaver.gob.mx\/adquisiciones\/wp-content\/uploads\/sites\/5\/2025\/04\/1.-ACTA-ORD-2025_0001_compressed.pdf\" target=\"_blank\" rel=\"noreferrer noopener\">Primera Sesi\u00f3n Ordinaria <\/a><\/li>\n<\/ul>\n<\/div>\n<\/div>\n\n\n\n<p class=\"has-text-color\" style=\"color:#5b4c0d;font-size:22px\"><strong>Extraordinarias<\/strong><\/p>\n\n\n\n<hr class=\"wp-block-separator has-text-color has-alpha-channel-opacity has-background is-style-wide\" style=\"background-color:#d8bf31;color:#d8bf31\" \/>\n\n\n\n<div class=\"wp-block-columns is-layout-flex wp-container-core-columns-is-layout-28f84493 wp-block-columns-is-layout-flex\">\n<div class=\"wp-block-column has-background is-layout-flow wp-block-column-is-layout-flow\" style=\"background-color:#fff4e0\">\n<ul class=\"wp-block-list has-medium-font-size\">\n<li><a href=\"https:\/\/www.ssaver.gob.mx\/adquisiciones\/wp-content\/uploads\/sites\/5\/2026\/04\/8.-Octava-Sesion-Extraordinaria-2025_compressed.pdf\" target=\"_blank\" rel=\"noreferrer noopener\">Octava Sesi\u00f3n Extraordinaria<\/a><\/li>\n\n\n\n<li><a href=\"https:\/\/www.ssaver.gob.mx\/adquisiciones\/wp-content\/uploads\/sites\/5\/2026\/01\/7.-Septima-Sesion-Extraordinaria-2025_compressed.pdf\" target=\"_blank\" rel=\"noreferrer noopener\">S\u00e9ptima Sesi\u00f3n Extraordinaria<\/a><\/li>\n\n\n\n<li><a href=\"https:\/\/www.ssaver.gob.mx\/adquisiciones\/wp-content\/uploads\/sites\/5\/2026\/01\/6.-Sexta-Sesion-Extraordinaria-2025_compressed.pdf\" target=\"_blank\" rel=\"noreferrer noopener\">Sexta de Sesi\u00f3n Extraordinaria<\/a><\/li>\n\n\n\n<li><a href=\"https:\/\/www.ssaver.gob.mx\/adquisiciones\/wp-content\/uploads\/sites\/5\/2025\/11\/5.-ACTA-EXT-ORD-2025-OK-FIRMAS_compressed.pdf\" target=\"_blank\" rel=\"noreferrer noopener\">Quinta Sesi\u00f3n Extraordinaria<\/a><\/li>\n\n\n\n<li><a href=\"https:\/\/www.ssaver.gob.mx\/adquisiciones\/wp-content\/uploads\/sites\/5\/2026\/01\/4.-Cuarta-Sesion-Extraordinaria-2025_compressed.pdf\" target=\"_blank\" rel=\"noreferrer noopener\">Cuarta Sesi\u00f3n Extraordinaria<\/a><\/li>\n\n\n\n<li><a href=\"https:\/\/www.ssaver.gob.mx\/adquisiciones\/wp-content\/uploads\/sites\/5\/2025\/11\/3.-ACTA-EXT-ORD-2025-OK-FIRMAS_compressed.pdf\" target=\"_blank\" rel=\"noreferrer noopener\">Tercera Sesi\u00f3n Extraordinaria<\/a><\/li>\n\n\n\n<li><a href=\"https:\/\/www.ssaver.gob.mx\/adquisiciones\/wp-content\/uploads\/sites\/5\/2025\/07\/2.-ACTA-EXT-ORD-2025_compressed.pdf\" target=\"_blank\" rel=\"noreferrer noopener\">Segunda Sesi\u00f3n Extraordinaria<\/a><\/li>\n\n\n\n<li><a href=\"https:\/\/www.ssaver.gob.mx\/adquisiciones\/wp-content\/uploads\/sites\/5\/2025\/11\/1.-ACTA-EXT-ORD-2025_0001-OK-FIRMAS_compressed.pdf\" target=\"_blank\" rel=\"noreferrer noopener\">Primera Sesi\u00f3n Extraordinaria<\/a><\/li>\n<\/ul>\n<\/div>\n<\/div>\n<\/div>\n<\/div>\n\n\n\n<p><\/p>\n<\/div>\n","protected":false},"excerpt":{"rendered":"<p>Actas del Subcomit\u00e9 Ordinarias y Extraordinarias 2025 Ordinarias Extraordinarias<\/p>\n","protected":false},"author":6,"featured_media":0,"parent":10441,"menu_order":7,"comment_status":"closed","ping_status":"closed","template":"","meta":{"colormag_page_container_layout":"default_layout","colormag_page_sidebar_layout":"default_layout","footnotes":""},"class_list":["post-10574","page","type-page","status-publish","hentry"],"_links":{"self":[{"href":"https:\/\/www.ssaver.gob.mx\/adquisiciones\/wp-json\/wp\/v2\/pages\/10574","targetHints":{"allow":["GET"]}}],"collection":[{"href":"https:\/\/www.ssaver.gob.mx\/adquisiciones\/wp-json\/wp\/v2\/pages"}],"about":[{"href":"https:\/\/www.ssaver.gob.mx\/adquisiciones\/wp-json\/wp\/v2\/types\/page"}],"author":[{"embeddable":true,"href":"https:\/\/www.ssaver.gob.mx\/adquisiciones\/wp-json\/wp\/v2\/users\/6"}],"replies":[{"embeddable":true,"href":"https:\/\/www.ssaver.gob.mx\/adquisiciones\/wp-json\/wp\/v2\/comments?post=10574"}],"version-history":[{"count":14,"href":"https:\/\/www.ssaver.gob.mx\/adquisiciones\/wp-json\/wp\/v2\/pages\/10574\/revisions"}],"predecessor-version":[{"id":12460,"href":"https:\/\/www.ssaver.gob.mx\/adquisiciones\/wp-json\/wp\/v2\/pages\/10574\/revisions\/12460"}],"up":[{"embeddable":true,"href":"https:\/\/www.ssaver.gob.mx\/adquisiciones\/wp-json\/wp\/v2\/pages\/10441"}],"wp:attachment":[{"href":"https:\/\/www.ssaver.gob.mx\/adquisiciones\/wp-json\/wp\/v2\/media?parent=10574"}],"curies":[{"name":"wp","href":"https:\/\/api.w.org\/{rel}","templated":true}]}}

Artículo 15 de la Ley 875 de Transparencia y Acceso a la Información Pública 2025

<div class="wp-block-group is-layout-constrained wp-container-core-group-is-layout-9517baca wp-block-group-is-layout-constrained">
<hr class="wp-block-separator has-text-color has-alpha-channel-opacity has-background is-style-wide" style="background-color:#d8bf31;color:#d8bf31" />



<div class="wp-block-columns is-layout-flex wp-container-core-columns-is-layout-28f84493 wp-block-columns-is-layout-flex">
<div class="wp-block-column is-layout-flow wp-block-column-is-layout-flow">
<p class="has-text-align-center has-white-color has-text-color has-background" style="background-color:#4a382c;font-size:26px"><strong>Actas del Subcomité Ordinarias y Extraordinarias 2025</strong></p>



<p class="has-text-color" style="color:#5b4c0d;font-size:22px"><strong>Ordinarias</strong></p>



<hr class="wp-block-separator has-text-color has-alpha-channel-opacity has-background is-style-wide" style="background-color:#d8bf31;color:#d8bf31" />



<div class="wp-block-columns is-layout-flex wp-container-core-columns-is-layout-28f84493 wp-block-columns-is-layout-flex">
<div class="wp-block-column has-background is-layout-flow wp-block-column-is-layout-flow" style="background-color:#fff4e0">
<ul class="wp-block-list has-medium-font-size">
<li><a href="https://www.ssaver.gob.mx/adquisiciones/wp-content/uploads/sites/5/2026/04/12.-Decima-Segunda-Sesion-Ordinaria-2025_compressed.pdf" target="_blank" rel="noreferrer noopener">Decima Segunda Sesión Ordinaria</a></li>



<li><a href="https://www.ssaver.gob.mx/adquisiciones/wp-content/uploads/sites/5/2026/01/11.-Decima-Primera-Sesion-Ordinaria-2025_compressed.pdf" target="_blank" rel="noreferrer noopener">Decima Primera Sesión Ordinaria</a></li>



<li><a href="https://www.ssaver.gob.mx/adquisiciones/wp-content/uploads/sites/5/2026/01/10.-Decima-Sesion-Ordinaria-2025_compressed.pdf" target="_blank" rel="noreferrer noopener">Decima Sesión Ordinaria</a></li>



<li><a href="https://www.ssaver.gob.mx/adquisiciones/wp-content/uploads/sites/5/2026/01/9.-Novena-Sesion-Ordinaria-2025_compressed.pdf" target="_blank" rel="noreferrer noopener">Novena Sesión Ordinaria</a></li>



<li><a href="https://www.ssaver.gob.mx/adquisiciones/wp-content/uploads/sites/5/2026/01/8.-Octava-Sesion-Ordinaria-2025_compressed.pdf" target="_blank" rel="noreferrer noopener">Octava Sesión Ordinaria</a></li>



<li><a href="https://www.ssaver.gob.mx/adquisiciones/wp-content/uploads/sites/5/2026/01/7.-Septima-Sesion-Ordinaria-2025_compressed.pdf" target="_blank" rel="noreferrer noopener">Séptima Sesión Ordinaria</a></li>



<li><a href="https://www.ssaver.gob.mx/adquisiciones/wp-content/uploads/sites/5/2025/08/6.-ACTA-ORD-2025_0001_compressed.pdf" target="_blank" rel="noreferrer noopener">Sexta Sesión Ordinaria</a></li>



<li><a href="https://www.ssaver.gob.mx/adquisiciones/wp-content/uploads/sites/5/2025/07/5.-ACTA-ORD-2025_0001_compressed.pdf" target="_blank" rel="noreferrer noopener">Quinta Sesión Ordinaria</a></li>



<li><a href="https://www.ssaver.gob.mx/adquisiciones/wp-content/uploads/sites/5/2025/06/4.-ACTA-ORD-2025_0001_compressed.pdf" target="_blank" rel="noreferrer noopener">Cuarta Sesión Ordinaria</a></li>



<li><a href="https://www.ssaver.gob.mx/adquisiciones/wp-content/uploads/sites/5/2025/06/3.-ACTA-ORD-2025_0001_compressed.pdf" target="_blank" rel="noreferrer noopener">Tercera Sesión  Ordinaria</a></li>



<li><a href="https://www.ssaver.gob.mx/adquisiciones/wp-content/uploads/sites/5/2025/04/2.-ACTA-ORD-2025_0001_compressed.pdf" target="_blank" rel="noreferrer noopener">Segunda Sesión Ordinaria</a></li>



<li><a href="https://www.ssaver.gob.mx/adquisiciones/wp-content/uploads/sites/5/2025/04/1.-ACTA-ORD-2025_0001_compressed.pdf" target="_blank" rel="noreferrer noopener">Primera Sesión Ordinaria </a></li>
</ul>
</div>
</div>



<p class="has-text-color" style="color:#5b4c0d;font-size:22px"><strong>Extraordinarias</strong></p>



<hr class="wp-block-separator has-text-color has-alpha-channel-opacity has-background is-style-wide" style="background-color:#d8bf31;color:#d8bf31" />



<div class="wp-block-columns is-layout-flex wp-container-core-columns-is-layout-28f84493 wp-block-columns-is-layout-flex">
<div class="wp-block-column has-background is-layout-flow wp-block-column-is-layout-flow" style="background-color:#fff4e0">
<ul class="wp-block-list has-medium-font-size">
<li><a href="https://www.ssaver.gob.mx/adquisiciones/wp-content/uploads/sites/5/2026/04/8.-Octava-Sesion-Extraordinaria-2025_compressed.pdf" target="_blank" rel="noreferrer noopener">Octava Sesión Extraordinaria</a></li>



<li><a href="https://www.ssaver.gob.mx/adquisiciones/wp-content/uploads/sites/5/2026/01/7.-Septima-Sesion-Extraordinaria-2025_compressed.pdf" target="_blank" rel="noreferrer noopener">Séptima Sesión Extraordinaria</a></li>



<li><a href="https://www.ssaver.gob.mx/adquisiciones/wp-content/uploads/sites/5/2026/01/6.-Sexta-Sesion-Extraordinaria-2025_compressed.pdf" target="_blank" rel="noreferrer noopener">Sexta de Sesión Extraordinaria</a></li>



<li><a href="https://www.ssaver.gob.mx/adquisiciones/wp-content/uploads/sites/5/2025/11/5.-ACTA-EXT-ORD-2025-OK-FIRMAS_compressed.pdf" target="_blank" rel="noreferrer noopener">Quinta Sesión Extraordinaria</a></li>



<li><a href="https://www.ssaver.gob.mx/adquisiciones/wp-content/uploads/sites/5/2026/01/4.-Cuarta-Sesion-Extraordinaria-2025_compressed.pdf" target="_blank" rel="noreferrer noopener">Cuarta Sesión Extraordinaria</a></li>



<li><a href="https://www.ssaver.gob.mx/adquisiciones/wp-content/uploads/sites/5/2025/11/3.-ACTA-EXT-ORD-2025-OK-FIRMAS_compressed.pdf" target="_blank" rel="noreferrer noopener">Tercera Sesión Extraordinaria</a></li>



<li><a href="https://www.ssaver.gob.mx/adquisiciones/wp-content/uploads/sites/5/2025/07/2.-ACTA-EXT-ORD-2025_compressed.pdf" target="_blank" rel="noreferrer noopener">Segunda Sesión Extraordinaria</a></li>



<li><a href="https://www.ssaver.gob.mx/adquisiciones/wp-content/uploads/sites/5/2025/11/1.-ACTA-EXT-ORD-2025_0001-OK-FIRMAS_compressed.pdf" target="_blank" rel="noreferrer noopener">Primera Sesión Extraordinaria</a></li>
</ul>
</div>
</div>
</div>
</div>



<p></p>
</div>

<p>Actas del Subcomité Ordinarias y Extraordinarias 2025 Ordinarias Extraordinarias</p>
