{"id":10863,"date":"2025-07-28T10:40:28","date_gmt":"2025-07-28T16:40:28","guid":{"rendered":"https:\/\/www.ssaver.gob.mx\/adquisiciones\/?page_id=10863"},"modified":"2026-03-31T12:11:38","modified_gmt":"2026-03-31T18:11:38","slug":"invitacion-a-cuando-menos-3-proveedores-ictp-103t00000-010-2025","status":"publish","type":"page","link":"https:\/\/www.ssaver.gob.mx\/adquisiciones\/licitaciones-2025\/por-invitacion-a-cuando-menos-3-proveedores-2025\/invitacion-a-cuando-menos-3-proveedores-ictp-103t00000-001-020-2025\/invitacion-a-cuando-menos-3-proveedores-ictp-103t00000-010-2025\/","title":{"rendered":"Invitaci\u00f3n a cuando menos 3 proveedores\u00a0ICTP\u00a0-103T00000-010-2025"},"content":{"rendered":"\n<div class=\"wp-block-group is-layout-constrained wp-container-core-group-is-layout-9517baca wp-block-group-is-layout-constrained\">\n<hr class=\"wp-block-separator aligncenter has-text-color has-alpha-channel-opacity has-background is-style-wide\" style=\"background-color:#d8bf31;color:#d8bf31\" \/>\n\n\n\n<ul style=\"background-color:#fff4e0\" class=\"wp-block-list has-background\">\n<li><strong>Relativa&nbsp; a&nbsp; la&nbsp; Contrataci\u00f3n&nbsp; Abierta&nbsp; del \u00abServicio&nbsp; Subrogado&nbsp; de&nbsp; Recolecci\u00f3n,&nbsp; Transporte&nbsp; Externo, Tratamiento&nbsp; y&nbsp; Disposici\u00f3n&nbsp; Final&nbsp; de&nbsp; los&nbsp; Residuos&nbsp; Corrosivo,&nbsp; Reactivo, Explosivos,&nbsp; T\u00f3xico,&nbsp; Inflamable,&nbsp; Biol\u00f3gico&nbsp; (CRETIB).&nbsp; L\u00edquidos&nbsp; Cansados de&nbsp; Rayos&nbsp; X. Soluciones&nbsp; Gastadas&nbsp; de&nbsp; Labora&nbsp; Torio,&nbsp; Placas Radiogr\u00e1ficas&nbsp; usadas,&nbsp; L\u00e1mparas&nbsp; Fluorescentes&nbsp; y&nbsp; de Vapor&nbsp; de Mercurio&nbsp; y&nbsp; Medicamentos&nbsp; Caducos&nbsp; Generados&nbsp; en&nbsp; las&nbsp; Unidades Aplicativas\u00bb<\/strong><\/li>\n<\/ul>\n\n\n\n<ul style=\"color:#5b4c0d;background-color:#fff4e0\" class=\"wp-block-list has-text-color has-background has-medium-font-size\">\n<li><a href=\"https:\/\/www.ssaver.gob.mx\/adquisiciones\/wp-content\/uploads\/sites\/5\/2025\/07\/Oficios-de-invitacion-ICTP-103T00000-010-2025_compressed.pdf\" target=\"_blank\" rel=\"noreferrer noopener\">Oficios de Invitaci\u00f3n<\/a><\/li>\n\n\n\n<li><a href=\"https:\/\/www.ssaver.gob.mx\/adquisiciones\/wp-content\/uploads\/sites\/5\/2025\/07\/BASES-Y-ANEXOS-ICTP-103T00000-010-2025_compressed.pdf\" target=\"_blank\" rel=\"noreferrer noopener\">Bases y Anexos<\/a><\/li>\n\n\n\n<li><a href=\"https:\/\/www.ssaver.gob.mx\/adquisiciones\/wp-content\/uploads\/sites\/5\/2025\/07\/Acta-de-apertura-de-proposicones-ICTP-103T00000-010-2025_compressed.pdf\" target=\"_blank\" rel=\"noreferrer noopener\">Acta de apertura de proposiciones<\/a><\/li>\n<\/ul>\n\n\n\n<p><\/p>\n<\/div>\n","protected":false},"excerpt":{"rendered":"","protected":false},"author":6,"featured_media":0,"parent":10633,"menu_order":10,"comment_status":"closed","ping_status":"closed","template":"","meta":{"colormag_page_container_layout":"default_layout","colormag_page_sidebar_layout":"default_layout","footnotes":""},"class_list":["post-10863","page","type-page","status-publish","hentry"],"_links":{"self":[{"href":"https:\/\/www.ssaver.gob.mx\/adquisiciones\/wp-json\/wp\/v2\/pages\/10863","targetHints":{"allow":["GET"]}}],"collection":[{"href":"https:\/\/www.ssaver.gob.mx\/adquisiciones\/wp-json\/wp\/v2\/pages"}],"about":[{"href":"https:\/\/www.ssaver.gob.mx\/adquisiciones\/wp-json\/wp\/v2\/types\/page"}],"author":[{"embeddable":true,"href":"https:\/\/www.ssaver.gob.mx\/adquisiciones\/wp-json\/wp\/v2\/users\/6"}],"replies":[{"embeddable":true,"href":"https:\/\/www.ssaver.gob.mx\/adquisiciones\/wp-json\/wp\/v2\/comments?post=10863"}],"version-history":[{"count":3,"href":"https:\/\/www.ssaver.gob.mx\/adquisiciones\/wp-json\/wp\/v2\/pages\/10863\/revisions"}],"predecessor-version":[{"id":12111,"href":"https:\/\/www.ssaver.gob.mx\/adquisiciones\/wp-json\/wp\/v2\/pages\/10863\/revisions\/12111"}],"up":[{"embeddable":true,"href":"https:\/\/www.ssaver.gob.mx\/adquisiciones\/wp-json\/wp\/v2\/pages\/10633"}],"wp:attachment":[{"href":"https:\/\/www.ssaver.gob.mx\/adquisiciones\/wp-json\/wp\/v2\/media?parent=10863"}],"curies":[{"name":"wp","href":"https:\/\/api.w.org\/{rel}","templated":true}]}}