{"id":12296,"date":"2026-04-01T14:42:28","date_gmt":"2026-04-01T20:42:28","guid":{"rendered":"https:\/\/www.ssaver.gob.mx\/adquisiciones\/?page_id=12296"},"modified":"2026-04-29T14:36:39","modified_gmt":"2026-04-29T20:36:39","slug":"adjudicaciones-estatales-directas-por-excepcion-de-ley-021-040-de-2026","status":"publish","type":"page","link":"https:\/\/www.ssaver.gob.mx\/adquisiciones\/licitaciones-2026\/adjudicaciones-estatales-directas-por-excepcion-de-ley-2026\/adjudicaciones-estatales-directas-por-excepcion-de-ley-021-040-de-2026\/","title":{"rendered":"Adjudicaciones Estatales Directas por Excepci\u00f3n de Ley 021-040 de 2026"},"content":{"rendered":"\n<div class=\"wp-block-group is-layout-constrained wp-container-core-group-is-layout-9517baca wp-block-group-is-layout-constrained\">\n<hr class=\"wp-block-separator has-text-color has-alpha-channel-opacity has-background is-style-wide\" style=\"background-color:#d8bf31;color:#d8bf31\" \/>\n\n\n\n<div class=\"wp-block-columns is-layout-flex wp-container-core-columns-is-layout-28f84493 wp-block-columns-is-layout-flex\">\n<div class=\"wp-block-column has-background is-layout-flow wp-block-column-is-layout-flow\" style=\"background-color:#fff4e0;flex-basis:100%\">\n<p class=\"has-text-color has-background has-medium-font-size\" style=\"color:#5b4c0d;background-color:#fff4e0\"><strong><strong><strong>Contratos Adjudicados de acuerdo a la modalida<\/strong><\/strong>d<\/strong><\/p>\n\n\n\n<ul class=\"wp-block-list has-medium-font-size\">\n<li><strong><a href=\"https:\/\/www.ssaver.gob.mx\/adquisiciones\/wp-content\/uploads\/sites\/5\/2026\/03\/C-023-2026-VP_compressed.pdf\" target=\"_blank\" rel=\"noreferrer noopener\">2026-SESVER_DA_C-023-2026<\/a><\/strong><br>Adquisici\u00f3n&nbsp; de&nbsp; Reactivos con&nbsp; Equipo&nbsp; en Comodato&nbsp; para la Realizaci\u00f3n&nbsp; de Pruebas&nbsp; para la Vigilancia&nbsp; Epidemiol\u00f3gica&nbsp; en el&nbsp; Proceso Analitico correspondiente&nbsp; a&nbsp; los&nbsp; Programas&nbsp; Estatales&nbsp; de&nbsp; Rub\u00e9ola,&nbsp; Sarampi\u00f3n.&nbsp; Influenza&nbsp; y Covid\u00b719.<\/li>\n<\/ul>\n\n\n\n<ul class=\"wp-block-list has-medium-font-size\">\n<li><strong><a href=\"https:\/\/www.ssaver.gob.mx\/adquisiciones\/wp-content\/uploads\/sites\/5\/2026\/03\/C-021-2026-VP_compressed.pdf\" target=\"_blank\" rel=\"noreferrer noopener\">2026-SESVER_DA_C-021-2026<\/a><\/strong><br>Arrendamiento de Equipo para las \u00c1reas de Imagenolog\u00eda para las Unidades Hospitalarias de SESVER.<\/li>\n<\/ul>\n\n\n\n<ul class=\"wp-block-list has-medium-font-size\">\n<li><\/li>\n<\/ul>\n<\/div>\n<\/div>\n\n\n\n<p><\/p>\n<\/div>\n\n\n\n<p><\/p>\n","protected":false},"excerpt":{"rendered":"<p>Contratos Adjudicados de acuerdo a la modalidad<\/p>\n","protected":false},"author":6,"featured_media":0,"parent":12294,"menu_order":2,"comment_status":"closed","ping_status":"closed","template":"","meta":{"colormag_page_container_layout":"default_layout","colormag_page_sidebar_layout":"default_layout","footnotes":""},"class_list":["post-12296","page","type-page","status-publish","hentry"],"_links":{"self":[{"href":"https:\/\/www.ssaver.gob.mx\/adquisiciones\/wp-json\/wp\/v2\/pages\/12296","targetHints":{"allow":["GET"]}}],"collection":[{"href":"https:\/\/www.ssaver.gob.mx\/adquisiciones\/wp-json\/wp\/v2\/pages"}],"about":[{"href":"https:\/\/www.ssaver.gob.mx\/adquisiciones\/wp-json\/wp\/v2\/types\/page"}],"author":[{"embeddable":true,"href":"https:\/\/www.ssaver.gob.mx\/adquisiciones\/wp-json\/wp\/v2\/users\/6"}],"replies":[{"embeddable":true,"href":"https:\/\/www.ssaver.gob.mx\/adquisiciones\/wp-json\/wp\/v2\/comments?post=12296"}],"version-history":[{"count":5,"href":"https:\/\/www.ssaver.gob.mx\/adquisiciones\/wp-json\/wp\/v2\/pages\/12296\/revisions"}],"predecessor-version":[{"id":12467,"href":"https:\/\/www.ssaver.gob.mx\/adquisiciones\/wp-json\/wp\/v2\/pages\/12296\/revisions\/12467"}],"up":[{"embeddable":true,"href":"https:\/\/www.ssaver.gob.mx\/adquisiciones\/wp-json\/wp\/v2\/pages\/12294"}],"wp:attachment":[{"href":"https:\/\/www.ssaver.gob.mx\/adquisiciones\/wp-json\/wp\/v2\/media?parent=12296"}],"curies":[{"name":"wp","href":"https:\/\/api.w.org\/{rel}","templated":true}]}}