{"id":12378,"date":"2026-04-10T12:59:47","date_gmt":"2026-04-10T18:59:47","guid":{"rendered":"https:\/\/www.ssaver.gob.mx\/adquisiciones\/?page_id=12378"},"modified":"2026-04-10T14:21:28","modified_gmt":"2026-04-10T20:21:28","slug":"articulo-50-de-la-ley-250-de-transparencia-y-acceso-a-la-informacion-publica-2026","status":"publish","type":"page","link":"https:\/\/www.ssaver.gob.mx\/adquisiciones\/licitaciones-2026\/articulo-50-de-la-ley-250-de-transparencia-y-acceso-a-la-informacion-publica-2026\/","title":{"rendered":"Art\u00edculo 50 de la Ley 250 de Transparencia y Acceso a la Informaci\u00f3n P\u00fablica 2026"},"content":{"rendered":"\n<div class=\"wp-block-group is-layout-constrained wp-container-core-group-is-layout-9517baca wp-block-group-is-layout-constrained\">\n<hr class=\"wp-block-separator has-text-color has-alpha-channel-opacity has-background is-style-wide\" style=\"background-color:#d8bf31;color:#d8bf31\" \/>\n\n\n\n<div class=\"wp-block-columns is-layout-flex wp-container-core-columns-is-layout-28f84493 wp-block-columns-is-layout-flex\">\n<div class=\"wp-block-column is-layout-flow wp-block-column-is-layout-flow\">\n<p class=\"has-text-align-center has-white-color has-text-color has-background\" style=\"background-color:#4a382c;font-size:26px\"><strong>Actas del Subcomit\u00e9 Ordinarias y Extraordinarias 2026<\/strong><\/p>\n\n\n\n<p class=\"has-text-color\" style=\"color:#5b4c0d;font-size:22px\"><strong>Ordinarias<\/strong><\/p>\n\n\n\n<hr class=\"wp-block-separator has-text-color has-alpha-channel-opacity has-background is-style-wide\" style=\"background-color:#d8bf31;color:#d8bf31\" \/>\n\n\n\n<div class=\"wp-block-columns is-layout-flex wp-container-core-columns-is-layout-28f84493 wp-block-columns-is-layout-flex\">\n<div class=\"wp-block-column has-background is-layout-flow wp-block-column-is-layout-flow\" style=\"background-color:#fff4e0\">\n<ul class=\"wp-block-list has-medium-font-size\">\n<li><a href=\"https:\/\/www.ssaver.gob.mx\/adquisiciones\/wp-content\/uploads\/sites\/5\/2026\/04\/01-ACTA-ORD.pdf\" target=\"_blank\" rel=\"noreferrer noopener\">Primera Sesi\u00f3n Ordinaria<\/a><\/li>\n<\/ul>\n<\/div>\n<\/div>\n\n\n\n<p class=\"has-text-color\" style=\"color:#5b4c0d;font-size:22px\"><strong>Extraordinarias<\/strong><\/p>\n\n\n\n<hr class=\"wp-block-separator has-text-color has-alpha-channel-opacity has-background is-style-wide\" style=\"background-color:#d8bf31;color:#d8bf31\" \/>\n\n\n\n<div class=\"wp-block-columns is-layout-flex wp-container-core-columns-is-layout-28f84493 wp-block-columns-is-layout-flex\">\n<div class=\"wp-block-column has-background is-layout-flow wp-block-column-is-layout-flow\" style=\"background-color:#fff4e0\">\n<ul class=\"wp-block-list has-medium-font-size\">\n<li><a href=\"https:\/\/www.ssaver.gob.mx\/adquisiciones\/wp-content\/uploads\/sites\/5\/2026\/04\/02-EXT-ORD-26_compressed.pdf\" target=\"_blank\" rel=\"noreferrer noopener\">Segunda Sesi\u00f3n Extraordinaria<\/a><\/li>\n\n\n\n<li><a href=\"https:\/\/www.ssaver.gob.mx\/adquisiciones\/wp-content\/uploads\/sites\/5\/2026\/03\/Primera-Sesion-Extraordinaria-del-Subcmite-Servicios-de-Slud-de-Veracruz-ok_compressed.pdf\" target=\"_blank\" rel=\"noreferrer noopener\">Primera Sesi\u00f3n Extraordinaria<\/a><\/li>\n<\/ul>\n<\/div>\n<\/div>\n<\/div>\n<\/div>\n\n\n\n<p><\/p>\n<\/div>\n\n\n\n<p><\/p>\n","protected":false},"excerpt":{"rendered":"<p>Actas del Subcomit\u00e9 Ordinarias y Extraordinarias 2026 Ordinarias Extraordinarias<\/p>\n","protected":false},"author":6,"featured_media":0,"parent":11575,"menu_order":7,"comment_status":"closed","ping_status":"closed","template":"","meta":{"colormag_page_container_layout":"default_layout","colormag_page_sidebar_layout":"default_layout","footnotes":""},"class_list":["post-12378","page","type-page","status-publish","hentry"],"_links":{"self":[{"href":"https:\/\/www.ssaver.gob.mx\/adquisiciones\/wp-json\/wp\/v2\/pages\/12378","targetHints":{"allow":["GET"]}}],"collection":[{"href":"https:\/\/www.ssaver.gob.mx\/adquisiciones\/wp-json\/wp\/v2\/pages"}],"about":[{"href":"https:\/\/www.ssaver.gob.mx\/adquisiciones\/wp-json\/wp\/v2\/types\/page"}],"author":[{"embeddable":true,"href":"https:\/\/www.ssaver.gob.mx\/adquisiciones\/wp-json\/wp\/v2\/users\/6"}],"replies":[{"embeddable":true,"href":"https:\/\/www.ssaver.gob.mx\/adquisiciones\/wp-json\/wp\/v2\/comments?post=12378"}],"version-history":[{"count":5,"href":"https:\/\/www.ssaver.gob.mx\/adquisiciones\/wp-json\/wp\/v2\/pages\/12378\/revisions"}],"predecessor-version":[{"id":12389,"href":"https:\/\/www.ssaver.gob.mx\/adquisiciones\/wp-json\/wp\/v2\/pages\/12378\/revisions\/12389"}],"up":[{"embeddable":true,"href":"https:\/\/www.ssaver.gob.mx\/adquisiciones\/wp-json\/wp\/v2\/pages\/11575"}],"wp:attachment":[{"href":"https:\/\/www.ssaver.gob.mx\/adquisiciones\/wp-json\/wp\/v2\/media?parent=12378"}],"curies":[{"name":"wp","href":"https:\/\/api.w.org\/{rel}","templated":true}]}}

Artículo 50 de la Ley 250 de Transparencia y Acceso a la Información Pública 2026

<div class="wp-block-group is-layout-constrained wp-container-core-group-is-layout-9517baca wp-block-group-is-layout-constrained">
<hr class="wp-block-separator has-text-color has-alpha-channel-opacity has-background is-style-wide" style="background-color:#d8bf31;color:#d8bf31" />



<div class="wp-block-columns is-layout-flex wp-container-core-columns-is-layout-28f84493 wp-block-columns-is-layout-flex">
<div class="wp-block-column is-layout-flow wp-block-column-is-layout-flow">
<p class="has-text-align-center has-white-color has-text-color has-background" style="background-color:#4a382c;font-size:26px"><strong>Actas del Subcomité Ordinarias y Extraordinarias 2026</strong></p>



<p class="has-text-color" style="color:#5b4c0d;font-size:22px"><strong>Ordinarias</strong></p>



<hr class="wp-block-separator has-text-color has-alpha-channel-opacity has-background is-style-wide" style="background-color:#d8bf31;color:#d8bf31" />



<div class="wp-block-columns is-layout-flex wp-container-core-columns-is-layout-28f84493 wp-block-columns-is-layout-flex">
<div class="wp-block-column has-background is-layout-flow wp-block-column-is-layout-flow" style="background-color:#fff4e0">
<ul class="wp-block-list has-medium-font-size">
<li><a href="https://www.ssaver.gob.mx/adquisiciones/wp-content/uploads/sites/5/2026/04/01-ACTA-ORD.pdf" target="_blank" rel="noreferrer noopener">Primera Sesión Ordinaria</a></li>
</ul>
</div>
</div>



<p class="has-text-color" style="color:#5b4c0d;font-size:22px"><strong>Extraordinarias</strong></p>



<hr class="wp-block-separator has-text-color has-alpha-channel-opacity has-background is-style-wide" style="background-color:#d8bf31;color:#d8bf31" />



<div class="wp-block-columns is-layout-flex wp-container-core-columns-is-layout-28f84493 wp-block-columns-is-layout-flex">
<div class="wp-block-column has-background is-layout-flow wp-block-column-is-layout-flow" style="background-color:#fff4e0">
<ul class="wp-block-list has-medium-font-size">
<li><a href="https://www.ssaver.gob.mx/adquisiciones/wp-content/uploads/sites/5/2026/04/02-EXT-ORD-26_compressed.pdf" target="_blank" rel="noreferrer noopener">Segunda Sesión Extraordinaria</a></li>



<li><a href="https://www.ssaver.gob.mx/adquisiciones/wp-content/uploads/sites/5/2026/03/Primera-Sesion-Extraordinaria-del-Subcmite-Servicios-de-Slud-de-Veracruz-ok_compressed.pdf" target="_blank" rel="noreferrer noopener">Primera Sesión Extraordinaria</a></li>
</ul>
</div>
</div>
</div>
</div>



<p></p>
</div>



<p></p>

<p>Actas del Subcomité Ordinarias y Extraordinarias 2026 Ordinarias Extraordinarias</p>
