{"id":1913,"date":"2022-09-22T10:21:57","date_gmt":"2022-09-22T15:21:57","guid":{"rendered":"https:\/\/www.ssaver.gob.mx\/adquisiciones\/?page_id=1913"},"modified":"2026-03-27T12:38:18","modified_gmt":"2026-03-27T18:38:18","slug":"licitacion-publica-nacional-lpn-103t00000-018-2022","status":"publish","type":"page","link":"https:\/\/www.ssaver.gob.mx\/adquisiciones\/licitaciones-2022\/licitaciones-publicas-nacionales-2022\/licitacion-publica-nacional-lpn-103t00000-018-2022\/","title":{"rendered":"Licitaci\u00f3n P\u00fablica Nacional LPN-103T00000-018-2022"},"content":{"rendered":"\n<div class=\"wp-block-group is-layout-constrained wp-container-core-group-is-layout-9517baca wp-block-group-is-layout-constrained\">\n<hr class=\"wp-block-separator has-text-color has-alpha-channel-opacity has-background is-style-wide\" style=\"background-color:#d8bf31;color:#d8bf31\" \/>\n\n\n\n<ul style=\"color:#5b4c0d;background-color:#fff4e0\" class=\"wp-block-list has-text-color has-background has-medium-font-size\">\n<li><strong>Relativa a la Adquisici\u00f3n de Bienes e Insumos Diversos para la Direcci\u00f3n de Salud P\u00fablica<\/strong>\n<ul class=\"wp-block-list\">\n<li><a href=\"https:\/\/www.ssaver.gob.mx\/adquisiciones\/wp-content\/uploads\/sites\/5\/2022\/09\/CONVOCATORIA-No.-18.pdf\" target=\"_blank\" rel=\"noreferrer noopener\">Convocatoria<\/a><\/li>\n\n\n\n<li><a href=\"https:\/\/www.ssaver.gob.mx\/adquisiciones\/wp-content\/uploads\/sites\/5\/2022\/09\/BASES-Y-ANEXOS-LPN-103T00000-018-2022_0001_compressed.pdf\" target=\"_blank\" rel=\"noreferrer noopener\">Bases y Anexos<\/a><\/li>\n\n\n\n<li><strong>Fichas t\u00e9cnicas : PARTIDAS : [<\/strong>\u00a0<a href=\"https:\/\/www.ssaver.gob.mx\/adquisiciones\/wp-content\/uploads\/sites\/5\/2022\/09\/PARTIDA-21701-LOTE-D_0001.pdf\">21701 LOTE D<\/a><strong>],<\/strong>\u00a0<strong>[<\/strong><a href=\"https:\/\/www.ssaver.gob.mx\/adquisiciones\/wp-content\/uploads\/sites\/5\/2022\/09\/PARTIDA-22301-LOTE-E_0001.pdf\">22301 LOTE E<\/a><strong>],<\/strong>\u00a0<strong>[<\/strong><a href=\"https:\/\/www.ssaver.gob.mx\/adquisiciones\/wp-content\/uploads\/sites\/5\/2022\/09\/PARTIDA-27101-LOTE-F_0001_compressed.pdf\">27101 LOTE F<\/a><strong>],<\/strong>\u00a0<strong>[<\/strong><a href=\"https:\/\/www.ssaver.gob.mx\/adquisiciones\/wp-content\/uploads\/sites\/5\/2022\/09\/PARTIDA-27201-LOTE-G_0001.pdf\">27201 LOTE G<\/a><strong>],<\/strong>\u00a0<strong>[<\/strong><a href=\"https:\/\/www.ssaver.gob.mx\/adquisiciones\/wp-content\/uploads\/sites\/5\/2022\/09\/PARTIDA-29401-LOTE-H_0001.pdf\">29401 LOTE H<\/a><strong>],<\/strong>\u00a0<strong>[<\/strong><a href=\"https:\/\/www.ssaver.gob.mx\/adquisiciones\/wp-content\/uploads\/sites\/5\/2022\/09\/PARTIDA-51101-LOTE-I_0001_compressed.pdf\">51101 LOTE I<\/a><strong>],<\/strong>\u00a0<strong>[<\/strong><a href=\"https:\/\/www.ssaver.gob.mx\/adquisiciones\/wp-content\/uploads\/sites\/5\/2022\/09\/PARTIDA-51501-LOTE-J_0001_compressed.pdf\">51501 LOTE J<\/a><strong>],<\/strong>\u00a0<strong>[<\/strong><a href=\"https:\/\/www.ssaver.gob.mx\/adquisiciones\/wp-content\/uploads\/sites\/5\/2022\/09\/PARTIDA-51901-LOTE-K_0001.pdf\">51901 LOTE K<\/a><strong>],<\/strong>\u00a0<strong>[<\/strong><a href=\"https:\/\/www.ssaver.gob.mx\/adquisiciones\/wp-content\/uploads\/sites\/5\/2022\/09\/PARTIDA-52101-LOTE-L_0001.pdf\">52101 LOTE L<\/a><strong>],<\/strong>\u00a0<strong>[<\/strong><a href=\"https:\/\/www.ssaver.gob.mx\/adquisiciones\/wp-content\/uploads\/sites\/5\/2022\/09\/PARTIDA-52301-LOTE-M_0001.pdf\">52301 LOTE M<\/a><strong>],<\/strong>\u00a0<strong>[<\/strong><a href=\"https:\/\/www.ssaver.gob.mx\/adquisiciones\/wp-content\/uploads\/sites\/5\/2022\/09\/PARTIDA-52901-LOTE-N_0001.pdf\">52901 LOTE N<\/a><strong>],<\/strong>\u00a0<strong>[<\/strong><a href=\"https:\/\/www.ssaver.gob.mx\/adquisiciones\/wp-content\/uploads\/sites\/5\/2022\/09\/PARTIDA-53101-LOTE-O_0001_compressed.pdf\">53101 LOTE O<\/a><strong>],<\/strong>\u00a0<strong>[<\/strong><a href=\"https:\/\/www.ssaver.gob.mx\/adquisiciones\/wp-content\/uploads\/sites\/5\/2022\/09\/PARTIDA-53201-LOTE-P_0001_compressed.pdf\">53201 LOTE P<\/a><strong>],<\/strong>\u00a0<strong>[<\/strong><a href=\"https:\/\/www.ssaver.gob.mx\/adquisiciones\/wp-content\/uploads\/sites\/5\/2022\/09\/PARTIDA-56101-LOTE-Q__0001.pdf\">56101 LOTE Q<\/a><strong>]<\/strong><\/li>\n\n\n\n<li><a href=\"https:\/\/www.ssaver.gob.mx\/adquisiciones\/wp-content\/uploads\/sites\/5\/2022\/09\/LOGOS-EDITABLES-PARTIDA-27101.pdf\">Logos Editables Partida 27101<\/a><\/li>\n\n\n\n<li><a href=\"https:\/\/www.ssaver.gob.mx\/adquisiciones\/wp-content\/uploads\/sites\/5\/2022\/10\/Acta-de-junta-de-aclaraciones-LPN-103T00000-018-2022.pdf\" target=\"_blank\" rel=\"noreferrer noopener\">Acta de junta de aclaraciones<\/a><\/li>\n\n\n\n<li><a href=\"https:\/\/www.ssaver.gob.mx\/adquisiciones\/wp-content\/uploads\/sites\/5\/2022\/10\/Acta-de-apertura-de-proposiciones-LPN-103T00000-018-2022-ok.pdf\">Acta de apertura de proposiciones<\/a><\/li>\n\n\n\n<li><a href=\"https:\/\/www.ssaver.gob.mx\/adquisiciones\/wp-content\/uploads\/sites\/5\/2022\/10\/Acta-del-diferimiento-de-la-Evaluacion-Tecnica-y-Economica-y-Emision-del-Fallo-LPN-103T00000-018-2022.pdf\" target=\"_blank\" rel=\"noreferrer noopener\">Acta del diferimiento de la Evaluaci\u00f3n T\u00e9cnica y Econ\u00f3mica y Emisi\u00f3n del Fallo<\/a><\/li>\n\n\n\n<li><a href=\"https:\/\/www.ssaver.gob.mx\/adquisiciones\/wp-content\/uploads\/sites\/5\/2022\/10\/Dictamen-tecnico-economico-Acta-de-fallo-LPN-103T00000-018-2022_0001_compressed.pdf\" target=\"_blank\" rel=\"noreferrer noopener\">Dictamen t\u00e9cnico-econ\u00f3mico (Acta de fallo)\u00a0<\/a><\/li>\n\n\n\n<li><a href=\"https:\/\/www.ssaver.gob.mx\/adquisiciones\/wp-content\/uploads\/sites\/5\/2022\/11\/FE-DE-ERRATAS-AL-ACTA-DEL-RESULTADO-DE-LA-EVALUACION-TECNICA-Y-ECONOMICA-LPN-103T00000-018-2022_0001.pdf\" target=\"_blank\" rel=\"noreferrer noopener\">Fe de erratas al acta de resultado de la evaluaci\u00f3n t\u00e9cnica y econ\u00f3mica<\/a><\/li>\n\n\n\n<li><a href=\"https:\/\/www.ssaver.gob.mx\/adquisiciones\/wp-content\/uploads\/sites\/5\/2022\/11\/Notificacion-de-fallo-LPN-103T00000-018-2022_0001_compressed.pdf\" target=\"_blank\" rel=\"noreferrer noopener\">Notificaci\u00f3n de fallo<\/a><\/li>\n\n\n\n<li>Contratos No. <a href=\"https:\/\/www.ssaver.gob.mx\/adquisiciones\/wp-content\/uploads\/sites\/5\/2022\/11\/SESVER_DA_C-239_2022-C.pdf\" target=\"_blank\" rel=\"noreferrer noopener\">239<\/a>, <a href=\"https:\/\/www.ssaver.gob.mx\/adquisiciones\/wp-content\/uploads\/sites\/5\/2022\/11\/SESVER_DA_C-240_2022-C.pdf\" target=\"_blank\" rel=\"noreferrer noopener\">240<\/a>, <a href=\"https:\/\/www.ssaver.gob.mx\/adquisiciones\/wp-content\/uploads\/sites\/5\/2022\/11\/SESVER_DA_C-241_2022-C.pdf\" target=\"_blank\" rel=\"noreferrer noopener\">241<\/a>, <a href=\"https:\/\/www.ssaver.gob.mx\/adquisiciones\/wp-content\/uploads\/sites\/5\/2022\/11\/SESVER_DA_C-242_2022-C.pdf\" target=\"_blank\" rel=\"noreferrer noopener\">242<\/a>, <a href=\"https:\/\/www.ssaver.gob.mx\/adquisiciones\/wp-content\/uploads\/sites\/5\/2022\/11\/SESVER_DA_C-243_2022-C.pdf\" target=\"_blank\" rel=\"noreferrer noopener\">243<\/a>, <a href=\"https:\/\/www.ssaver.gob.mx\/adquisiciones\/wp-content\/uploads\/sites\/5\/2022\/11\/SESVER_DA_C-244_2022-C.pdf\" target=\"_blank\" rel=\"noreferrer noopener\">244<\/a>,<a href=\"https:\/\/www.ssaver.gob.mx\/adquisiciones\/wp-content\/uploads\/sites\/5\/2022\/11\/SESVER_DA_C-245_2022-C.pdf\" target=\"_blank\" rel=\"noreferrer noopener\"> 245<\/a> , <a href=\"https:\/\/www.ssaver.gob.mx\/adquisiciones\/wp-content\/uploads\/sites\/5\/2022\/11\/SESVER_DA_C-246_2022-C.pdf\" target=\"_blank\" rel=\"noreferrer noopener\">246<\/a> y<a href=\"https:\/\/www.ssaver.gob.mx\/adquisiciones\/wp-content\/uploads\/sites\/5\/2022\/11\/SESVER_DA_C-247_2022-C.pdf\" target=\"_blank\" rel=\"noreferrer noopener\"> 247<\/a> de 2022<\/li>\n\n\n\n<li><a href=\"https:\/\/www.ssaver.gob.mx\/adquisiciones\/wp-content\/uploads\/sites\/5\/2022\/11\/SESVER_DA_P-033_2022-C.pdf\" target=\"_blank\" rel=\"noreferrer noopener\">Pedido No. 3<\/a><a href=\"https:\/\/www.ssaver.gob.mx\/adquisiciones\/wp-content\/uploads\/sites\/5\/2022\/11\/SESVER_DA_P-033_2022-C.pdf\" target=\"_blank\" rel=\"noreferrer noopener\">3 de 2022<\/a><\/li>\n<\/ul>\n<\/li>\n<\/ul>\n<\/div>\n","protected":false},"excerpt":{"rendered":"","protected":false},"author":6,"featured_media":0,"parent":441,"menu_order":18,"comment_status":"closed","ping_status":"closed","template":"","meta":{"colormag_page_container_layout":"default_layout","colormag_page_sidebar_layout":"default_layout","footnotes":""},"class_list":["post-1913","page","type-page","status-publish","hentry"],"_links":{"self":[{"href":"https:\/\/www.ssaver.gob.mx\/adquisiciones\/wp-json\/wp\/v2\/pages\/1913","targetHints":{"allow":["GET"]}}],"collection":[{"href":"https:\/\/www.ssaver.gob.mx\/adquisiciones\/wp-json\/wp\/v2\/pages"}],"about":[{"href":"https:\/\/www.ssaver.gob.mx\/adquisiciones\/wp-json\/wp\/v2\/types\/page"}],"author":[{"embeddable":true,"href":"https:\/\/www.ssaver.gob.mx\/adquisiciones\/wp-json\/wp\/v2\/users\/6"}],"replies":[{"embeddable":true,"href":"https:\/\/www.ssaver.gob.mx\/adquisiciones\/wp-json\/wp\/v2\/comments?post=1913"}],"version-history":[{"count":52,"href":"https:\/\/www.ssaver.gob.mx\/adquisiciones\/wp-json\/wp\/v2\/pages\/1913\/revisions"}],"predecessor-version":[{"id":11789,"href":"https:\/\/www.ssaver.gob.mx\/adquisiciones\/wp-json\/wp\/v2\/pages\/1913\/revisions\/11789"}],"up":[{"embeddable":true,"href":"https:\/\/www.ssaver.gob.mx\/adquisiciones\/wp-json\/wp\/v2\/pages\/441"}],"wp:attachment":[{"href":"https:\/\/www.ssaver.gob.mx\/adquisiciones\/wp-json\/wp\/v2\/media?parent=1913"}],"curies":[{"name":"wp","href":"https:\/\/api.w.org\/{rel}","templated":true}]}}