{"id":3100,"date":"2022-12-01T19:06:50","date_gmt":"2022-12-02T01:06:50","guid":{"rendered":"https:\/\/www.ssaver.gob.mx\/adquisiciones\/?page_id=3100"},"modified":"2026-04-01T10:35:57","modified_gmt":"2026-04-01T16:35:57","slug":"licitacion-publica-nacional-lpn-103t00000-027-2022","status":"publish","type":"page","link":"https:\/\/www.ssaver.gob.mx\/adquisiciones\/licitaciones-2022\/licitaciones-publicas-nacionales-2022\/licitacion-publica-nacional-lpn-103t00000-027-2022\/","title":{"rendered":"Licitaci\u00f3n P\u00fablica Nacional LPN-103T00000-027-2022"},"content":{"rendered":"\n<div class=\"wp-block-group is-layout-constrained wp-container-core-group-is-layout-9517baca wp-block-group-is-layout-constrained\">\n<ul style=\"color:#5b4c0d;background-color:#fff4e0\" class=\"wp-block-list has-text-color has-background\">\n<li><span><b><strong>Adquisici\u00f3n&nbsp; de&nbsp; Equipo&nbsp; M\u00e9dico&nbsp; y&nbsp; Mobiliario,&nbsp; para&nbsp; el&nbsp; Fortalecimiento de&nbsp; las&nbsp; \u00c1reas&nbsp; de&nbsp; Consulta&nbsp; Especializada,&nbsp; Hospitalizaci\u00f3n, Imagenolog\u00eda,&nbsp; Quir\u00f3fano,&nbsp; Oftalmolog\u00eda,&nbsp; Patolog\u00eda&nbsp; y&nbsp; Farmacia&nbsp; de las&nbsp; Unidades&nbsp; Hospitalarias&nbsp; pertenecientes&nbsp; a&nbsp; Servicios&nbsp; de&nbsp; Salud&nbsp; de Veracruz<\/strong><\/b><\/span>\n<ul class=\"wp-block-list\">\n<li><a rel=\"noreferrer noopener\" href=\"https:\/\/www.ssaver.gob.mx\/adquisiciones\/wp-content\/uploads\/sites\/5\/2022\/12\/CONVOCATORIA-No.-27.pdf\" target=\"_blank\">Convocatoria<\/a><\/li>\n\n\n\n<li><a rel=\"noreferrer noopener\" href=\"https:\/\/www.ssaver.gob.mx\/adquisiciones\/wp-content\/uploads\/sites\/5\/2022\/12\/BASES-Y-ANEXOS-LPN-103T00000-027-2022_compressed.pdf\" target=\"_blank\">Bases y anexos de convocatoria<\/a><\/li>\n\n\n\n<li><a rel=\"noreferrer noopener\" href=\"https:\/\/www.ssaver.gob.mx\/adquisiciones\/wp-content\/uploads\/sites\/5\/2022\/12\/Acta-de-junta-de-aclaraciones-LPN-103T00000-027-2022_0001_compressed.pdf\" target=\"_blank\">Acta de junta de aclaraciones<\/a><\/li>\n\n\n\n<li><a rel=\"noreferrer noopener\" href=\"https:\/\/www.ssaver.gob.mx\/adquisiciones\/wp-content\/uploads\/sites\/5\/2022\/12\/Acta-de-apertura-de-proposiciones-LPN-103T00000-027-2022_0001_compressed.pdf\" target=\"_blank\">Acta de apertura de proposiciones<\/a><\/li>\n\n\n\n<li><a rel=\"noreferrer noopener\" href=\"https:\/\/www.ssaver.gob.mx\/adquisiciones\/wp-content\/uploads\/sites\/5\/2022\/12\/Dictamen-tecnico-economico-Acta-de-fallo-LPN-103T00000-027-2022_0001_compressed.pdf\" target=\"_blank\">Dictamen t\u00e9cnico-econ\u00f3mico (Acta de fallo)<\/a><\/li>\n\n\n\n<li><a href=\"https:\/\/www.ssaver.gob.mx\/adquisiciones\/wp-content\/uploads\/sites\/5\/2023\/02\/notificaciones-fallo-lpn-27_0001_compressed.pdf\" target=\"_blank\" rel=\"noreferrer noopener\">Notificaci\u00f3n de Fallo <\/a><\/li>\n\n\n\n<li>Contratos No. <a rel=\"noreferrer noopener\" href=\"https:\/\/www.ssaver.gob.mx\/adquisiciones\/wp-content\/uploads\/sites\/5\/2023\/02\/SESVER_DA_C-327_2022-AFECTADO_compressed.pdf\" target=\"_blank\">327<\/a>, <a rel=\"noreferrer noopener\" href=\"https:\/\/www.ssaver.gob.mx\/adquisiciones\/wp-content\/uploads\/sites\/5\/2023\/02\/SESVER_DA_C-328_2022-AFECTADO_compressed.pdf\" target=\"_blank\">328<\/a>, <a rel=\"noreferrer noopener\" href=\"https:\/\/www.ssaver.gob.mx\/adquisiciones\/wp-content\/uploads\/sites\/5\/2023\/02\/SESVER_DA_C-329_2022-AFECTADO_compressed.pdf\" target=\"_blank\">329<\/a>, <a rel=\"noreferrer noopener\" href=\"https:\/\/www.ssaver.gob.mx\/adquisiciones\/wp-content\/uploads\/sites\/5\/2023\/02\/SESVER_DA_C-330_2022-AFECTADO_compressed.pdf\" target=\"_blank\">330<\/a>, <a rel=\"noreferrer noopener\" href=\"https:\/\/www.ssaver.gob.mx\/adquisiciones\/wp-content\/uploads\/sites\/5\/2023\/02\/SESVER_DA_C-331_2022-AFECTADO_compressed.pdf\" target=\"_blank\">331<\/a>, <a rel=\"noreferrer noopener\" href=\"https:\/\/www.ssaver.gob.mx\/adquisiciones\/wp-content\/uploads\/sites\/5\/2023\/02\/SESVER_DA_C-332_2022-AFECTADO_compressed.pdf\" target=\"_blank\">332<\/a>, <a rel=\"noreferrer noopener\" href=\"https:\/\/www.ssaver.gob.mx\/adquisiciones\/wp-content\/uploads\/sites\/5\/2023\/02\/SESVER_DA_C-333_2022-AFECTADO_compressed.pdf\" target=\"_blank\">333<\/a>, <a rel=\"noreferrer noopener\" href=\"https:\/\/www.ssaver.gob.mx\/adquisiciones\/wp-content\/uploads\/sites\/5\/2023\/02\/SESVER_DA_C-334_2022-AFECTADO_compressed.pdf\" target=\"_blank\">334<\/a>, <a rel=\"noreferrer noopener\" href=\"https:\/\/www.ssaver.gob.mx\/adquisiciones\/wp-content\/uploads\/sites\/5\/2023\/02\/SESVER_DA_C-335_2022-AFECTADO_compressed.pdf\" target=\"_blank\">335<\/a>, <a rel=\"noreferrer noopener\" href=\"https:\/\/www.ssaver.gob.mx\/adquisiciones\/wp-content\/uploads\/sites\/5\/2023\/02\/SESVER_DA_C-336_2022-AFECTADO_compressed.pdf\" target=\"_blank\">336<\/a>, <a href=\"https:\/\/www.ssaver.gob.mx\/adquisiciones\/wp-content\/uploads\/sites\/5\/2023\/02\/SESVER_DA_C-337_2022-AFECTADO_compressed.pdf\" target=\"_blank\" rel=\"noreferrer noopener\">337 <\/a>y <a rel=\"noreferrer noopener\" href=\"https:\/\/www.ssaver.gob.mx\/adquisiciones\/wp-content\/uploads\/sites\/5\/2023\/02\/SESVER_DA_C-338_2022-AFECTADO_compressed.pdf\" target=\"_blank\">338 <\/a>de 2022<\/li>\n<\/ul>\n<\/li>\n<\/ul>\n<\/div>\n","protected":false},"excerpt":{"rendered":"","protected":false},"author":6,"featured_media":0,"parent":441,"menu_order":27,"comment_status":"closed","ping_status":"closed","template":"","meta":{"colormag_page_container_layout":"default_layout","colormag_page_sidebar_layout":"default_layout","footnotes":""},"class_list":["post-3100","page","type-page","status-publish","hentry"],"_links":{"self":[{"href":"https:\/\/www.ssaver.gob.mx\/adquisiciones\/wp-json\/wp\/v2\/pages\/3100","targetHints":{"allow":["GET"]}}],"collection":[{"href":"https:\/\/www.ssaver.gob.mx\/adquisiciones\/wp-json\/wp\/v2\/pages"}],"about":[{"href":"https:\/\/www.ssaver.gob.mx\/adquisiciones\/wp-json\/wp\/v2\/types\/page"}],"author":[{"embeddable":true,"href":"https:\/\/www.ssaver.gob.mx\/adquisiciones\/wp-json\/wp\/v2\/users\/6"}],"replies":[{"embeddable":true,"href":"https:\/\/www.ssaver.gob.mx\/adquisiciones\/wp-json\/wp\/v2\/comments?post=3100"}],"version-history":[{"count":17,"href":"https:\/\/www.ssaver.gob.mx\/adquisiciones\/wp-json\/wp\/v2\/pages\/3100\/revisions"}],"predecessor-version":[{"id":12170,"href":"https:\/\/www.ssaver.gob.mx\/adquisiciones\/wp-json\/wp\/v2\/pages\/3100\/revisions\/12170"}],"up":[{"embeddable":true,"href":"https:\/\/www.ssaver.gob.mx\/adquisiciones\/wp-json\/wp\/v2\/pages\/441"}],"wp:attachment":[{"href":"https:\/\/www.ssaver.gob.mx\/adquisiciones\/wp-json\/wp\/v2\/media?parent=3100"}],"curies":[{"name":"wp","href":"https:\/\/api.w.org\/{rel}","templated":true}]}}

Licitación Pública Nacional LPN-103T00000-027-2022

<div class="wp-block-group is-layout-constrained wp-container-core-group-is-layout-9517baca wp-block-group-is-layout-constrained">
<ul style="color:#5b4c0d;background-color:#fff4e0" class="wp-block-list has-text-color has-background">
<li><span><b><strong>Adquisición&nbsp; de&nbsp; Equipo&nbsp; Médico&nbsp; y&nbsp; Mobiliario,&nbsp; para&nbsp; el&nbsp; Fortalecimiento de&nbsp; las&nbsp; Áreas&nbsp; de&nbsp; Consulta&nbsp; Especializada,&nbsp; Hospitalización, Imagenología,&nbsp; Quirófano,&nbsp; Oftalmología,&nbsp; Patología&nbsp; y&nbsp; Farmacia&nbsp; de las&nbsp; Unidades&nbsp; Hospitalarias&nbsp; pertenecientes&nbsp; a&nbsp; Servicios&nbsp; de&nbsp; Salud&nbsp; de Veracruz</strong></b></span>
<ul class="wp-block-list">
<li><a rel="noreferrer noopener" href="https://www.ssaver.gob.mx/adquisiciones/wp-content/uploads/sites/5/2022/12/CONVOCATORIA-No.-27.pdf" target="_blank">Convocatoria</a></li>



<li><a rel="noreferrer noopener" href="https://www.ssaver.gob.mx/adquisiciones/wp-content/uploads/sites/5/2022/12/BASES-Y-ANEXOS-LPN-103T00000-027-2022_compressed.pdf" target="_blank">Bases y anexos de convocatoria</a></li>



<li><a rel="noreferrer noopener" href="https://www.ssaver.gob.mx/adquisiciones/wp-content/uploads/sites/5/2022/12/Acta-de-junta-de-aclaraciones-LPN-103T00000-027-2022_0001_compressed.pdf" target="_blank">Acta de junta de aclaraciones</a></li>



<li><a rel="noreferrer noopener" href="https://www.ssaver.gob.mx/adquisiciones/wp-content/uploads/sites/5/2022/12/Acta-de-apertura-de-proposiciones-LPN-103T00000-027-2022_0001_compressed.pdf" target="_blank">Acta de apertura de proposiciones</a></li>



<li><a rel="noreferrer noopener" href="https://www.ssaver.gob.mx/adquisiciones/wp-content/uploads/sites/5/2022/12/Dictamen-tecnico-economico-Acta-de-fallo-LPN-103T00000-027-2022_0001_compressed.pdf" target="_blank">Dictamen técnico-económico (Acta de fallo)</a></li>



<li><a href="https://www.ssaver.gob.mx/adquisiciones/wp-content/uploads/sites/5/2023/02/notificaciones-fallo-lpn-27_0001_compressed.pdf" target="_blank" rel="noreferrer noopener">Notificación de Fallo </a></li>



<li>Contratos No. <a rel="noreferrer noopener" href="https://www.ssaver.gob.mx/adquisiciones/wp-content/uploads/sites/5/2023/02/SESVER_DA_C-327_2022-AFECTADO_compressed.pdf" target="_blank">327</a>, <a rel="noreferrer noopener" href="https://www.ssaver.gob.mx/adquisiciones/wp-content/uploads/sites/5/2023/02/SESVER_DA_C-328_2022-AFECTADO_compressed.pdf" target="_blank">328</a>, <a rel="noreferrer noopener" href="https://www.ssaver.gob.mx/adquisiciones/wp-content/uploads/sites/5/2023/02/SESVER_DA_C-329_2022-AFECTADO_compressed.pdf" target="_blank">329</a>, <a rel="noreferrer noopener" href="https://www.ssaver.gob.mx/adquisiciones/wp-content/uploads/sites/5/2023/02/SESVER_DA_C-330_2022-AFECTADO_compressed.pdf" target="_blank">330</a>, <a rel="noreferrer noopener" href="https://www.ssaver.gob.mx/adquisiciones/wp-content/uploads/sites/5/2023/02/SESVER_DA_C-331_2022-AFECTADO_compressed.pdf" target="_blank">331</a>, <a rel="noreferrer noopener" href="https://www.ssaver.gob.mx/adquisiciones/wp-content/uploads/sites/5/2023/02/SESVER_DA_C-332_2022-AFECTADO_compressed.pdf" target="_blank">332</a>, <a rel="noreferrer noopener" href="https://www.ssaver.gob.mx/adquisiciones/wp-content/uploads/sites/5/2023/02/SESVER_DA_C-333_2022-AFECTADO_compressed.pdf" target="_blank">333</a>, <a rel="noreferrer noopener" href="https://www.ssaver.gob.mx/adquisiciones/wp-content/uploads/sites/5/2023/02/SESVER_DA_C-334_2022-AFECTADO_compressed.pdf" target="_blank">334</a>, <a rel="noreferrer noopener" href="https://www.ssaver.gob.mx/adquisiciones/wp-content/uploads/sites/5/2023/02/SESVER_DA_C-335_2022-AFECTADO_compressed.pdf" target="_blank">335</a>, <a rel="noreferrer noopener" href="https://www.ssaver.gob.mx/adquisiciones/wp-content/uploads/sites/5/2023/02/SESVER_DA_C-336_2022-AFECTADO_compressed.pdf" target="_blank">336</a>, <a href="https://www.ssaver.gob.mx/adquisiciones/wp-content/uploads/sites/5/2023/02/SESVER_DA_C-337_2022-AFECTADO_compressed.pdf" target="_blank" rel="noreferrer noopener">337 </a>y <a rel="noreferrer noopener" href="https://www.ssaver.gob.mx/adquisiciones/wp-content/uploads/sites/5/2023/02/SESVER_DA_C-338_2022-AFECTADO_compressed.pdf" target="_blank">338 </a>de 2022</li>
</ul>
</li>
</ul>
</div>
