{"id":3596,"date":"2022-12-20T10:26:23","date_gmt":"2022-12-20T16:26:23","guid":{"rendered":"https:\/\/www.ssaver.gob.mx\/adquisiciones\/?page_id=3596"},"modified":"2026-03-27T11:50:43","modified_gmt":"2026-03-27T17:50:43","slug":"041-060","status":"publish","type":"page","link":"https:\/\/www.ssaver.gob.mx\/adquisiciones\/licitaciones-2022\/adjudicaciones-estatales-directas-por-excepcion-de-ley-2\/041-060\/","title":{"rendered":"Adjudicaciones Estatales Directas por Excepci\u00f3n de Ley 041-060"},"content":{"rendered":"\n<div class=\"wp-block-group is-layout-constrained wp-container-core-group-is-layout-9517baca wp-block-group-is-layout-constrained\">\n<hr class=\"wp-block-separator has-text-color has-alpha-channel-opacity has-background is-style-wide\" style=\"background-color:#d8bf31;color:#d8bf31\" \/>\n\n\n\n<div class=\"wp-block-columns is-layout-flex wp-container-core-columns-is-layout-28f84493 wp-block-columns-is-layout-flex\">\n<div class=\"wp-block-column has-background is-layout-flow wp-block-column-is-layout-flow\" style=\"background-color:#fff4e0;flex-basis:100%\">\n<p class=\"has-text-color has-background has-medium-font-size\" style=\"color:#5b4c0d;background-color:#fff4e0\"><strong><strong><strong>Contratos Adjudicados de acuerdo a la modalidad<\/strong><\/strong><\/strong><\/p>\n\n\n\n<ul class=\"wp-block-list has-medium-font-size\">\n<li><strong><a rel=\"noreferrer noopener\" href=\"https:\/\/www.ssaver.gob.mx\/adquisiciones\/wp-content\/uploads\/sites\/5\/2022\/07\/SESVER_DA_C-059_2022-AFECTADO-C.pdf\" target=\"_blank\">2022-SESVER_DA_C_059-2022<\/a><\/strong><br>Contrataci\u00f3n de los Servicios de Mezcla de Medicamento Oncol\u00f3gico. para el Hospital Regional de Poza Rica de Hidalgo, Hospital Regional de Coatzacoalcos \u00abDr. Valent\u00edn G\u00f3mez Far\u00edas\u201d, Hospital Regional de R\u00edo Blanco, Hospital de Alta Especialidad de Veracruz, y Centro Estatal de Cancerolog\u00eda \u201cDr. Miguel Dorantes Mesa\u201d.<\/li>\n<\/ul>\n\n\n\n<ul class=\"wp-block-list has-medium-font-size\">\n<li><strong><a rel=\"noreferrer noopener\" href=\"https:\/\/www.ssaver.gob.mx\/adquisiciones\/wp-content\/uploads\/sites\/5\/2022\/07\/SESVER_DA_C-058_2022-AFECTADO-C.pdf\" target=\"_blank\">2022-SESVER_DA_C_058-2022<\/a><\/strong><br>Compra \u2013&nbsp; venta&nbsp; de \u00abMedicamento\u00bb.<\/li>\n<\/ul>\n\n\n\n<ul class=\"wp-block-list has-medium-font-size\">\n<li><strong><a rel=\"noreferrer noopener\" href=\"https:\/\/www.ssaver.gob.mx\/adquisiciones\/wp-content\/uploads\/sites\/5\/2022\/07\/SESVER_DA_C-057_2022-AFECTADO-C.pdf\" target=\"_blank\">2022-SESVER_DA_C_057-2022<\/a><\/strong><br>Compra \u2013&nbsp; venta&nbsp; de \u00abMaterial&nbsp; de Curaci\u00f3n\u00bb.<\/li>\n<\/ul>\n\n\n\n<ul class=\"wp-block-list has-medium-font-size\">\n<li><strong><a rel=\"noreferrer noopener\" href=\"https:\/\/www.ssaver.gob.mx\/adquisiciones\/wp-content\/uploads\/sites\/5\/2022\/07\/SESVER_DA_C-056_2022-AFECTADO-C.pdf\" target=\"_blank\">2022-SESVER_DA_C_056-2022<\/a><\/strong><br>Compra \u2013&nbsp; venta&nbsp; de \u00abMaterial&nbsp; de Curaci\u00f3n\u00bb.<\/li>\n<\/ul>\n\n\n\n<ul class=\"wp-block-list has-medium-font-size\">\n<li><strong><a rel=\"noreferrer noopener\" href=\"https:\/\/www.ssaver.gob.mx\/adquisiciones\/wp-content\/uploads\/sites\/5\/2022\/07\/SESVER_DA_C-055_2022-AFECTADO-C.pdf\" target=\"_blank\">2022-SESVER_DA_C_055-2022<\/a><\/strong><br>Compra \u2013&nbsp; venta&nbsp; de \u00abMaterial&nbsp; de Curaci\u00f3n\u00bb.<\/li>\n<\/ul>\n\n\n\n<ul class=\"wp-block-list has-medium-font-size\">\n<li><strong><a rel=\"noreferrer noopener\" href=\"https:\/\/www.ssaver.gob.mx\/adquisiciones\/wp-content\/uploads\/sites\/5\/2022\/07\/SESVER_DA_C-054_2022-AFECTADO-C.pdf\" target=\"_blank\">2022-SESVER_DA_C_054-2022<\/a><\/strong><br>Compra \u2013&nbsp; venta&nbsp; de \u00abMaterial&nbsp; de Curaci\u00f3n\u00bb.<\/li>\n<\/ul>\n\n\n\n<ul class=\"wp-block-list has-medium-font-size\">\n<li><strong><a rel=\"noreferrer noopener\" href=\"https:\/\/www.ssaver.gob.mx\/adquisiciones\/wp-content\/uploads\/sites\/5\/2022\/07\/SESVER_DA_C-053_2022-AFECTADO-C.pdf\" target=\"_blank\">2022-SESVER_DA_C_053-2022<\/a><\/strong><br>Compra \u2013&nbsp; venta&nbsp; de \u00abMaterial&nbsp; de Curaci\u00f3n\u00bb.<\/li>\n<\/ul>\n\n\n\n<ul class=\"wp-block-list has-medium-font-size\">\n<li><strong><a rel=\"noreferrer noopener\" href=\"https:\/\/www.ssaver.gob.mx\/adquisiciones\/wp-content\/uploads\/sites\/5\/2022\/07\/SESVER_DA_C-052_2022-AFECTADO-C.pdf\" target=\"_blank\">2022-SESVER_DA_C_052-2022<\/a><\/strong><br>Compra \u2013&nbsp; venta&nbsp; de \u00abMaterial&nbsp; de Curaci\u00f3n\u00bb.<\/li>\n<\/ul>\n\n\n\n<ul class=\"wp-block-list has-medium-font-size\">\n<li><strong><a rel=\"noreferrer noopener\" href=\"https:\/\/www.ssaver.gob.mx\/adquisiciones\/wp-content\/uploads\/sites\/5\/2022\/07\/SESVER_DA_C-051_2022-AFECTADO-C.pdf\" target=\"_blank\">2022-SESVER_DA_C_051-2022<\/a><\/strong><br>Compra \u2013&nbsp; venta&nbsp; de \u00abMaterial&nbsp; de Curaci\u00f3n\u00bb.<\/li>\n<\/ul>\n\n\n\n<ul class=\"wp-block-list has-medium-font-size\">\n<li><strong><a rel=\"noreferrer noopener\" href=\"https:\/\/www.ssaver.gob.mx\/adquisiciones\/wp-content\/uploads\/sites\/5\/2022\/07\/SESVER_DA_C-050_2022-AFECTADO-C.pdf\" target=\"_blank\">2022-SESVER_DA_C_050-2022<\/a><\/strong><br>Compra \u2013&nbsp; venta&nbsp; de \u00abMaterial&nbsp; de Curaci\u00f3n\u00bb.<\/li>\n<\/ul>\n\n\n\n<ul class=\"wp-block-list has-medium-font-size\">\n<li><strong><a rel=\"noreferrer noopener\" href=\"https:\/\/www.ssaver.gob.mx\/adquisiciones\/wp-content\/uploads\/sites\/5\/2022\/07\/SESVER_DA_C-049_2022-AFECTADO-C.pdf\" target=\"_blank\">2022-SESVER_DA_C_049-2022<\/a><\/strong><br>Compra \u2013&nbsp; venta&nbsp; de \u00abMaterial&nbsp; de Curaci\u00f3n\u00bb.<\/li>\n<\/ul>\n\n\n\n<ul class=\"wp-block-list has-medium-font-size\">\n<li><strong><a rel=\"noreferrer noopener\" href=\"https:\/\/www.ssaver.gob.mx\/adquisiciones\/wp-content\/uploads\/sites\/5\/2022\/07\/SESVER_DA_C-048_2022-AFECTADO-C.pdf\" target=\"_blank\">2022-SESVER_DA_C_048-2022<\/a><\/strong><br>Compra \u2013&nbsp; venta&nbsp; de \u00abMaterial&nbsp; de Curaci\u00f3n\u00bb.<\/li>\n<\/ul>\n\n\n\n<ul class=\"wp-block-list has-medium-font-size\">\n<li><strong><a rel=\"noreferrer noopener\" href=\"https:\/\/www.ssaver.gob.mx\/adquisiciones\/wp-content\/uploads\/sites\/5\/2022\/07\/SESVER_DA_C-047_2022-AFECTADO-C.pdf\" target=\"_blank\">2022-SESVER_DA_C_047-2022<\/a><\/strong><br>Compra \u2013&nbsp; venta&nbsp; de \u00abMaterial&nbsp; de Curaci\u00f3n\u00bb.<\/li>\n<\/ul>\n\n\n\n<ul class=\"wp-block-list has-medium-font-size\">\n<li><strong><a rel=\"noreferrer noopener\" href=\"https:\/\/www.ssaver.gob.mx\/adquisiciones\/wp-content\/uploads\/sites\/5\/2022\/07\/SESVER_DA_C-046_-2022-AFECTADO-C.pdf\" target=\"_blank\">2022-SESVER_DA_C_046-2022<\/a><\/strong><br>Compra \u2013&nbsp; venta&nbsp; de \u00abMaterial&nbsp; de Curaci\u00f3n\u00bb.<\/li>\n<\/ul>\n\n\n\n<ul class=\"wp-block-list has-medium-font-size\">\n<li><strong><a rel=\"noreferrer noopener\" href=\"https:\/\/www.ssaver.gob.mx\/adquisiciones\/wp-content\/uploads\/sites\/5\/2022\/07\/SESVER_DA_C-045_2022-AFECTADO-C.pdf\" target=\"_blank\">2022-SESVER_DA_C_045-2022<\/a><\/strong><br>Compra \u2013&nbsp; venta&nbsp; de \u00abMaterial&nbsp; de Curaci\u00f3n\u00bb.<\/li>\n<\/ul>\n\n\n\n<ul class=\"wp-block-list has-medium-font-size\">\n<li><strong><a rel=\"noreferrer noopener\" href=\"https:\/\/www.ssaver.gob.mx\/adquisiciones\/wp-content\/uploads\/sites\/5\/2022\/07\/SESVER_DA_C-044_2022-AFECTADO-C.pdf\" target=\"_blank\">2022-SESVER_DA_C_044-2022<\/a><\/strong><br>Compra \u2013&nbsp; venta&nbsp; de \u00abMaterial&nbsp; de Curaci\u00f3n\u00bb.<\/li>\n<\/ul>\n\n\n\n<ul class=\"wp-block-list has-medium-font-size\">\n<li><strong><a rel=\"noreferrer noopener\" href=\"https:\/\/www.ssaver.gob.mx\/adquisiciones\/wp-content\/uploads\/sites\/5\/2022\/07\/SESVER_DA_C-043_2022-AFECTADO-C.pdf\" target=\"_blank\">2022-SESVER_DA_C_043-2022<\/a><\/strong><br>Compra \u2013&nbsp; venta&nbsp; de \u00abMaterial&nbsp; de Curaci\u00f3n\u00bb.<\/li>\n<\/ul>\n\n\n\n<ul class=\"wp-block-list has-medium-font-size\">\n<li><strong><a rel=\"noreferrer noopener\" href=\"https:\/\/www.ssaver.gob.mx\/adquisiciones\/wp-content\/uploads\/sites\/5\/2022\/07\/SESVER_DA_C-042_2022-AFECTADO-C.pdf\" target=\"_blank\">2022-SESVER_DA_C_042-2022<\/a><\/strong><br>Compra \u2013&nbsp; venta&nbsp; de \u00abMedicamento&nbsp; y&nbsp; material&nbsp; de curaci\u00f3n\u00bb.<\/li>\n<\/ul>\n\n\n\n<ul class=\"wp-block-list has-medium-font-size\">\n<li><strong><a rel=\"noreferrer noopener\" href=\"https:\/\/www.ssaver.gob.mx\/adquisiciones\/wp-content\/uploads\/sites\/5\/2022\/07\/SESVER_DA_C-041_2022-AFECTADO-C.pdf\" target=\"_blank\">2022-SESVER_DA_C_041-2022<\/a><\/strong><br>Compra \u2013&nbsp; venta&nbsp; de \u00abMedicamento\u00bb.<\/li>\n<\/ul>\n<\/div>\n<\/div>\n<\/div>\n","protected":false},"excerpt":{"rendered":"<p>Contratos Adjudicados de acuerdo a la modalidad<\/p>\n","protected":false},"author":2,"featured_media":0,"parent":3496,"menu_order":3,"comment_status":"closed","ping_status":"closed","template":"","meta":{"colormag_page_container_layout":"default_layout","colormag_page_sidebar_layout":"default_layout","footnotes":""},"class_list":["post-3596","page","type-page","status-publish","hentry"],"_links":{"self":[{"href":"https:\/\/www.ssaver.gob.mx\/adquisiciones\/wp-json\/wp\/v2\/pages\/3596","targetHints":{"allow":["GET"]}}],"collection":[{"href":"https:\/\/www.ssaver.gob.mx\/adquisiciones\/wp-json\/wp\/v2\/pages"}],"about":[{"href":"https:\/\/www.ssaver.gob.mx\/adquisiciones\/wp-json\/wp\/v2\/types\/page"}],"author":[{"embeddable":true,"href":"https:\/\/www.ssaver.gob.mx\/adquisiciones\/wp-json\/wp\/v2\/users\/2"}],"replies":[{"embeddable":true,"href":"https:\/\/www.ssaver.gob.mx\/adquisiciones\/wp-json\/wp\/v2\/comments?post=3596"}],"version-history":[{"count":4,"href":"https:\/\/www.ssaver.gob.mx\/adquisiciones\/wp-json\/wp\/v2\/pages\/3596\/revisions"}],"predecessor-version":[{"id":11689,"href":"https:\/\/www.ssaver.gob.mx\/adquisiciones\/wp-json\/wp\/v2\/pages\/3596\/revisions\/11689"}],"up":[{"embeddable":true,"href":"https:\/\/www.ssaver.gob.mx\/adquisiciones\/wp-json\/wp\/v2\/pages\/3496"}],"wp:attachment":[{"href":"https:\/\/www.ssaver.gob.mx\/adquisiciones\/wp-json\/wp\/v2\/media?parent=3596"}],"curies":[{"name":"wp","href":"https:\/\/api.w.org\/{rel}","templated":true}]}}

Adjudicaciones Estatales Directas por Excepción de Ley 041-060

<div class="wp-block-group is-layout-constrained wp-container-core-group-is-layout-9517baca wp-block-group-is-layout-constrained">
<hr class="wp-block-separator has-text-color has-alpha-channel-opacity has-background is-style-wide" style="background-color:#d8bf31;color:#d8bf31" />



<div class="wp-block-columns is-layout-flex wp-container-core-columns-is-layout-28f84493 wp-block-columns-is-layout-flex">
<div class="wp-block-column has-background is-layout-flow wp-block-column-is-layout-flow" style="background-color:#fff4e0;flex-basis:100%">
<p class="has-text-color has-background has-medium-font-size" style="color:#5b4c0d;background-color:#fff4e0"><strong><strong><strong>Contratos Adjudicados de acuerdo a la modalidad</strong></strong></strong></p>



<ul class="wp-block-list has-medium-font-size">
<li><strong><a rel="noreferrer noopener" href="https://www.ssaver.gob.mx/adquisiciones/wp-content/uploads/sites/5/2022/07/SESVER_DA_C-059_2022-AFECTADO-C.pdf" target="_blank">2022-SESVER_DA_C_059-2022</a></strong><br>Contratación de los Servicios de Mezcla de Medicamento Oncológico. para el Hospital Regional de Poza Rica de Hidalgo, Hospital Regional de Coatzacoalcos «Dr. Valentín Gómez Farías”, Hospital Regional de Río Blanco, Hospital de Alta Especialidad de Veracruz, y Centro Estatal de Cancerología “Dr. Miguel Dorantes Mesa”.</li>
</ul>



<ul class="wp-block-list has-medium-font-size">
<li><strong><a rel="noreferrer noopener" href="https://www.ssaver.gob.mx/adquisiciones/wp-content/uploads/sites/5/2022/07/SESVER_DA_C-058_2022-AFECTADO-C.pdf" target="_blank">2022-SESVER_DA_C_058-2022</a></strong><br>Compra –&nbsp; venta&nbsp; de «Medicamento».</li>
</ul>



<ul class="wp-block-list has-medium-font-size">
<li><strong><a rel="noreferrer noopener" href="https://www.ssaver.gob.mx/adquisiciones/wp-content/uploads/sites/5/2022/07/SESVER_DA_C-057_2022-AFECTADO-C.pdf" target="_blank">2022-SESVER_DA_C_057-2022</a></strong><br>Compra –&nbsp; venta&nbsp; de «Material&nbsp; de Curación».</li>
</ul>



<ul class="wp-block-list has-medium-font-size">
<li><strong><a rel="noreferrer noopener" href="https://www.ssaver.gob.mx/adquisiciones/wp-content/uploads/sites/5/2022/07/SESVER_DA_C-056_2022-AFECTADO-C.pdf" target="_blank">2022-SESVER_DA_C_056-2022</a></strong><br>Compra –&nbsp; venta&nbsp; de «Material&nbsp; de Curación».</li>
</ul>



<ul class="wp-block-list has-medium-font-size">
<li><strong><a rel="noreferrer noopener" href="https://www.ssaver.gob.mx/adquisiciones/wp-content/uploads/sites/5/2022/07/SESVER_DA_C-055_2022-AFECTADO-C.pdf" target="_blank">2022-SESVER_DA_C_055-2022</a></strong><br>Compra –&nbsp; venta&nbsp; de «Material&nbsp; de Curación».</li>
</ul>



<ul class="wp-block-list has-medium-font-size">
<li><strong><a rel="noreferrer noopener" href="https://www.ssaver.gob.mx/adquisiciones/wp-content/uploads/sites/5/2022/07/SESVER_DA_C-054_2022-AFECTADO-C.pdf" target="_blank">2022-SESVER_DA_C_054-2022</a></strong><br>Compra –&nbsp; venta&nbsp; de «Material&nbsp; de Curación».</li>
</ul>



<ul class="wp-block-list has-medium-font-size">
<li><strong><a rel="noreferrer noopener" href="https://www.ssaver.gob.mx/adquisiciones/wp-content/uploads/sites/5/2022/07/SESVER_DA_C-053_2022-AFECTADO-C.pdf" target="_blank">2022-SESVER_DA_C_053-2022</a></strong><br>Compra –&nbsp; venta&nbsp; de «Material&nbsp; de Curación».</li>
</ul>



<ul class="wp-block-list has-medium-font-size">
<li><strong><a rel="noreferrer noopener" href="https://www.ssaver.gob.mx/adquisiciones/wp-content/uploads/sites/5/2022/07/SESVER_DA_C-052_2022-AFECTADO-C.pdf" target="_blank">2022-SESVER_DA_C_052-2022</a></strong><br>Compra –&nbsp; venta&nbsp; de «Material&nbsp; de Curación».</li>
</ul>



<ul class="wp-block-list has-medium-font-size">
<li><strong><a rel="noreferrer noopener" href="https://www.ssaver.gob.mx/adquisiciones/wp-content/uploads/sites/5/2022/07/SESVER_DA_C-051_2022-AFECTADO-C.pdf" target="_blank">2022-SESVER_DA_C_051-2022</a></strong><br>Compra –&nbsp; venta&nbsp; de «Material&nbsp; de Curación».</li>
</ul>



<ul class="wp-block-list has-medium-font-size">
<li><strong><a rel="noreferrer noopener" href="https://www.ssaver.gob.mx/adquisiciones/wp-content/uploads/sites/5/2022/07/SESVER_DA_C-050_2022-AFECTADO-C.pdf" target="_blank">2022-SESVER_DA_C_050-2022</a></strong><br>Compra –&nbsp; venta&nbsp; de «Material&nbsp; de Curación».</li>
</ul>



<ul class="wp-block-list has-medium-font-size">
<li><strong><a rel="noreferrer noopener" href="https://www.ssaver.gob.mx/adquisiciones/wp-content/uploads/sites/5/2022/07/SESVER_DA_C-049_2022-AFECTADO-C.pdf" target="_blank">2022-SESVER_DA_C_049-2022</a></strong><br>Compra –&nbsp; venta&nbsp; de «Material&nbsp; de Curación».</li>
</ul>



<ul class="wp-block-list has-medium-font-size">
<li><strong><a rel="noreferrer noopener" href="https://www.ssaver.gob.mx/adquisiciones/wp-content/uploads/sites/5/2022/07/SESVER_DA_C-048_2022-AFECTADO-C.pdf" target="_blank">2022-SESVER_DA_C_048-2022</a></strong><br>Compra –&nbsp; venta&nbsp; de «Material&nbsp; de Curación».</li>
</ul>



<ul class="wp-block-list has-medium-font-size">
<li><strong><a rel="noreferrer noopener" href="https://www.ssaver.gob.mx/adquisiciones/wp-content/uploads/sites/5/2022/07/SESVER_DA_C-047_2022-AFECTADO-C.pdf" target="_blank">2022-SESVER_DA_C_047-2022</a></strong><br>Compra –&nbsp; venta&nbsp; de «Material&nbsp; de Curación».</li>
</ul>



<ul class="wp-block-list has-medium-font-size">
<li><strong><a rel="noreferrer noopener" href="https://www.ssaver.gob.mx/adquisiciones/wp-content/uploads/sites/5/2022/07/SESVER_DA_C-046_-2022-AFECTADO-C.pdf" target="_blank">2022-SESVER_DA_C_046-2022</a></strong><br>Compra –&nbsp; venta&nbsp; de «Material&nbsp; de Curación».</li>
</ul>



<ul class="wp-block-list has-medium-font-size">
<li><strong><a rel="noreferrer noopener" href="https://www.ssaver.gob.mx/adquisiciones/wp-content/uploads/sites/5/2022/07/SESVER_DA_C-045_2022-AFECTADO-C.pdf" target="_blank">2022-SESVER_DA_C_045-2022</a></strong><br>Compra –&nbsp; venta&nbsp; de «Material&nbsp; de Curación».</li>
</ul>



<ul class="wp-block-list has-medium-font-size">
<li><strong><a rel="noreferrer noopener" href="https://www.ssaver.gob.mx/adquisiciones/wp-content/uploads/sites/5/2022/07/SESVER_DA_C-044_2022-AFECTADO-C.pdf" target="_blank">2022-SESVER_DA_C_044-2022</a></strong><br>Compra –&nbsp; venta&nbsp; de «Material&nbsp; de Curación».</li>
</ul>



<ul class="wp-block-list has-medium-font-size">
<li><strong><a rel="noreferrer noopener" href="https://www.ssaver.gob.mx/adquisiciones/wp-content/uploads/sites/5/2022/07/SESVER_DA_C-043_2022-AFECTADO-C.pdf" target="_blank">2022-SESVER_DA_C_043-2022</a></strong><br>Compra –&nbsp; venta&nbsp; de «Material&nbsp; de Curación».</li>
</ul>



<ul class="wp-block-list has-medium-font-size">
<li><strong><a rel="noreferrer noopener" href="https://www.ssaver.gob.mx/adquisiciones/wp-content/uploads/sites/5/2022/07/SESVER_DA_C-042_2022-AFECTADO-C.pdf" target="_blank">2022-SESVER_DA_C_042-2022</a></strong><br>Compra –&nbsp; venta&nbsp; de «Medicamento&nbsp; y&nbsp; material&nbsp; de curación».</li>
</ul>



<ul class="wp-block-list has-medium-font-size">
<li><strong><a rel="noreferrer noopener" href="https://www.ssaver.gob.mx/adquisiciones/wp-content/uploads/sites/5/2022/07/SESVER_DA_C-041_2022-AFECTADO-C.pdf" target="_blank">2022-SESVER_DA_C_041-2022</a></strong><br>Compra –&nbsp; venta&nbsp; de «Medicamento».</li>
</ul>
</div>
</div>
</div>
