{"id":3603,"date":"2022-12-20T10:30:10","date_gmt":"2022-12-20T16:30:10","guid":{"rendered":"https:\/\/www.ssaver.gob.mx\/adquisiciones\/?page_id=3603"},"modified":"2026-03-27T11:51:46","modified_gmt":"2026-03-27T17:51:46","slug":"101-120","status":"publish","type":"page","link":"https:\/\/www.ssaver.gob.mx\/adquisiciones\/licitaciones-2022\/adjudicaciones-estatales-directas-por-excepcion-de-ley-2\/101-120\/","title":{"rendered":"Adjudicaciones Estatales Directas por Excepci\u00f3n de Ley 101-120"},"content":{"rendered":"\n<div class=\"wp-block-group is-layout-constrained wp-container-core-group-is-layout-9517baca wp-block-group-is-layout-constrained\">\n<hr class=\"wp-block-separator has-text-color has-alpha-channel-opacity has-background is-style-wide\" style=\"background-color:#d8bf31;color:#d8bf31\" \/>\n\n\n\n<div class=\"wp-block-columns is-layout-flex wp-container-core-columns-is-layout-28f84493 wp-block-columns-is-layout-flex\">\n<div class=\"wp-block-column has-background is-layout-flow wp-block-column-is-layout-flow\" style=\"background-color:#fff4e0;flex-basis:100%\">\n<p class=\"has-text-color has-background has-medium-font-size\" style=\"color:#5b4c0d;background-color:#fff4e0\"><strong><strong><strong>Contratos Adjudicados de acuerdo a la modalidad<\/strong><\/strong><\/strong><\/p>\n\n\n\n<ul class=\"wp-block-list has-medium-font-size\">\n<li><strong><a href=\"https:\/\/www.ssaver.gob.mx\/adquisiciones\/wp-content\/uploads\/sites\/5\/2022\/07\/SESVER_DA_C-120_2022-AFECTADO-C.pdf\" target=\"_blank\" rel=\"noreferrer noopener\">2022-SESVER_DA_C_120-2022<\/a><\/strong><br>Servicio&nbsp; de&nbsp; Mantenimiento&nbsp; Correctivo&nbsp; al&nbsp; Parque Vehicular&nbsp; de&nbsp; Servicios&nbsp; de&nbsp; Salud&nbsp; de&nbsp; Veracruz.<\/li>\n<\/ul>\n\n\n\n<ul class=\"wp-block-list has-medium-font-size\">\n<li><strong><a href=\"https:\/\/www.ssaver.gob.mx\/adquisiciones\/wp-content\/uploads\/sites\/5\/2022\/07\/SESVER_DA_C-119_2022-AFECTADO-C.pdf\" target=\"_blank\" rel=\"noreferrer noopener\">2022-SESVER_DA_C_119-2022<\/a><\/strong><br>Servicio&nbsp; de&nbsp; Mantenimiento&nbsp; Correctivo&nbsp; al&nbsp; Parque Vehicular&nbsp; de&nbsp; Servicios&nbsp; de&nbsp; Salud&nbsp; de&nbsp; Veracruz.<\/li>\n<\/ul>\n\n\n\n<ul class=\"wp-block-list has-medium-font-size\">\n<li><strong><a href=\"https:\/\/www.ssaver.gob.mx\/adquisiciones\/wp-content\/uploads\/sites\/5\/2022\/07\/SESVER_DA_C-118_2022-AFECTADO-C.pdf\" target=\"_blank\" rel=\"noreferrer noopener\">2022-SESVER_DA_C_118-2022<\/a><\/strong><br>Servicio&nbsp; de&nbsp; Mantenimiento&nbsp; Correctivo&nbsp; al&nbsp; Parque Vehicular&nbsp; de&nbsp; Servicios&nbsp; de&nbsp; Salud&nbsp; de&nbsp; Veracruz.<\/li>\n<\/ul>\n\n\n\n<ul class=\"wp-block-list has-medium-font-size\">\n<li><strong><a href=\"https:\/\/www.ssaver.gob.mx\/adquisiciones\/wp-content\/uploads\/sites\/5\/2022\/07\/SESVER_DA_C-117_2022-AFECTADO-C.pdf\" target=\"_blank\" rel=\"noreferrer noopener\">2022-SESVER_DA_C_117-2022<\/a><\/strong><br>Servicio&nbsp; de&nbsp; Mantenimiento&nbsp; Correctivo&nbsp; al&nbsp; Parque Vehicular&nbsp; de&nbsp; Servicios&nbsp; de&nbsp; Salud&nbsp; de&nbsp; Veracruz.<\/li>\n<\/ul>\n\n\n\n<ul class=\"wp-block-list has-medium-font-size\">\n<li><strong><a rel=\"noreferrer noopener\" href=\"https:\/\/www.ssaver.gob.mx\/adquisiciones\/wp-content\/uploads\/sites\/5\/2022\/07\/SESVER_DA_C-116_2022-AFECTADO-C.pdf\" target=\"_blank\">2022-SESVER_DA_C_116-2022<\/a><\/strong><br>Servicio&nbsp; de&nbsp; Mantenimiento&nbsp; Correctivo&nbsp;al&nbsp; Parque Vehicular&nbsp; de&nbsp; Servicios&nbsp; de&nbsp; Salud&nbsp; de&nbsp; Veracruz.<\/li>\n<\/ul>\n\n\n\n<ul class=\"wp-block-list has-medium-font-size\">\n<li><strong><a rel=\"noreferrer noopener\" href=\"https:\/\/www.ssaver.gob.mx\/adquisiciones\/wp-content\/uploads\/sites\/5\/2022\/07\/SESVER_DA_C-115_2022-AFECTADO-C.pdf\" target=\"_blank\">2022-SESVER_DA_C_115-2022<\/a><\/strong><br>Servicio de Mantenimiento Correctivo al Parque Vehicular de Servicios de Salud de Veracruz.<\/li>\n<\/ul>\n\n\n\n<ul class=\"wp-block-list has-medium-font-size\">\n<li><strong><a rel=\"noreferrer noopener\" href=\"https:\/\/www.ssaver.gob.mx\/adquisiciones\/wp-content\/uploads\/sites\/5\/2022\/07\/SESVER_DA_C-109_2022-AFECTADO-C.pdf\" target=\"_blank\">2022-SESVER_DA_C_109-2022<\/a><\/strong><br>Adquisici\u00f3n de Material Radiactivo para el \u00e1rea de Medicina Nuclear del Centro Estatal de Cancerolog\u00eda Dr. Miguel Dorantes Mesa, perteneciente a Servicios de Salud de Veracruz, para el periodo Abril-Diciembre 2022\u2033.<\/li>\n<\/ul>\n\n\n\n<ul class=\"wp-block-list has-medium-font-size\">\n<li><strong><a rel=\"noreferrer noopener\" href=\"https:\/\/www.ssaver.gob.mx\/adquisiciones\/wp-content\/uploads\/sites\/5\/2022\/07\/SESVER_DA_C-108_2022-AFECTADO-C.pdf\" target=\"_blank\">2022-SESVER_DA_C_108-2022<\/a><\/strong><br>Compra Venta de Reactivos Necesarios para llevar a cabo el procesamiento de las Muestras de la Cuarta ola y continuar con la Vigilancia Epidemiol\u00f3gica del SARS-COV2 en el Laboratorio Estatal de Salud P\u00fablica de Servicios de Salud de Veracruz.<\/li>\n<\/ul>\n\n\n\n<ul class=\"wp-block-list has-medium-font-size\">\n<li><strong><a rel=\"noreferrer noopener\" href=\"https:\/\/www.ssaver.gob.mx\/adquisiciones\/wp-content\/uploads\/sites\/5\/2022\/07\/SESVER_DA_C-107_2022-AFECTADO-C.pdf\" target=\"_blank\">2022-SESVER_DA_C_107-2022<\/a><\/strong><br>Compra Venta de Consumibles Necesarios para llevar a cabo el Procesamiento de las Muestras de la Cuarta ola y continuar con la Vigilancia Epidemiol\u00f3gico de SARS-COV2 en el Laboratorio Estatal de Salud P\u00fablica de Servicios de Salud de Veracruz.<\/li>\n<\/ul>\n\n\n\n<ul class=\"wp-block-list has-medium-font-size\">\n<li><strong><a rel=\"noreferrer noopener\" href=\"https:\/\/www.ssaver.gob.mx\/adquisiciones\/wp-content\/uploads\/sites\/5\/2022\/07\/SESVER_DA_C-105_2022-AFECTADO-C.pdf\" target=\"_blank\">2022-SESVER_DA_C_105-2022<\/a><\/strong><br>Servicio&nbsp; de&nbsp; Alimentaci\u00f3n&nbsp; para personal&nbsp; del&nbsp; Plan&nbsp; Nacional&nbsp; de&nbsp; Vacunaci\u00f3n&nbsp; contra&nbsp; la&nbsp; COVID-19.<\/li>\n<\/ul>\n\n\n\n<ul class=\"wp-block-list has-medium-font-size\">\n<li><strong><a rel=\"noreferrer noopener\" href=\"https:\/\/www.ssaver.gob.mx\/adquisiciones\/wp-content\/uploads\/sites\/5\/2022\/07\/SESVER_DA_C-104_2022-AFECTADO-C.pdf\" target=\"_blank\">2022-SESVER_DA_C_104-2022<\/a><\/strong><br>Servicio&nbsp; de&nbsp; Alimentaci\u00f3n&nbsp; para personal&nbsp; del&nbsp; Plan&nbsp; Nacional&nbsp; de&nbsp; Vacunaci\u00f3n&nbsp; contra&nbsp; la&nbsp; COVID-19.<\/li>\n<\/ul>\n<\/div>\n<\/div>\n<\/div>\n","protected":false},"excerpt":{"rendered":"<p>Contratos Adjudicados de acuerdo a la modalidad<\/p>\n","protected":false},"author":2,"featured_media":0,"parent":3496,"menu_order":6,"comment_status":"closed","ping_status":"closed","template":"","meta":{"colormag_page_container_layout":"default_layout","colormag_page_sidebar_layout":"default_layout","footnotes":""},"class_list":["post-3603","page","type-page","status-publish","hentry"],"_links":{"self":[{"href":"https:\/\/www.ssaver.gob.mx\/adquisiciones\/wp-json\/wp\/v2\/pages\/3603","targetHints":{"allow":["GET"]}}],"collection":[{"href":"https:\/\/www.ssaver.gob.mx\/adquisiciones\/wp-json\/wp\/v2\/pages"}],"about":[{"href":"https:\/\/www.ssaver.gob.mx\/adquisiciones\/wp-json\/wp\/v2\/types\/page"}],"author":[{"embeddable":true,"href":"https:\/\/www.ssaver.gob.mx\/adquisiciones\/wp-json\/wp\/v2\/users\/2"}],"replies":[{"embeddable":true,"href":"https:\/\/www.ssaver.gob.mx\/adquisiciones\/wp-json\/wp\/v2\/comments?post=3603"}],"version-history":[{"count":4,"href":"https:\/\/www.ssaver.gob.mx\/adquisiciones\/wp-json\/wp\/v2\/pages\/3603\/revisions"}],"predecessor-version":[{"id":11691,"href":"https:\/\/www.ssaver.gob.mx\/adquisiciones\/wp-json\/wp\/v2\/pages\/3603\/revisions\/11691"}],"up":[{"embeddable":true,"href":"https:\/\/www.ssaver.gob.mx\/adquisiciones\/wp-json\/wp\/v2\/pages\/3496"}],"wp:attachment":[{"href":"https:\/\/www.ssaver.gob.mx\/adquisiciones\/wp-json\/wp\/v2\/media?parent=3603"}],"curies":[{"name":"wp","href":"https:\/\/api.w.org\/{rel}","templated":true}]}}

Adjudicaciones Estatales Directas por Excepción de Ley 101-120

<div class="wp-block-group is-layout-constrained wp-container-core-group-is-layout-9517baca wp-block-group-is-layout-constrained">
<hr class="wp-block-separator has-text-color has-alpha-channel-opacity has-background is-style-wide" style="background-color:#d8bf31;color:#d8bf31" />



<div class="wp-block-columns is-layout-flex wp-container-core-columns-is-layout-28f84493 wp-block-columns-is-layout-flex">
<div class="wp-block-column has-background is-layout-flow wp-block-column-is-layout-flow" style="background-color:#fff4e0;flex-basis:100%">
<p class="has-text-color has-background has-medium-font-size" style="color:#5b4c0d;background-color:#fff4e0"><strong><strong><strong>Contratos Adjudicados de acuerdo a la modalidad</strong></strong></strong></p>



<ul class="wp-block-list has-medium-font-size">
<li><strong><a href="https://www.ssaver.gob.mx/adquisiciones/wp-content/uploads/sites/5/2022/07/SESVER_DA_C-120_2022-AFECTADO-C.pdf" target="_blank" rel="noreferrer noopener">2022-SESVER_DA_C_120-2022</a></strong><br>Servicio&nbsp; de&nbsp; Mantenimiento&nbsp; Correctivo&nbsp; al&nbsp; Parque Vehicular&nbsp; de&nbsp; Servicios&nbsp; de&nbsp; Salud&nbsp; de&nbsp; Veracruz.</li>
</ul>



<ul class="wp-block-list has-medium-font-size">
<li><strong><a href="https://www.ssaver.gob.mx/adquisiciones/wp-content/uploads/sites/5/2022/07/SESVER_DA_C-119_2022-AFECTADO-C.pdf" target="_blank" rel="noreferrer noopener">2022-SESVER_DA_C_119-2022</a></strong><br>Servicio&nbsp; de&nbsp; Mantenimiento&nbsp; Correctivo&nbsp; al&nbsp; Parque Vehicular&nbsp; de&nbsp; Servicios&nbsp; de&nbsp; Salud&nbsp; de&nbsp; Veracruz.</li>
</ul>



<ul class="wp-block-list has-medium-font-size">
<li><strong><a href="https://www.ssaver.gob.mx/adquisiciones/wp-content/uploads/sites/5/2022/07/SESVER_DA_C-118_2022-AFECTADO-C.pdf" target="_blank" rel="noreferrer noopener">2022-SESVER_DA_C_118-2022</a></strong><br>Servicio&nbsp; de&nbsp; Mantenimiento&nbsp; Correctivo&nbsp; al&nbsp; Parque Vehicular&nbsp; de&nbsp; Servicios&nbsp; de&nbsp; Salud&nbsp; de&nbsp; Veracruz.</li>
</ul>



<ul class="wp-block-list has-medium-font-size">
<li><strong><a href="https://www.ssaver.gob.mx/adquisiciones/wp-content/uploads/sites/5/2022/07/SESVER_DA_C-117_2022-AFECTADO-C.pdf" target="_blank" rel="noreferrer noopener">2022-SESVER_DA_C_117-2022</a></strong><br>Servicio&nbsp; de&nbsp; Mantenimiento&nbsp; Correctivo&nbsp; al&nbsp; Parque Vehicular&nbsp; de&nbsp; Servicios&nbsp; de&nbsp; Salud&nbsp; de&nbsp; Veracruz.</li>
</ul>



<ul class="wp-block-list has-medium-font-size">
<li><strong><a rel="noreferrer noopener" href="https://www.ssaver.gob.mx/adquisiciones/wp-content/uploads/sites/5/2022/07/SESVER_DA_C-116_2022-AFECTADO-C.pdf" target="_blank">2022-SESVER_DA_C_116-2022</a></strong><br>Servicio&nbsp; de&nbsp; Mantenimiento&nbsp; Correctivo&nbsp;al&nbsp; Parque Vehicular&nbsp; de&nbsp; Servicios&nbsp; de&nbsp; Salud&nbsp; de&nbsp; Veracruz.</li>
</ul>



<ul class="wp-block-list has-medium-font-size">
<li><strong><a rel="noreferrer noopener" href="https://www.ssaver.gob.mx/adquisiciones/wp-content/uploads/sites/5/2022/07/SESVER_DA_C-115_2022-AFECTADO-C.pdf" target="_blank">2022-SESVER_DA_C_115-2022</a></strong><br>Servicio de Mantenimiento Correctivo al Parque Vehicular de Servicios de Salud de Veracruz.</li>
</ul>



<ul class="wp-block-list has-medium-font-size">
<li><strong><a rel="noreferrer noopener" href="https://www.ssaver.gob.mx/adquisiciones/wp-content/uploads/sites/5/2022/07/SESVER_DA_C-109_2022-AFECTADO-C.pdf" target="_blank">2022-SESVER_DA_C_109-2022</a></strong><br>Adquisición de Material Radiactivo para el área de Medicina Nuclear del Centro Estatal de Cancerología Dr. Miguel Dorantes Mesa, perteneciente a Servicios de Salud de Veracruz, para el periodo Abril-Diciembre 2022″.</li>
</ul>



<ul class="wp-block-list has-medium-font-size">
<li><strong><a rel="noreferrer noopener" href="https://www.ssaver.gob.mx/adquisiciones/wp-content/uploads/sites/5/2022/07/SESVER_DA_C-108_2022-AFECTADO-C.pdf" target="_blank">2022-SESVER_DA_C_108-2022</a></strong><br>Compra Venta de Reactivos Necesarios para llevar a cabo el procesamiento de las Muestras de la Cuarta ola y continuar con la Vigilancia Epidemiológica del SARS-COV2 en el Laboratorio Estatal de Salud Pública de Servicios de Salud de Veracruz.</li>
</ul>



<ul class="wp-block-list has-medium-font-size">
<li><strong><a rel="noreferrer noopener" href="https://www.ssaver.gob.mx/adquisiciones/wp-content/uploads/sites/5/2022/07/SESVER_DA_C-107_2022-AFECTADO-C.pdf" target="_blank">2022-SESVER_DA_C_107-2022</a></strong><br>Compra Venta de Consumibles Necesarios para llevar a cabo el Procesamiento de las Muestras de la Cuarta ola y continuar con la Vigilancia Epidemiológico de SARS-COV2 en el Laboratorio Estatal de Salud Pública de Servicios de Salud de Veracruz.</li>
</ul>



<ul class="wp-block-list has-medium-font-size">
<li><strong><a rel="noreferrer noopener" href="https://www.ssaver.gob.mx/adquisiciones/wp-content/uploads/sites/5/2022/07/SESVER_DA_C-105_2022-AFECTADO-C.pdf" target="_blank">2022-SESVER_DA_C_105-2022</a></strong><br>Servicio&nbsp; de&nbsp; Alimentación&nbsp; para personal&nbsp; del&nbsp; Plan&nbsp; Nacional&nbsp; de&nbsp; Vacunación&nbsp; contra&nbsp; la&nbsp; COVID-19.</li>
</ul>



<ul class="wp-block-list has-medium-font-size">
<li><strong><a rel="noreferrer noopener" href="https://www.ssaver.gob.mx/adquisiciones/wp-content/uploads/sites/5/2022/07/SESVER_DA_C-104_2022-AFECTADO-C.pdf" target="_blank">2022-SESVER_DA_C_104-2022</a></strong><br>Servicio&nbsp; de&nbsp; Alimentación&nbsp; para personal&nbsp; del&nbsp; Plan&nbsp; Nacional&nbsp; de&nbsp; Vacunación&nbsp; contra&nbsp; la&nbsp; COVID-19.</li>
</ul>
</div>
</div>
</div>
