{"id":4117,"date":"2023-01-19T18:41:20","date_gmt":"2023-01-20T00:41:20","guid":{"rendered":"https:\/\/www.ssaver.gob.mx\/adquisiciones\/?page_id=4117"},"modified":"2026-03-31T10:04:03","modified_gmt":"2026-03-31T16:04:03","slug":"licitaciones-2023","status":"publish","type":"page","link":"https:\/\/www.ssaver.gob.mx\/adquisiciones\/licitaciones-2023\/","title":{"rendered":"Licitaciones 2023"},"content":{"rendered":"\n<div class=\"wp-block-group is-layout-constrained wp-container-core-group-is-layout-9517baca wp-block-group-is-layout-constrained\">\n<hr class=\"wp-block-separator has-text-color has-alpha-channel-opacity has-background is-style-wide\" style=\"background-color:#d8bf31;color:#d8bf31\" \/>\n\n\n\n<div class=\"wp-block-columns is-layout-flex wp-container-core-columns-is-layout-28f84493 wp-block-columns-is-layout-flex\">\n<div class=\"wp-block-column has-background is-layout-flow wp-block-column-is-layout-flow\" style=\"background-color:#f1e1dc\">\n<p class=\"has-text-align-center has-white-color has-text-color has-background\" style=\"background-color:#671313;font-size:30px\"><strong>Licitaciones 2023<\/strong><\/p>\n\n\n\n<div class=\"wp-block-columns is-layout-flex wp-container-core-columns-is-layout-28f84493 wp-block-columns-is-layout-flex\">\n<div class=\"wp-block-column is-layout-flow wp-block-column-is-layout-flow\" style=\"flex-basis:5%\"><\/div>\n\n\n\n<div class=\"wp-block-column has-medium-font-size is-layout-flow wp-block-column-is-layout-flow\" style=\"flex-basis:90%\">\n<p style=\"font-size:22px\"><strong>Licitaciones de Adquisiciones<\/strong><\/p>\n\n\n\n<ul class=\"wp-block-list\">\n<li><a href=\"https:\/\/www.ssaver.gob.mx\/adquisiciones\/wp-content\/uploads\/sites\/5\/2023\/03\/Manual-de-Organizacion-y-Funcionamiento-del-Subcomite-2023-compressed.pdf\" target=\"_blank\" rel=\"noreferrer noopener\">Manual de Organizaci\u00f3n y Funcionamiento del Subcomit\u00e9 de Adquisiciones, Arrendamientos, Servicios y Enajenaci\u00f3n de Bienes Muebles de Servicios de Salud de Veracruz 2023<\/a><\/li>\n\n\n\n<li><a href=\"https:\/\/www.ssaver.gob.mx\/adquisiciones\/wp-content\/uploads\/sites\/5\/2023\/03\/Formato-PAAD-2023-Dependencias-SERVICIOS-DE-SALUD-DE-VERACRUZ-ok.pdf\" target=\"_blank\" rel=\"noreferrer noopener\">Programa Anual de Adquisiciones 2023<\/a><\/li>\n<\/ul>\n<\/div>\n\n\n\n<div class=\"wp-block-column is-layout-flow wp-block-column-is-layout-flow\" style=\"flex-basis:5px\"><\/div>\n<\/div>\n\n\n\n<div class=\"wp-block-columns is-layout-flex wp-container-core-columns-is-layout-28f84493 wp-block-columns-is-layout-flex\">\n<div class=\"wp-block-column is-layout-flow wp-block-column-is-layout-flow\" style=\"flex-basis:5%\"><\/div>\n\n\n\n<div class=\"wp-block-column has-white-background-color has-background is-layout-flow wp-block-column-is-layout-flow\" style=\"flex-basis:90%\">\n<div class=\"wp-block-columns is-layout-flex wp-container-core-columns-is-layout-28f84493 wp-block-columns-is-layout-flex\">\n<div class=\"wp-block-column has-medium-font-size is-layout-flow wp-block-column-is-layout-flow\">\n<h4 class=\"wp-block-heading has-text-align-center has-medium-font-size\">Procedimientos con Recurso de Aplicaci\u00f3n<br>Estatal<\/h4>\n<\/div>\n<\/div>\n\n\n\n<hr class=\"wp-block-separator has-text-color has-alpha-channel-opacity has-background is-style-wide\" style=\"background-color:#d8bf31;color:#d8bf31\" \/>\n\n\n\n<div class=\"wp-block-columns has-background is-layout-flex wp-container-core-columns-is-layout-28f84493 wp-block-columns-is-layout-flex\" style=\"background-color:#f3f3f3\">\n<div class=\"wp-block-column is-layout-flow wp-block-column-is-layout-flow\" style=\"flex-basis:30px\"><\/div>\n\n\n\n<div class=\"wp-block-column is-layout-flow wp-block-column-is-layout-flow\" style=\"flex-basis:400px\">\n<p class=\"has-medium-font-size\">\u25ba<a href=\"https:\/\/www.ssaver.gob.mx\/adquisiciones\/licitaciones-2023\/adjudicaciones-directas-por-monto-2023\/\" target=\"_blank\" rel=\"noreferrer noopener\">&nbsp;Directas por Monto<\/a><\/p>\n\n\n\n<p class=\"has-medium-font-size\">\u25ba&nbsp;<a href=\"https:\/\/www.ssaver.gob.mx\/adquisiciones\/licitaciones-2023\/adjudicaciones-estatales-directas-por-excepcion-de-ley\/\" target=\"_blank\" rel=\"noreferrer noopener\">Directas por Excepci\u00f3n de Ley<\/a><\/p>\n<\/div>\n\n\n\n<div class=\"wp-block-column is-layout-flow wp-block-column-is-layout-flow\" style=\"flex-basis:30px\"><\/div>\n<\/div>\n\n\n\n<div class=\"wp-block-columns has-background is-layout-flex wp-container-core-columns-is-layout-28f84493 wp-block-columns-is-layout-flex\" style=\"background-color:#f3f3f3\">\n<div class=\"wp-block-column is-layout-flow wp-block-column-is-layout-flow\" style=\"flex-basis:30px\"><\/div>\n\n\n\n<div class=\"wp-block-column has-medium-font-size is-layout-flow wp-block-column-is-layout-flow\" style=\"flex-basis:400px\">\n<p>\u25ba&nbsp;<a href=\"https:\/\/www.ssaver.gob.mx\/adquisiciones\/licitaciones-2023\/licitaciones-simplificadas-2023\/\" target=\"_blank\" rel=\"noreferrer noopener\">Simplificadas<\/a><\/p>\n<\/div>\n\n\n\n<div class=\"wp-block-column is-layout-flow wp-block-column-is-layout-flow\" style=\"flex-basis:30px\"><\/div>\n<\/div>\n\n\n\n<div class=\"wp-block-columns has-background is-layout-flex wp-container-core-columns-is-layout-28f84493 wp-block-columns-is-layout-flex\" style=\"background-color:#f3f3f3\">\n<div class=\"wp-block-column is-layout-flow wp-block-column-is-layout-flow\" style=\"flex-basis:30px\"><\/div>\n\n\n\n<div class=\"wp-block-column has-medium-font-size is-layout-flow wp-block-column-is-layout-flow\" style=\"flex-basis:400px\">\n<p>\u25ba&nbsp;P\u00fablica Estatal<\/p>\n\n\n\n<p>\u25ba&nbsp;<a href=\"https:\/\/www.ssaver.gob.mx\/adquisiciones\/licitaciones-2023\/licitaciones-publicas-nacionales-2023\/\" target=\"_blank\" rel=\"noreferrer noopener\">P\u00fablica Nacional<\/a><\/p>\n<\/div>\n\n\n\n<div class=\"wp-block-column is-layout-flow wp-block-column-is-layout-flow\" style=\"flex-basis:30px\"><\/div>\n<\/div>\n<\/div>\n\n\n\n<div class=\"wp-block-column has-white-background-color has-background is-layout-flow wp-block-column-is-layout-flow\" style=\"flex-basis:90%\">\n<div class=\"wp-block-columns is-layout-flex wp-container-core-columns-is-layout-28f84493 wp-block-columns-is-layout-flex\">\n<div class=\"wp-block-column has-medium-font-size is-layout-flow wp-block-column-is-layout-flow\">\n<h4 class=\"wp-block-heading has-text-align-center\">Procedimientos con Recurso de Aplicaci\u00f3n<br>Federal<\/h4>\n<\/div>\n<\/div>\n\n\n\n<hr class=\"wp-block-separator has-text-color has-alpha-channel-opacity has-background is-style-wide\" style=\"background-color:#d8bf31;color:#d8bf31\" \/>\n\n\n\n<div class=\"wp-block-columns has-background is-layout-flex wp-container-core-columns-is-layout-28f84493 wp-block-columns-is-layout-flex\" style=\"background-color:#f3f3f3\">\n<div class=\"wp-block-column is-layout-flow wp-block-column-is-layout-flow\" style=\"flex-basis:30px\"><\/div>\n\n\n\n<div class=\"wp-block-column has-medium-font-size is-layout-flow wp-block-column-is-layout-flow\" style=\"flex-basis:400px\">\n<p>\u25ba&nbsp;<a href=\"https:\/\/www.ssaver.gob.mx\/adquisiciones\/licitaciones-2023\/adjudicacion-directa-federal-2023\/\">Directas<\/a><\/p>\n<\/div>\n\n\n\n<div class=\"wp-block-column is-layout-flow wp-block-column-is-layout-flow\" style=\"flex-basis:30px\"><\/div>\n<\/div>\n\n\n\n<div class=\"wp-block-columns has-background is-layout-flex wp-container-core-columns-is-layout-28f84493 wp-block-columns-is-layout-flex\" style=\"background-color:#f3f3f3\">\n<div class=\"wp-block-column is-layout-flow wp-block-column-is-layout-flow\" style=\"flex-basis:30px\"><\/div>\n\n\n\n<div class=\"wp-block-column has-medium-font-size is-layout-flow wp-block-column-is-layout-flow\" style=\"flex-basis:400px\">\n<p>\u25ba&nbsp;<a href=\"https:\/\/www.ssaver.gob.mx\/adquisiciones\/licitaciones-2023\/licitaciones-invitacion-a-cuando-menos-tres-proveedores-2023\/\" target=\"_blank\" rel=\"noreferrer noopener\">Por invitaci\u00f3n de cuando menos 3 proveedores<\/a><\/p>\n<\/div>\n\n\n\n<div class=\"wp-block-column is-layout-flow wp-block-column-is-layout-flow\" style=\"flex-basis:30px\"><\/div>\n<\/div>\n\n\n\n<div class=\"wp-block-columns has-background is-layout-flex wp-container-core-columns-is-layout-28f84493 wp-block-columns-is-layout-flex\" style=\"background-color:#f3f3f3\">\n<div class=\"wp-block-column is-layout-flow wp-block-column-is-layout-flow\" style=\"flex-basis:30px\"><\/div>\n\n\n\n<div class=\"wp-block-column has-medium-font-size is-layout-flow wp-block-column-is-layout-flow\" style=\"flex-basis:400px\">\n<p>\u25ba&nbsp;P\u00fablica Nacional<\/p>\n\n\n\n<p>\u25ba P\u00fablica Internacional<\/p>\n<\/div>\n\n\n\n<div class=\"wp-block-column is-layout-flow wp-block-column-is-layout-flow\" style=\"flex-basis:30px\"><\/div>\n<\/div>\n<\/div>\n\n\n\n<div class=\"wp-block-column is-layout-flow wp-block-column-is-layout-flow\" style=\"flex-basis:5%\"><\/div>\n<\/div>\n\n\n\n<div class=\"wp-block-columns is-layout-flex wp-container-core-columns-is-layout-28f84493 wp-block-columns-is-layout-flex\">\n<div class=\"wp-block-column is-layout-flow wp-block-column-is-layout-flow\" style=\"flex-basis:5%\"><\/div>\n\n\n\n<div class=\"wp-block-column has-medium-font-size is-layout-flow wp-block-column-is-layout-flow\" style=\"flex-basis:90%\">\n<ul class=\"wp-block-list\">\n<li><a href=\"https:\/\/www.ssaver.gob.mx\/adquisiciones\/licitaciones-2023\/informe-de-adquisiciones-de-bienes-y-servicios-2023\/\" target=\"_blank\" rel=\"noreferrer noopener\">Informe de Adquisiciones de bienes y Servicios<\/a><\/li>\n\n\n\n<li><a href=\"https:\/\/www.ssaver.gob.mx\/adquisiciones\/licitaciones-2023\/articulo-15-de-la-ley-875-de-transparencia-y-acceso-a-la-informacion-publica-2023\/\" target=\"_blank\" rel=\"noreferrer noopener\">Art\u00edculo 15 de la Ley 875 de Transparencia y Acceso a la Informaci\u00f3n P\u00fablica<\/a><\/li>\n<\/ul>\n<\/div>\n\n\n\n<div class=\"wp-block-column is-layout-flow wp-block-column-is-layout-flow\" style=\"flex-basis:5px\"><\/div>\n<\/div>\n<\/div>\n<\/div>\n<\/div>\n","protected":false},"excerpt":{"rendered":"<p>Licitaciones 2023 Licitaciones de Adquisiciones Procedimientos con Recurso de Aplicaci\u00f3nEstatal \u25ba&nbsp;Directas por Monto \u25ba&nbsp;Directas por Excepci\u00f3n de Ley \u25ba&nbsp;Simplificadas \u25ba&nbsp;P\u00fablica<\/p>\n","protected":false},"author":2,"featured_media":0,"parent":0,"menu_order":0,"comment_status":"closed","ping_status":"closed","template":"","meta":{"colormag_page_container_layout":"default_layout","colormag_page_sidebar_layout":"default_layout","footnotes":""},"class_list":["post-4117","page","type-page","status-publish","hentry"],"_links":{"self":[{"href":"https:\/\/www.ssaver.gob.mx\/adquisiciones\/wp-json\/wp\/v2\/pages\/4117","targetHints":{"allow":["GET"]}}],"collection":[{"href":"https:\/\/www.ssaver.gob.mx\/adquisiciones\/wp-json\/wp\/v2\/pages"}],"about":[{"href":"https:\/\/www.ssaver.gob.mx\/adquisiciones\/wp-json\/wp\/v2\/types\/page"}],"author":[{"embeddable":true,"href":"https:\/\/www.ssaver.gob.mx\/adquisiciones\/wp-json\/wp\/v2\/users\/2"}],"replies":[{"embeddable":true,"href":"https:\/\/www.ssaver.gob.mx\/adquisiciones\/wp-json\/wp\/v2\/comments?post=4117"}],"version-history":[{"count":18,"href":"https:\/\/www.ssaver.gob.mx\/adquisiciones\/wp-json\/wp\/v2\/pages\/4117\/revisions"}],"predecessor-version":[{"id":11828,"href":"https:\/\/www.ssaver.gob.mx\/adquisiciones\/wp-json\/wp\/v2\/pages\/4117\/revisions\/11828"}],"wp:attachment":[{"href":"https:\/\/www.ssaver.gob.mx\/adquisiciones\/wp-json\/wp\/v2\/media?parent=4117"}],"curies":[{"name":"wp","href":"https:\/\/api.w.org\/{rel}","templated":true}]}}

<div class="wp-block-group is-layout-constrained wp-container-core-group-is-layout-9517baca wp-block-group-is-layout-constrained">
<hr class="wp-block-separator has-text-color has-alpha-channel-opacity has-background is-style-wide" style="background-color:#d8bf31;color:#d8bf31" />



<div class="wp-block-columns is-layout-flex wp-container-core-columns-is-layout-28f84493 wp-block-columns-is-layout-flex">
<div class="wp-block-column has-background is-layout-flow wp-block-column-is-layout-flow" style="background-color:#f1e1dc">
<p class="has-text-align-center has-white-color has-text-color has-background" style="background-color:#671313;font-size:30px"><strong>Licitaciones 2023</strong></p>



<div class="wp-block-columns is-layout-flex wp-container-core-columns-is-layout-28f84493 wp-block-columns-is-layout-flex">
<div class="wp-block-column is-layout-flow wp-block-column-is-layout-flow" style="flex-basis:5%"></div>



<div class="wp-block-column has-medium-font-size is-layout-flow wp-block-column-is-layout-flow" style="flex-basis:90%">
<p style="font-size:22px"><strong>Licitaciones de Adquisiciones</strong></p>



<ul class="wp-block-list">
<li><a href="https://www.ssaver.gob.mx/adquisiciones/wp-content/uploads/sites/5/2023/03/Manual-de-Organizacion-y-Funcionamiento-del-Subcomite-2023-compressed.pdf" target="_blank" rel="noreferrer noopener">Manual de Organización y Funcionamiento del Subcomité de Adquisiciones, Arrendamientos, Servicios y Enajenación de Bienes Muebles de Servicios de Salud de Veracruz 2023</a></li>



<li><a href="https://www.ssaver.gob.mx/adquisiciones/wp-content/uploads/sites/5/2023/03/Formato-PAAD-2023-Dependencias-SERVICIOS-DE-SALUD-DE-VERACRUZ-ok.pdf" target="_blank" rel="noreferrer noopener">Programa Anual de Adquisiciones 2023</a></li>
</ul>
</div>



<div class="wp-block-column is-layout-flow wp-block-column-is-layout-flow" style="flex-basis:5px"></div>
</div>



<div class="wp-block-columns is-layout-flex wp-container-core-columns-is-layout-28f84493 wp-block-columns-is-layout-flex">
<div class="wp-block-column is-layout-flow wp-block-column-is-layout-flow" style="flex-basis:5%"></div>



<div class="wp-block-column has-white-background-color has-background is-layout-flow wp-block-column-is-layout-flow" style="flex-basis:90%">
<div class="wp-block-columns is-layout-flex wp-container-core-columns-is-layout-28f84493 wp-block-columns-is-layout-flex">
<div class="wp-block-column has-medium-font-size is-layout-flow wp-block-column-is-layout-flow">
<h4 class="wp-block-heading has-text-align-center has-medium-font-size">Procedimientos con Recurso de Aplicación<br>Estatal</h4>
</div>
</div>



<hr class="wp-block-separator has-text-color has-alpha-channel-opacity has-background is-style-wide" style="background-color:#d8bf31;color:#d8bf31" />



<div class="wp-block-columns has-background is-layout-flex wp-container-core-columns-is-layout-28f84493 wp-block-columns-is-layout-flex" style="background-color:#f3f3f3">
<div class="wp-block-column is-layout-flow wp-block-column-is-layout-flow" style="flex-basis:30px"></div>



<div class="wp-block-column is-layout-flow wp-block-column-is-layout-flow" style="flex-basis:400px">
<p class="has-medium-font-size">►<a href="https://www.ssaver.gob.mx/adquisiciones/licitaciones-2023/adjudicaciones-directas-por-monto-2023/" target="_blank" rel="noreferrer noopener">&nbsp;Directas por Monto</a></p>



<p class="has-medium-font-size">►&nbsp;<a href="https://www.ssaver.gob.mx/adquisiciones/licitaciones-2023/adjudicaciones-estatales-directas-por-excepcion-de-ley/" target="_blank" rel="noreferrer noopener">Directas por Excepción de Ley</a></p>
</div>



<div class="wp-block-column is-layout-flow wp-block-column-is-layout-flow" style="flex-basis:30px"></div>
</div>



<div class="wp-block-columns has-background is-layout-flex wp-container-core-columns-is-layout-28f84493 wp-block-columns-is-layout-flex" style="background-color:#f3f3f3">
<div class="wp-block-column is-layout-flow wp-block-column-is-layout-flow" style="flex-basis:30px"></div>



<div class="wp-block-column has-medium-font-size is-layout-flow wp-block-column-is-layout-flow" style="flex-basis:400px">
<p>►&nbsp;<a href="https://www.ssaver.gob.mx/adquisiciones/licitaciones-2023/licitaciones-simplificadas-2023/" target="_blank" rel="noreferrer noopener">Simplificadas</a></p>
</div>



<div class="wp-block-column is-layout-flow wp-block-column-is-layout-flow" style="flex-basis:30px"></div>
</div>



<div class="wp-block-columns has-background is-layout-flex wp-container-core-columns-is-layout-28f84493 wp-block-columns-is-layout-flex" style="background-color:#f3f3f3">
<div class="wp-block-column is-layout-flow wp-block-column-is-layout-flow" style="flex-basis:30px"></div>



<div class="wp-block-column has-medium-font-size is-layout-flow wp-block-column-is-layout-flow" style="flex-basis:400px">
<p>►&nbsp;Pública Estatal</p>



<p>►&nbsp;<a href="https://www.ssaver.gob.mx/adquisiciones/licitaciones-2023/licitaciones-publicas-nacionales-2023/" target="_blank" rel="noreferrer noopener">Pública Nacional</a></p>
</div>



<div class="wp-block-column is-layout-flow wp-block-column-is-layout-flow" style="flex-basis:30px"></div>
</div>
</div>



<div class="wp-block-column has-white-background-color has-background is-layout-flow wp-block-column-is-layout-flow" style="flex-basis:90%">
<div class="wp-block-columns is-layout-flex wp-container-core-columns-is-layout-28f84493 wp-block-columns-is-layout-flex">
<div class="wp-block-column has-medium-font-size is-layout-flow wp-block-column-is-layout-flow">
<h4 class="wp-block-heading has-text-align-center">Procedimientos con Recurso de Aplicación<br>Federal</h4>
</div>
</div>



<hr class="wp-block-separator has-text-color has-alpha-channel-opacity has-background is-style-wide" style="background-color:#d8bf31;color:#d8bf31" />



<div class="wp-block-columns has-background is-layout-flex wp-container-core-columns-is-layout-28f84493 wp-block-columns-is-layout-flex" style="background-color:#f3f3f3">
<div class="wp-block-column is-layout-flow wp-block-column-is-layout-flow" style="flex-basis:30px"></div>



<div class="wp-block-column has-medium-font-size is-layout-flow wp-block-column-is-layout-flow" style="flex-basis:400px">
<p>►&nbsp;<a href="https://www.ssaver.gob.mx/adquisiciones/licitaciones-2023/adjudicacion-directa-federal-2023/">Directas</a></p>
</div>



<div class="wp-block-column is-layout-flow wp-block-column-is-layout-flow" style="flex-basis:30px"></div>
</div>



<div class="wp-block-columns has-background is-layout-flex wp-container-core-columns-is-layout-28f84493 wp-block-columns-is-layout-flex" style="background-color:#f3f3f3">
<div class="wp-block-column is-layout-flow wp-block-column-is-layout-flow" style="flex-basis:30px"></div>



<div class="wp-block-column has-medium-font-size is-layout-flow wp-block-column-is-layout-flow" style="flex-basis:400px">
<p>►&nbsp;<a href="https://www.ssaver.gob.mx/adquisiciones/licitaciones-2023/licitaciones-invitacion-a-cuando-menos-tres-proveedores-2023/" target="_blank" rel="noreferrer noopener">Por invitación de cuando menos 3 proveedores</a></p>
</div>



<div class="wp-block-column is-layout-flow wp-block-column-is-layout-flow" style="flex-basis:30px"></div>
</div>



<div class="wp-block-columns has-background is-layout-flex wp-container-core-columns-is-layout-28f84493 wp-block-columns-is-layout-flex" style="background-color:#f3f3f3">
<div class="wp-block-column is-layout-flow wp-block-column-is-layout-flow" style="flex-basis:30px"></div>



<div class="wp-block-column has-medium-font-size is-layout-flow wp-block-column-is-layout-flow" style="flex-basis:400px">
<p>►&nbsp;Pública Nacional</p>



<p>► Pública Internacional</p>
</div>



<div class="wp-block-column is-layout-flow wp-block-column-is-layout-flow" style="flex-basis:30px"></div>
</div>
</div>



<div class="wp-block-column is-layout-flow wp-block-column-is-layout-flow" style="flex-basis:5%"></div>
</div>



<div class="wp-block-columns is-layout-flex wp-container-core-columns-is-layout-28f84493 wp-block-columns-is-layout-flex">
<div class="wp-block-column is-layout-flow wp-block-column-is-layout-flow" style="flex-basis:5%"></div>



<div class="wp-block-column has-medium-font-size is-layout-flow wp-block-column-is-layout-flow" style="flex-basis:90%">
<ul class="wp-block-list">
<li><a href="https://www.ssaver.gob.mx/adquisiciones/licitaciones-2023/informe-de-adquisiciones-de-bienes-y-servicios-2023/" target="_blank" rel="noreferrer noopener">Informe de Adquisiciones de bienes y Servicios</a></li>



<li><a href="https://www.ssaver.gob.mx/adquisiciones/licitaciones-2023/articulo-15-de-la-ley-875-de-transparencia-y-acceso-a-la-informacion-publica-2023/" target="_blank" rel="noreferrer noopener">Artículo 15 de la Ley 875 de Transparencia y Acceso a la Información Pública</a></li>
</ul>
</div>



<div class="wp-block-column is-layout-flow wp-block-column-is-layout-flow" style="flex-basis:5px"></div>
</div>
</div>
</div>
</div>

<p>Licitaciones 2023 Licitaciones de Adquisiciones Procedimientos con Recurso de AplicaciónEstatal ►&nbsp;Directas por Monto ►&nbsp;Directas por Excepción de Ley ►&nbsp;Simplificadas ►&nbsp;Pública</p>
