{"id":4954,"date":"2023-04-20T19:29:14","date_gmt":"2023-04-21T00:29:14","guid":{"rendered":"https:\/\/www.ssaver.gob.mx\/adquisiciones\/?page_id=4954"},"modified":"2026-03-31T10:39:40","modified_gmt":"2026-03-31T16:39:40","slug":"licitacion-simplificada-ls-103t00000-005-2023","status":"publish","type":"page","link":"https:\/\/www.ssaver.gob.mx\/adquisiciones\/licitaciones-2023\/licitaciones-simplificadas-2023\/licitaciones-simplificadas-2023-001-020\/licitacion-simplificada-ls-103t00000-005-2023\/","title":{"rendered":"Licitaci\u00f3n Simplificada LS-103T00000-005-2023"},"content":{"rendered":"\n<div class=\"wp-block-group is-layout-constrained wp-container-core-group-is-layout-9517baca wp-block-group-is-layout-constrained\">\n<hr class=\"wp-block-separator has-text-color has-alpha-channel-opacity has-background is-style-wide\" style=\"background-color:#d8bf31;color:#d8bf31\" \/>\n\n\n\n<ul style=\"color:#5b4c0d;background-color:#fff4e0\" class=\"wp-block-list has-text-color has-background has-medium-font-size\">\n<li><strong>Relativa&nbsp; a&nbsp; la&nbsp; contrataci\u00f3n&nbsp; abierta&nbsp; del \u00bbServicio&nbsp; Subrogado de Agua&nbsp; Purificada&nbsp; en&nbsp; Oficinas&nbsp; Centrales, Subdirecci\u00f3n&nbsp; de&nbsp; Ense\u00f1anza,&nbsp; Investigaci\u00f3n&nbsp; y&nbsp; Capacitaci\u00f3n, \u00d3rgano&nbsp; Interno&nbsp; de&nbsp; Control,&nbsp; Plaza&nbsp; Macuilt\u00e9petl, Administraci\u00f3n&nbsp; del &nbsp;Patrimonio&nbsp; de&nbsp; la&nbsp; Beneficencia&nbsp; P\u00fablica (PBP),&nbsp; Departamento&nbsp; de&nbsp; Vigilancia&nbsp; Epidemiol\u00f3gica,&nbsp; Comisi\u00f3n Estatal&nbsp; Contra&nbsp; las&nbsp; Adicciones,&nbsp; Almac\u00e9n&nbsp; \u00bbA\u00bb,&nbsp; Almac\u00e9n&nbsp; \u00bbB\u00bb, Instituto&nbsp; Veracruzano&nbsp; de&nbsp; Salud&nbsp; Mental&nbsp; Dr.&nbsp; Rafael&nbsp; Velasco Fern\u00e1ndez,&nbsp; Centro&nbsp; Estatal&nbsp; de&nbsp; Cancerolog\u00eda&nbsp; Dr.&nbsp; Miguel Dorantes&nbsp; Mesa&nbsp; (CECAN)&nbsp; y&nbsp; Centro&nbsp; de&nbsp; Atenci\u00f3n&nbsp; Infantil&nbsp; (CAI), dependientes&nbsp; de&nbsp; Servicios&nbsp; de&nbsp; Salud&nbsp; de&nbsp; Veracruz\u00bb<\/strong>\n<ul class=\"wp-block-list\">\n<li><a href=\"https:\/\/www.ssaver.gob.mx\/adquisiciones\/wp-content\/uploads\/sites\/5\/2023\/06\/Oficios-de-invitacion-LS-103T00000-005-2023_compressed.pdf\" target=\"_blank\" rel=\"noreferrer noopener\">Oficios de Invitaci\u00f3n<\/a><\/li>\n\n\n\n<li><a href=\"https:\/\/www.ssaver.gob.mx\/adquisiciones\/wp-content\/uploads\/sites\/5\/2023\/04\/BASES-No.-LS-103T00000-005-2023_compressed.pdf\" target=\"_blank\" rel=\"noreferrer noopener\">Bases y Anexos<\/a><\/li>\n\n\n\n<li><a rel=\"noreferrer noopener\" href=\"https:\/\/www.ssaver.gob.mx\/adquisiciones\/wp-content\/uploads\/sites\/5\/2023\/04\/Acta-de-apertura-de-proposiciones-LS-103T00000-005-2023_0001_compressed.pdf\" target=\"_blank\">Acta de apertura de proposiciones<\/a><\/li>\n\n\n\n<li><a rel=\"noreferrer noopener\" href=\"https:\/\/www.ssaver.gob.mx\/adquisiciones\/wp-content\/uploads\/sites\/5\/2023\/05\/Dictamen-tecnico-economico-Acta-de-fallo-LS-103T00000-005-2023_0001_compressed.pdf\" target=\"_blank\">Dictamen t\u00e9cnico-econ\u00f3mico (Acta de fallo)<\/a><\/li>\n\n\n\n<li><a href=\"https:\/\/www.ssaver.gob.mx\/adquisiciones\/wp-content\/uploads\/sites\/5\/2023\/06\/Notificacion-de-fallo-LS-103T00000-005-2023.pdf\" target=\"_blank\" rel=\"noreferrer noopener\">Notificaci\u00f3n de fallo<\/a><\/li>\n<\/ul>\n<\/li>\n<\/ul>\n<\/div>\n","protected":false},"excerpt":{"rendered":"","protected":false},"author":6,"featured_media":0,"parent":4778,"menu_order":5,"comment_status":"closed","ping_status":"closed","template":"","meta":{"colormag_page_container_layout":"default_layout","colormag_page_sidebar_layout":"default_layout","footnotes":""},"class_list":["post-4954","page","type-page","status-publish","hentry"],"_links":{"self":[{"href":"https:\/\/www.ssaver.gob.mx\/adquisiciones\/wp-json\/wp\/v2\/pages\/4954","targetHints":{"allow":["GET"]}}],"collection":[{"href":"https:\/\/www.ssaver.gob.mx\/adquisiciones\/wp-json\/wp\/v2\/pages"}],"about":[{"href":"https:\/\/www.ssaver.gob.mx\/adquisiciones\/wp-json\/wp\/v2\/types\/page"}],"author":[{"embeddable":true,"href":"https:\/\/www.ssaver.gob.mx\/adquisiciones\/wp-json\/wp\/v2\/users\/6"}],"replies":[{"embeddable":true,"href":"https:\/\/www.ssaver.gob.mx\/adquisiciones\/wp-json\/wp\/v2\/comments?post=4954"}],"version-history":[{"count":14,"href":"https:\/\/www.ssaver.gob.mx\/adquisiciones\/wp-json\/wp\/v2\/pages\/4954\/revisions"}],"predecessor-version":[{"id":11893,"href":"https:\/\/www.ssaver.gob.mx\/adquisiciones\/wp-json\/wp\/v2\/pages\/4954\/revisions\/11893"}],"up":[{"embeddable":true,"href":"https:\/\/www.ssaver.gob.mx\/adquisiciones\/wp-json\/wp\/v2\/pages\/4778"}],"wp:attachment":[{"href":"https:\/\/www.ssaver.gob.mx\/adquisiciones\/wp-json\/wp\/v2\/media?parent=4954"}],"curies":[{"name":"wp","href":"https:\/\/api.w.org\/{rel}","templated":true}]}}

Licitación Simplificada LS-103T00000-005-2023

<div class="wp-block-group is-layout-constrained wp-container-core-group-is-layout-9517baca wp-block-group-is-layout-constrained">
<hr class="wp-block-separator has-text-color has-alpha-channel-opacity has-background is-style-wide" style="background-color:#d8bf31;color:#d8bf31" />



<ul style="color:#5b4c0d;background-color:#fff4e0" class="wp-block-list has-text-color has-background has-medium-font-size">
<li><strong>Relativa&nbsp; a&nbsp; la&nbsp; contratación&nbsp; abierta&nbsp; del »Servicio&nbsp; Subrogado de Agua&nbsp; Purificada&nbsp; en&nbsp; Oficinas&nbsp; Centrales, Subdirección&nbsp; de&nbsp; Enseñanza,&nbsp; Investigación&nbsp; y&nbsp; Capacitación, Órgano&nbsp; Interno&nbsp; de&nbsp; Control,&nbsp; Plaza&nbsp; Macuiltépetl, Administración&nbsp; del &nbsp;Patrimonio&nbsp; de&nbsp; la&nbsp; Beneficencia&nbsp; Pública (PBP),&nbsp; Departamento&nbsp; de&nbsp; Vigilancia&nbsp; Epidemiológica,&nbsp; Comisión Estatal&nbsp; Contra&nbsp; las&nbsp; Adicciones,&nbsp; Almacén&nbsp; »A»,&nbsp; Almacén&nbsp; »B», Instituto&nbsp; Veracruzano&nbsp; de&nbsp; Salud&nbsp; Mental&nbsp; Dr.&nbsp; Rafael&nbsp; Velasco Fernández,&nbsp; Centro&nbsp; Estatal&nbsp; de&nbsp; Cancerología&nbsp; Dr.&nbsp; Miguel Dorantes&nbsp; Mesa&nbsp; (CECAN)&nbsp; y&nbsp; Centro&nbsp; de&nbsp; Atención&nbsp; Infantil&nbsp; (CAI), dependientes&nbsp; de&nbsp; Servicios&nbsp; de&nbsp; Salud&nbsp; de&nbsp; Veracruz»</strong>
<ul class="wp-block-list">
<li><a href="https://www.ssaver.gob.mx/adquisiciones/wp-content/uploads/sites/5/2023/06/Oficios-de-invitacion-LS-103T00000-005-2023_compressed.pdf" target="_blank" rel="noreferrer noopener">Oficios de Invitación</a></li>



<li><a href="https://www.ssaver.gob.mx/adquisiciones/wp-content/uploads/sites/5/2023/04/BASES-No.-LS-103T00000-005-2023_compressed.pdf" target="_blank" rel="noreferrer noopener">Bases y Anexos</a></li>



<li><a rel="noreferrer noopener" href="https://www.ssaver.gob.mx/adquisiciones/wp-content/uploads/sites/5/2023/04/Acta-de-apertura-de-proposiciones-LS-103T00000-005-2023_0001_compressed.pdf" target="_blank">Acta de apertura de proposiciones</a></li>



<li><a rel="noreferrer noopener" href="https://www.ssaver.gob.mx/adquisiciones/wp-content/uploads/sites/5/2023/05/Dictamen-tecnico-economico-Acta-de-fallo-LS-103T00000-005-2023_0001_compressed.pdf" target="_blank">Dictamen técnico-económico (Acta de fallo)</a></li>



<li><a href="https://www.ssaver.gob.mx/adquisiciones/wp-content/uploads/sites/5/2023/06/Notificacion-de-fallo-LS-103T00000-005-2023.pdf" target="_blank" rel="noreferrer noopener">Notificación de fallo</a></li>
</ul>
</li>
</ul>
</div>
