{"id":5169,"date":"2023-05-04T05:24:56","date_gmt":"2023-05-04T10:24:56","guid":{"rendered":"https:\/\/www.ssaver.gob.mx\/adquisiciones\/?page_id=5169"},"modified":"2026-03-31T10:24:05","modified_gmt":"2026-03-31T16:24:05","slug":"adjudicaciones-estatales-directas-por-excepcion-de-ley-021-040","status":"publish","type":"page","link":"https:\/\/www.ssaver.gob.mx\/adquisiciones\/licitaciones-2023\/adjudicaciones-estatales-directas-por-excepcion-de-ley\/adjudicaciones-estatales-directas-por-excepcion-de-ley-021-040\/","title":{"rendered":"Adjudicaciones Estatales Directas por Excepci\u00f3n de Ley 021-040"},"content":{"rendered":"\n<div class=\"wp-block-group is-layout-constrained wp-container-core-group-is-layout-9517baca wp-block-group-is-layout-constrained\">\n<hr class=\"wp-block-separator has-text-color has-alpha-channel-opacity has-background is-style-wide\" style=\"background-color:#d8bf31;color:#d8bf31\" \/>\n\n\n\n<div class=\"wp-block-columns is-layout-flex wp-container-core-columns-is-layout-28f84493 wp-block-columns-is-layout-flex\">\n<div class=\"wp-block-column has-background is-layout-flow wp-block-column-is-layout-flow\" style=\"background-color:#fff4e0;flex-basis:100%\">\n<p class=\"has-text-color has-background has-medium-font-size\" style=\"color:#5b4c0d;background-color:#fff4e0\"><strong><strong><strong>Contratos Adjudicados de acuerdo a la modalida<\/strong><\/strong>d<\/strong><\/p>\n\n\n\n<ul class=\"wp-block-list has-medium-font-size\">\n<li><strong><a href=\"https:\/\/www.ssaver.gob.mx\/adquisiciones\/wp-content\/uploads\/sites\/5\/2023\/06\/SESVER_DA_C-040_2023-AFECTADO-C.pdf\" target=\"_blank\" rel=\"noreferrer noopener\">2023-SESVER_DA_C-040-2023<\/a><\/strong><br>Adjudicaci\u00f3n&nbsp; Directa&nbsp; Derivada&nbsp; de&nbsp; la Licitaci\u00f3n&nbsp; Simplificada&nbsp; N\u00famero&nbsp; LS-103t00000-003-2023,&nbsp; Declarada Desierta, Servicio&nbsp; Subrogado&nbsp; de&nbsp; Combustible,&nbsp; a trav\u00e9s&nbsp; de&nbsp; Monederos&nbsp; Electr\u00f3nicos.<\/li>\n<\/ul>\n\n\n\n<ul class=\"wp-block-list has-medium-font-size\">\n<li><strong><a href=\"https:\/\/www.ssaver.gob.mx\/adquisiciones\/wp-content\/uploads\/sites\/5\/2023\/06\/SESVER_DA_C-039_2023-AFECTADO-C.pdf\" target=\"_blank\" rel=\"noreferrer noopener\">2023-SESVER_DA_C-039-2023<\/a><\/strong><br>Adjudicaci\u00f3n&nbsp; Directa&nbsp; derivada&nbsp; de&nbsp; la Licitaci\u00f3n&nbsp; Simplificada&nbsp; N\u00famero&nbsp; LS-103t00000-003-2023, Servicio&nbsp; Subrogado&nbsp; de&nbsp; Combustible,&nbsp; a Trav\u00e9s&nbsp; de&nbsp; Monederos&nbsp; Electr\u00f3nicos..<\/li>\n<\/ul>\n\n\n\n<ul class=\"wp-block-list has-medium-font-size\">\n<li><strong><a href=\"https:\/\/www.ssaver.gob.mx\/adquisiciones\/wp-content\/uploads\/sites\/5\/2023\/06\/SESVER_DA_C-038_2023-AFECTADO-C.pdf\" target=\"_blank\" rel=\"noreferrer noopener\">2023-SESVER_DA_C-038-2023<\/a><\/strong><br>Adjudicaci\u00f3n&nbsp; Directa&nbsp; derivada&nbsp; de&nbsp; la Licitaci\u00f3n&nbsp; Simplificada&nbsp; N\u00famero&nbsp; LS-103t00000-003-2023, Servicio&nbsp; Subrogado&nbsp; de&nbsp; Combustible,&nbsp; a Trav\u00e9s&nbsp; de&nbsp; Monederos&nbsp; Electr\u00f3nicos.<\/li>\n<\/ul>\n\n\n\n<ul class=\"wp-block-list has-medium-font-size\">\n<li><strong><strong><a href=\"https:\/\/www.ssaver.gob.mx\/adquisiciones\/wp-content\/uploads\/sites\/5\/2023\/10\/C.ADE-008_2023-AL-C-036_2023-AFECTADO-C.pdf\" target=\"_blank\" rel=\"noreferrer noopener\">SESVER\/DA\/C.ADE-008\/2023<\/a><\/strong><\/strong><br>Contrataci\u00f3n&nbsp; de&nbsp; la&nbsp; P\u00f3liza&nbsp; de&nbsp; Mantenimiento&nbsp; Preventivo&nbsp; y\/o Correctivo&nbsp; Anual&nbsp; de&nbsp; 8&nbsp; Tom\u00f3grafos&nbsp; de&nbsp; las&nbsp; Siguientes&nbsp; Unidades: Hospital Regional&nbsp; de&nbsp; Poza&nbsp; Rica,&nbsp; Centro&nbsp; Estatal&nbsp; de&nbsp; Cancerologia&nbsp; \u00abDr.&nbsp; Miguel&nbsp; Dorantes Mesa\u00bb,&nbsp; Centro&nbsp; de&nbsp; Alta&nbsp; Especialidad&nbsp; \u00abDr.&nbsp; Rafael&nbsp; Lucio\u00bb,&nbsp; Hospital&nbsp; Regional&nbsp; de Xalapa&nbsp; \u00abDr.&nbsp; Luis&nbsp; F.&nbsp; Nachon,&nbsp; Hospital&nbsp; Regional&nbsp; de&nbsp; Rio&nbsp; Blanco,&nbsp; Hospital&nbsp; de Alta Especialidad&nbsp; de&nbsp; Veracruz&nbsp; y Torre&nbsp; Pediatrica,&nbsp; y&nbsp; 1&nbsp; Equipo&nbsp; de&nbsp; Angiografia&nbsp; del Centro&nbsp; de Alta Especialidad&nbsp; \u00abDr.&nbsp; Rafael&nbsp; Lucio\u00bb,&nbsp; Pertenecientes&nbsp; a Servicios&nbsp; de Salud&nbsp; de&nbsp; Veracruz.<\/li>\n<\/ul>\n\n\n\n<ul class=\"wp-block-list has-medium-font-size\">\n<li><strong><a href=\"https:\/\/www.ssaver.gob.mx\/adquisiciones\/wp-content\/uploads\/sites\/5\/2023\/05\/SESVER_DA_C-036_2023-AFECTADO-C.pdf\" target=\"_blank\" rel=\"noreferrer noopener\">2023-SESVER_DA_C-036-2023<\/a><\/strong><br>Contrataci\u00f3n&nbsp; de&nbsp; la&nbsp; P\u00f3liza&nbsp; de&nbsp; Mantenimiento&nbsp; Preventivo&nbsp; y\/o Correctivo&nbsp; Anual&nbsp; de&nbsp; 8&nbsp; Tom\u00f3grafos&nbsp; de&nbsp; las&nbsp; Siguientes&nbsp; Unidades: Hospital Regional&nbsp; de&nbsp; Poza&nbsp; Rica,&nbsp; Centro&nbsp; Estatal&nbsp; de&nbsp; Cancerologia&nbsp; \u00abDr.&nbsp; Miguel&nbsp; Dorantes Mesa\u00bb,&nbsp; Centro&nbsp; de&nbsp; Alta&nbsp; Especialidad&nbsp; \u00abDr.&nbsp; Rafael&nbsp; Lucio\u00bb,&nbsp; Hospital&nbsp; Regional&nbsp; de Xalapa&nbsp; \u00abDr.&nbsp; Luis&nbsp; F.&nbsp; Nachon,&nbsp; Hospital&nbsp; Regional&nbsp; de&nbsp; Rio&nbsp; Blanco,&nbsp; Hospital&nbsp; de Alta Especialidad&nbsp; de&nbsp; Veracruz&nbsp; y Torre&nbsp; Pediatrica,&nbsp; y&nbsp; 1&nbsp; Equipo&nbsp; de&nbsp; Angiografia&nbsp; del Centro&nbsp; de Alta Especialidad&nbsp; \u00abDr.&nbsp; Rafael&nbsp; Lucio\u00bb,&nbsp; Pertenecientes&nbsp; a Servicios&nbsp; de Salud&nbsp; de&nbsp; Veracruz.<\/li>\n<\/ul>\n\n\n\n<ul class=\"wp-block-list has-medium-font-size\">\n<li><strong><a rel=\"noreferrer noopener\" href=\"https:\/\/www.ssaver.gob.mx\/adquisiciones\/wp-content\/uploads\/sites\/5\/2023\/05\/SESVER_DA_C-035_2023-AFECTADO-C.pdf\" target=\"_blank\">2023-SESVER_DA_C-035-2023<\/a><\/strong><br>Adquisici\u00f3n&nbsp; de&nbsp; 30&nbsp; Maquinas&nbsp; T\u00e9rmica&nbsp; Port\u00e1til Termonebulizador,&nbsp; para&nbsp; el&nbsp; Control&nbsp; del&nbsp; Mosco&nbsp; Transmisor&nbsp; del&nbsp; Dengue,&nbsp; Zika&nbsp; y Chikungunya,&nbsp; para&nbsp; los&nbsp; Servicios&nbsp; de&nbsp; Salud&nbsp; de&nbsp; Veracruz.<\/li>\n<\/ul>\n\n\n\n<ul class=\"wp-block-list has-medium-font-size\">\n<li><strong><a href=\"https:\/\/www.ssaver.gob.mx\/adquisiciones\/wp-content\/uploads\/sites\/5\/2023\/05\/SESVER_DA_C-034_2023-AFECTADO-C.pdf\" target=\"_blank\" rel=\"noreferrer noopener\">2023-SESVER_DA_C-034-2023<\/a><\/strong><br>Adquisici\u00f3n&nbsp; de&nbsp; 30&nbsp; Aspersores&nbsp; de Compresi\u00f3n&nbsp; Manual,&nbsp; para el&nbsp; Control&nbsp; del&nbsp; Mosco&nbsp; Transmisor&nbsp; del&nbsp; Dengue,&nbsp; Zika&nbsp; y&nbsp; Chikungunya,&nbsp; para&nbsp; los Servicios&nbsp; de Salud&nbsp; de Veracruz.<\/li>\n<\/ul>\n\n\n\n<ul class=\"wp-block-list has-medium-font-size\">\n<li><strong><a href=\"https:\/\/www.ssaver.gob.mx\/adquisiciones\/wp-content\/uploads\/sites\/5\/2023\/05\/SESVER_DA_C-033_2023-AFECTADO-C.pdf\" target=\"_blank\" rel=\"noreferrer noopener\">2023-SESVER_DA_C-033-2023<\/a><\/strong><br>Servicio&nbsp; Subrogado&nbsp; de&nbsp; Dosimetr\u00eda&nbsp; para&nbsp; Personal Ocupacionalmente&nbsp; Expuesto&nbsp; a&nbsp; Rayos&nbsp; X&nbsp; en&nbsp; Diversas&nbsp; Unidades&nbsp; Hospitalarias&nbsp; de Servicios&nbsp; de Salud&nbsp; de Veracruz.<\/li>\n<\/ul>\n\n\n\n<ul class=\"wp-block-list has-medium-font-size\">\n<li><strong><a rel=\"noreferrer noopener\" href=\"https:\/\/www.ssaver.gob.mx\/adquisiciones\/wp-content\/uploads\/sites\/5\/2023\/06\/SESVER_DA_C-032_2023-AFECTADO-C.pdf\" target=\"_blank\">2023-SESVER_DA_C-032-2023<\/a><\/strong><br>Contrataci\u00f3n&nbsp; de&nbsp; Servicios&nbsp; Especializados&nbsp; para&nbsp; el Procesamiento&nbsp; de&nbsp; 46,783&nbsp; Pruebas&nbsp; de&nbsp; Tamiz&nbsp; Metab\u00f3lico&nbsp; Neonatal&nbsp; (Clave C810800067),&nbsp; por&nbsp; el Periodo&nbsp; Enero-Diciembre-2023,&nbsp; para el&nbsp; Programa&nbsp; de&nbsp; Salud Perinatal.<\/li>\n<\/ul>\n\n\n\n<ul class=\"wp-block-list has-medium-font-size\">\n<li><strong><a href=\"https:\/\/www.ssaver.gob.mx\/adquisiciones\/wp-content\/uploads\/sites\/5\/2023\/05\/SESVER_DA_C-031_2023-AFECTADO-C.pdf\" target=\"_blank\" rel=\"noreferrer noopener\">2023-SESVER_DA_C-031-2023<\/a><\/strong><br>Servicio&nbsp; Subrogado&nbsp; de&nbsp; Limpieza&nbsp; a&nbsp; Oficinas&nbsp; Centrales, Jurisdicciones&nbsp; Sanitarias,&nbsp; Hospitales,&nbsp; Laboratorio&nbsp; Estatal&nbsp; de&nbsp; Salud&nbsp; P\u00fablica.&nbsp; Centro Estatal de Transfusi\u00f3n Sangu\u00ednea,&nbsp; Asilos,&nbsp; Hogar&nbsp; del&nbsp; Ni\u00f1o,&nbsp; Capasits&nbsp; y&nbsp; Centros&nbsp; de&nbsp; Salud Dependientes&nbsp; de Servicios&nbsp; de&nbsp; Salud&nbsp; de&nbsp; Veracruz.<\/li>\n<\/ul>\n\n\n\n<ul class=\"wp-block-list has-medium-font-size\">\n<li><strong><a href=\"https:\/\/www.ssaver.gob.mx\/adquisiciones\/wp-content\/uploads\/sites\/5\/2023\/05\/SESVER_DA_C-030_2023-AFECTADO-C.pdf\" target=\"_blank\" rel=\"noreferrer noopener\">2023-SESVER_DA_C-030-2023<\/a><\/strong><br>Servicio&nbsp; Subrogado&nbsp; de&nbsp; Suministro&nbsp; de&nbsp; Ox\u00edgeno&nbsp; Hospitalario&nbsp; y Gases&nbsp; Medicinales&nbsp; para&nbsp; la&nbsp; Red&nbsp; Hospitalaria&nbsp; de&nbsp; Servicios&nbsp; de Salud&nbsp; de Veracruz.<\/li>\n<\/ul>\n\n\n\n<ul class=\"wp-block-list has-medium-font-size\">\n<li><strong><a href=\"https:\/\/www.ssaver.gob.mx\/adquisiciones\/wp-content\/uploads\/sites\/5\/2023\/05\/SESVER_DA_C-029_2023-AFECTADO-C.pdf\" target=\"_blank\" rel=\"noreferrer noopener\">2023-SESVER_DA_C-029-2023<\/a><\/strong><br>Servicio&nbsp; Subrogado&nbsp; de&nbsp; Suministro&nbsp; de&nbsp; Ox\u00edgeno&nbsp; Hospitalario&nbsp; y Gases&nbsp; Medicinales&nbsp; para&nbsp; la&nbsp; Red&nbsp; Hospitalaria&nbsp; de&nbsp; Servicios&nbsp; de Salud&nbsp; de Veracruz.<\/li>\n<\/ul>\n\n\n\n<ul class=\"wp-block-list has-medium-font-size\">\n<li><strong><a href=\"https:\/\/www.ssaver.gob.mx\/adquisiciones\/wp-content\/uploads\/sites\/5\/2023\/05\/SESVER_DA_C-028_2023-AFECTADO-C.pdf\" target=\"_blank\" rel=\"noreferrer noopener\">2023-SESVER_DA_C-028-2023<\/a><\/strong><br>Servicio&nbsp; Subrogado&nbsp; de&nbsp; Suministro&nbsp; de&nbsp; Ox\u00edgeno&nbsp; Hospitalario&nbsp; y Gases&nbsp; Medicinales&nbsp; para&nbsp; la&nbsp; Red&nbsp; Hospitalaria&nbsp; de&nbsp; Servicios&nbsp; de Salud&nbsp; de Veracruz.<\/li>\n<\/ul>\n\n\n\n<ul class=\"wp-block-list has-medium-font-size\">\n<li><strong><a href=\"https:\/\/www.ssaver.gob.mx\/adquisiciones\/wp-content\/uploads\/sites\/5\/2023\/05\/SESVER_DA_C-027_2023-AFECTADO-C.pdf\" target=\"_blank\" rel=\"noreferrer noopener\">2023-SESVER_DA_C-027-2023<\/a><\/strong><br>Servicio&nbsp; subrogado&nbsp; de&nbsp; ox\u00edgeno&nbsp; domiciliario&nbsp; para&nbsp; la&nbsp; red&nbsp; hospitalaria&nbsp; de Servicios&nbsp; de&nbsp; Salud&nbsp; de Veracruz.<\/li>\n<\/ul>\n\n\n\n<ul class=\"wp-block-list has-medium-font-size\">\n<li><strong><a href=\"https:\/\/www.ssaver.gob.mx\/adquisiciones\/wp-content\/uploads\/sites\/5\/2023\/05\/SESVER_DA_C-026_2023-AFECTADO-C.pdf\" target=\"_blank\" rel=\"noreferrer noopener\">2023-SESVER_DA_C-026-2023<\/a><\/strong><br>P\u00f3liza&nbsp; de&nbsp; Mantenimiento&nbsp; Preventivo&nbsp; y\/o&nbsp; Correctivo&nbsp; Anual&nbsp; al&nbsp; Acelerador Lineal&nbsp; Marca&nbsp; Elekta&nbsp; Modelo&nbsp; Sinergy&nbsp; Platform&nbsp; Con&nbsp; N\u00famero&nbsp; de&nbsp; Serie&nbsp; \u00ab154010\u00bb&nbsp; y&nbsp; No.&nbsp; de&nbsp; Inventario 008110&nbsp; por Cuatro Visitas&nbsp; de Mantenimiento&nbsp; durante&nbsp; el periodo que comprende&nbsp; del 01&nbsp; de febrero de&nbsp; 2023&nbsp; al&nbsp; 31&nbsp; de&nbsp; enero&nbsp; de&nbsp; 2024&nbsp; y&nbsp; la&nbsp; Contrataci\u00f3n&nbsp; de&nbsp; la&nbsp; P\u00f3liza&nbsp; de&nbsp; Mantenimiento&nbsp; Preventivo&nbsp; y\/o Correctivo Anual&nbsp; a Equipo&nbsp; de Braquiterapia&nbsp; Marca Nucletron&nbsp; Modelo Microselectron&nbsp; Hdr.&nbsp; No.&nbsp; de Serie&nbsp; 20146&nbsp; y&nbsp; No.&nbsp; de&nbsp; Inventario&nbsp; 8111&nbsp; y&nbsp; Suministro&nbsp; de&nbsp; Fuentes&nbsp; Radiactivas&nbsp; de&nbsp; Iridio&nbsp; 192,&nbsp; por&nbsp; Tres Visitas&nbsp; Durante&nbsp; el Periodo&nbsp; del 03&nbsp; de Enero&nbsp; de 2023&nbsp; al&nbsp; 31&nbsp; de Diciembre&nbsp; de 2023&nbsp; instalados&nbsp; dentro del Centro&nbsp; Estatal De&nbsp; Cancerolog\u00eda&nbsp; \u00abDr. Miguel Dorantes&nbsp; Mesa.<\/li>\n<\/ul>\n\n\n\n<ul class=\"wp-block-list has-medium-font-size\">\n<li><strong><a href=\"https:\/\/www.ssaver.gob.mx\/adquisiciones\/wp-content\/uploads\/sites\/5\/2023\/05\/SESVER_DA_C-025_2023-AFECTADO-C.pdf\" target=\"_blank\" rel=\"noreferrer noopener\">2023-SESVER_DA_C-025-2023<\/a><\/strong><br>Servicio&nbsp; Subrogado&nbsp; de&nbsp; Mensajer\u00eda&nbsp; y&nbsp; Paqueter\u00eda Especializada&nbsp; para&nbsp; las&nbsp; Diferentes&nbsp; \u00c1reas&nbsp; de&nbsp; Oficina&nbsp; Central&nbsp; de&nbsp; Servicios&nbsp; de Salud&nbsp; de&nbsp; Veracruz.<\/li>\n<\/ul>\n\n\n\n<ul class=\"wp-block-list has-medium-font-size\">\n<li><strong><a href=\"https:\/\/www.ssaver.gob.mx\/adquisiciones\/wp-content\/uploads\/sites\/5\/2023\/07\/SESVER_DA_C.ADE-003_2023-AFECTADO-C.pdf\" target=\"_blank\" rel=\"noreferrer noopener\">SESVER_DA_C.ADE-003_2023<\/a><\/strong><br>Servicio&nbsp; Subrogado&nbsp; de Recolecci\u00f3n,&nbsp; Transporte Externo&nbsp; y&nbsp; Disposici\u00f3n&nbsp; Final&nbsp; de&nbsp; Residuos Peligrosos&nbsp; Biol\u00f3gico&nbsp; Infecciosos,&nbsp; Recolecci\u00f3n&nbsp; de&nbsp; L\u00edquidos Cansados&nbsp; de&nbsp; Rayos&nbsp; X,&nbsp; Soluciones&nbsp; Gastadas&nbsp; de Laboratorio,&nbsp; Placas Radiogr\u00e1ficas&nbsp; Usadas,&nbsp; L\u00e1mparas&nbsp; Fluorescentes&nbsp; y&nbsp; de&nbsp; Vapor&nbsp; de Mercurio,&nbsp; Medicamentos&nbsp; Caducos&nbsp; y&nbsp; Personal&nbsp; de&nbsp; Recolecci\u00f3n Interna&nbsp; de&nbsp; los&nbsp; Residuos&nbsp; Peligrosos&nbsp; Generados&nbsp; en&nbsp; los&nbsp; Hospitales de&nbsp; SESVER<\/li>\n\n\n\n<li><strong><a href=\"https:\/\/www.ssaver.gob.mx\/adquisiciones\/wp-content\/uploads\/sites\/5\/2023\/05\/SESVER_DA_C-024_2023-AFECTADO-C.pdf\" target=\"_blank\" rel=\"noreferrer noopener\">2023-SESVER_DA_C-024-2023<\/a><\/strong><br>Servicio&nbsp; Subrogado&nbsp; de Recolecci\u00f3n,&nbsp; Transporte Externo&nbsp; y&nbsp; Disposici\u00f3n&nbsp; Final&nbsp; de&nbsp; Residuos Peligrosos&nbsp; Biol\u00f3gico&nbsp; Infecciosos,&nbsp; Recolecci\u00f3n&nbsp; de&nbsp; L\u00edquidos Cansados&nbsp; de&nbsp; Rayos&nbsp; X,&nbsp; Soluciones&nbsp; Gastadas&nbsp; de Laboratorio,&nbsp; Placas Radiogr\u00e1ficas&nbsp; Usadas,&nbsp; L\u00e1mparas&nbsp; Fluorescentes&nbsp; y&nbsp; de&nbsp; Vapor&nbsp; de Mercurio,&nbsp; Medicamentos&nbsp; Caducos&nbsp; y&nbsp; Personal&nbsp; de&nbsp; Recolecci\u00f3n Interna&nbsp; de&nbsp; los&nbsp; Residuos&nbsp; Peligrosos&nbsp; Generados&nbsp; en&nbsp; los&nbsp; Hospitales de&nbsp; SESVER<\/li>\n<\/ul>\n\n\n\n<ul class=\"wp-block-list has-medium-font-size\">\n<li><strong><a href=\"https:\/\/www.ssaver.gob.mx\/adquisiciones\/wp-content\/uploads\/sites\/5\/2023\/05\/SESVER_DA_C-023_2023-AFECTADO-C.pdf\" target=\"_blank\" rel=\"noreferrer noopener\">2023-SESVER_DA_C-023-2023<\/a><\/strong><br>Servicio&nbsp; Subrogado&nbsp; de&nbsp; Agua&nbsp; Purificada&nbsp; a Oficinas&nbsp; Centrales,&nbsp; Subdirecci\u00f3n&nbsp; de&nbsp; Ense\u00f1anza,&nbsp; Investigaci\u00f3n&nbsp; y Capacitaci\u00f3n,&nbsp; \u00d3rgano&nbsp; Interno&nbsp; de&nbsp; Control,&nbsp; Plaza&nbsp; Macuilt\u00e9petl, Administraci\u00f3n&nbsp; Del&nbsp; Patrimonio&nbsp; De&nbsp; La&nbsp; Beneficencia&nbsp; P\u00fablica&nbsp; (Pbp), Departamento&nbsp; De&nbsp; Vigilancia&nbsp; Epidemiol\u00f3gica,&nbsp; Comisi\u00f3n&nbsp; Estatal&nbsp; Contra&nbsp; Las Adicciones,&nbsp; Almac\u00e9n&nbsp; \u00abA\u00bb,&nbsp; Almac\u00e9n&nbsp; \u00abB\u00bb,&nbsp; Instituto&nbsp; Veracruzano&nbsp; De&nbsp; Salud (Mental \u00abDr.&nbsp; Rafael&nbsp; Velasco&nbsp; Fern\u00e1ndez\u00bb,&nbsp; Centro&nbsp; Estatal&nbsp; De Cancerolog\u00eda&nbsp; \u00abDr. Miguel&nbsp; Dorantes&nbsp; Mesa\u00bb&nbsp; (CECAN)&nbsp; Y&nbsp; Centro&nbsp; De&nbsp; Atenci\u00f3n&nbsp; Infantil&nbsp; (Cai), Dependientes&nbsp; De&nbsp; Servicios&nbsp; De&nbsp; Salud&nbsp; De Veracruz.<\/li>\n<\/ul>\n\n\n\n<ul class=\"wp-block-list has-medium-font-size\">\n<li><strong><a href=\"https:\/\/www.ssaver.gob.mx\/adquisiciones\/wp-content\/uploads\/sites\/5\/2023\/06\/SESVER_DA_C.ADE-004_2023-AFECTADO-C.pdf\" target=\"_blank\" rel=\"noreferrer noopener\">SESVER_DA_C.ADE-004_2023<\/a><\/strong><br>Servicio&nbsp; Subrogado&nbsp; de Lavander\u00eda para&nbsp; la&nbsp; Red&nbsp; Hospitalaria&nbsp; de&nbsp; Servicios&nbsp; de&nbsp; Salud&nbsp; de&nbsp; Veracruz,&nbsp; el cual&nbsp; comprende el Lavado&nbsp; y&nbsp; Suministro&nbsp; de&nbsp; Ropa.<\/li>\n<\/ul>\n\n\n\n<ul class=\"wp-block-list has-medium-font-size\">\n<li><strong><a href=\"https:\/\/www.ssaver.gob.mx\/adquisiciones\/wp-content\/uploads\/sites\/5\/2023\/05\/SESVER_DA_C-022_2023-AFECTADO-C.pdf\" target=\"_blank\" rel=\"noreferrer noopener\">2023-SESVER_DA_C-022-2023<\/a><\/strong><br>Servicio&nbsp; Subrogado&nbsp; de Lavander\u00eda para&nbsp; la&nbsp; Red&nbsp; Hospitalaria&nbsp; de&nbsp; Servicios&nbsp; de&nbsp; Salud&nbsp; de&nbsp; Veracruz,&nbsp; el cual&nbsp; comprende el Lavado&nbsp; y&nbsp; Suministro&nbsp; de&nbsp; Ropa.<\/li>\n<\/ul>\n\n\n\n<ul class=\"wp-block-list has-medium-font-size\">\n<li><strong><a href=\"https:\/\/www.ssaver.gob.mx\/adquisiciones\/wp-content\/uploads\/sites\/5\/2023\/07\/SESVER_DA_C.ADE-002_2023-AFECTADO-C.pdf\" target=\"_blank\" rel=\"noreferrer noopener\">SESVER_DA_C_ADE-002-2023<\/a><\/strong><br>Servicio&nbsp; de&nbsp; Dispersi\u00f3n&nbsp; de Recursos&nbsp; a Trav\u00e9s&nbsp; de&nbsp; Monederos&nbsp; Electr\u00f3nicos&nbsp; Utilizados&nbsp; en&nbsp; la&nbsp; Adquisici\u00f3n&nbsp; de Combustible&nbsp; de&nbsp; Veh\u00edculos&nbsp; Terrestres&nbsp; de&nbsp; Servicios&nbsp; de&nbsp; Salud&nbsp; de Veracruz.<\/li>\n<\/ul>\n\n\n\n<ul class=\"wp-block-list has-medium-font-size\">\n<li><strong><a href=\"https:\/\/www.ssaver.gob.mx\/adquisiciones\/wp-content\/uploads\/sites\/5\/2023\/05\/SESVER_DA_C-021_2023-AFECTADO-C.pdf\" target=\"_blank\" rel=\"noreferrer noopener\">2023-SESVER_DA_C-021-2023<\/a><\/strong><br>Servicio&nbsp; de&nbsp; Dispersi\u00f3n&nbsp; de Recursos&nbsp; a Trav\u00e9s&nbsp; de&nbsp; Monederos&nbsp; Electr\u00f3nicos&nbsp; Utilizados&nbsp; en&nbsp; la&nbsp; Adquisici\u00f3n&nbsp; de Combustible&nbsp; de&nbsp; Veh\u00edculos&nbsp; Terrestres&nbsp; de&nbsp; Servicios&nbsp; de&nbsp; Salud&nbsp; de Veracruz.<\/li>\n<\/ul>\n<\/div>\n<\/div>\n<\/div>\n","protected":false},"excerpt":{"rendered":"<p>Contratos Adjudicados de acuerdo a la modalidad<\/p>\n","protected":false},"author":6,"featured_media":0,"parent":4748,"menu_order":2,"comment_status":"closed","ping_status":"closed","template":"","meta":{"colormag_page_container_layout":"default_layout","colormag_page_sidebar_layout":"default_layout","footnotes":""},"class_list":["post-5169","page","type-page","status-publish","hentry"],"_links":{"self":[{"href":"https:\/\/www.ssaver.gob.mx\/adquisiciones\/wp-json\/wp\/v2\/pages\/5169","targetHints":{"allow":["GET"]}}],"collection":[{"href":"https:\/\/www.ssaver.gob.mx\/adquisiciones\/wp-json\/wp\/v2\/pages"}],"about":[{"href":"https:\/\/www.ssaver.gob.mx\/adquisiciones\/wp-json\/wp\/v2\/types\/page"}],"author":[{"embeddable":true,"href":"https:\/\/www.ssaver.gob.mx\/adquisiciones\/wp-json\/wp\/v2\/users\/6"}],"replies":[{"embeddable":true,"href":"https:\/\/www.ssaver.gob.mx\/adquisiciones\/wp-json\/wp\/v2\/comments?post=5169"}],"version-history":[{"count":35,"href":"https:\/\/www.ssaver.gob.mx\/adquisiciones\/wp-json\/wp\/v2\/pages\/5169\/revisions"}],"predecessor-version":[{"id":11871,"href":"https:\/\/www.ssaver.gob.mx\/adquisiciones\/wp-json\/wp\/v2\/pages\/5169\/revisions\/11871"}],"up":[{"embeddable":true,"href":"https:\/\/www.ssaver.gob.mx\/adquisiciones\/wp-json\/wp\/v2\/pages\/4748"}],"wp:attachment":[{"href":"https:\/\/www.ssaver.gob.mx\/adquisiciones\/wp-json\/wp\/v2\/media?parent=5169"}],"curies":[{"name":"wp","href":"https:\/\/api.w.org\/{rel}","templated":true}]}}