{"id":5752,"date":"2023-07-14T16:01:26","date_gmt":"2023-07-14T21:01:26","guid":{"rendered":"https:\/\/www.ssaver.gob.mx\/adquisiciones\/?page_id=5752"},"modified":"2026-04-01T11:06:40","modified_gmt":"2026-04-01T17:06:40","slug":"licitacion-publica-nacional-lpn-103t00000-021-2023","status":"publish","type":"page","link":"https:\/\/www.ssaver.gob.mx\/adquisiciones\/licitaciones-2023\/licitaciones-publicas-nacionales-2023\/licitacion-publica-nacional-lpn-103t00000-021-2023\/","title":{"rendered":"Licitaci\u00f3n P\u00fablica Nacional LPN-103T00000-021-2023"},"content":{"rendered":"\n<div class=\"wp-block-group is-layout-constrained wp-container-core-group-is-layout-9517baca wp-block-group-is-layout-constrained\">\n<hr class=\"wp-block-separator has-text-color has-alpha-channel-opacity has-background is-style-wide\" style=\"background-color:#d8bf31;color:#d8bf31\" \/>\n\n\n\n<ul style=\"color:#5b4c0d;background-color:#fff4e0\" class=\"wp-block-list has-text-color has-background\">\n<li><strong>Relativa a la Adquisici\u00f3n de Mobiliario, Bienes Inform\u00e1ticos, Equipo Administrativo, Equipo E Instrumental M\u00e9dico y de Laboratorio para las Unidades de Primer y Segundo Nivel que ser\u00e1n sometidas al proceso de Acreditaci\u00f3n y Reacreditaci\u00f3n&nbsp; 2023.<\/strong>\n<ul class=\"wp-block-list\">\n<li><a href=\"https:\/\/www.ssaver.gob.mx\/adquisiciones\/wp-content\/uploads\/sites\/5\/2023\/07\/CONVOCATORIA-No.-LPN-103T00000-021-2023.pdf\" target=\"_blank\" rel=\"noreferrer noopener\">Convocatoria<\/a><\/li>\n\n\n\n<li><a href=\"https:\/\/www.ssaver.gob.mx\/adquisiciones\/wp-content\/uploads\/sites\/5\/2023\/07\/BASES-Y-ANEXOS-LPN-103T00000-021-2023_compressed.pdf\" target=\"_blank\" rel=\"noreferrer noopener\">Bases y Anexos<\/a><\/li>\n\n\n\n<li><a href=\"https:\/\/www.ssaver.gob.mx\/adquisiciones\/wp-content\/uploads\/sites\/5\/2023\/07\/FICHAS-TECNICAS-LPN-103T00000-021-2023-PRIMERA-PARTE_compressed.pdf\" target=\"_blank\" rel=\"noreferrer noopener\">Fichas t\u00e9cnicas (PRIMERA PARTE)<\/a><\/li>\n\n\n\n<li><a href=\"https:\/\/www.ssaver.gob.mx\/adquisiciones\/wp-content\/uploads\/sites\/5\/2023\/07\/FICHAS-TECNICAS-LPN-103T00000-021-2023-SEGUNDA-PARTE_compressed.pdf\" target=\"_blank\" rel=\"noreferrer noopener\">Fichas t\u00e9cnicas (SEGUNDA PARTE)<\/a><\/li>\n\n\n\n<li><a rel=\"noreferrer noopener\" href=\"https:\/\/www.ssaver.gob.mx\/adquisiciones\/wp-content\/uploads\/sites\/5\/2023\/07\/FICHAS-TECNICAS-LPN-103T00000-021-2023-TERCERA-PARTE_compressed.pdf\" target=\"_blank\">Fichas t\u00e9cnicas (TERCERA PARTE)<\/a><\/li>\n\n\n\n<li><a rel=\"noreferrer noopener\" href=\"https:\/\/www.ssaver.gob.mx\/adquisiciones\/wp-content\/uploads\/sites\/5\/2023\/07\/Acta-de-junta-de-aclaraciones-LPN-103T00000-021-2023_0001_compressed.pdf\" target=\"_blank\">Acta de junta de aclaraciones<\/a><\/li>\n\n\n\n<li><a rel=\"noreferrer noopener\" href=\"https:\/\/www.ssaver.gob.mx\/adquisiciones\/wp-content\/uploads\/sites\/5\/2023\/07\/Acta-de-apertura-de-proposiciones-LPN-103T00000-021-2023_0001_compressed-1.pdf\" target=\"_blank\">Acta de apertura de proposiciones<\/a><\/li>\n\n\n\n<li><a rel=\"noreferrer noopener\" href=\"https:\/\/www.ssaver.gob.mx\/adquisiciones\/wp-content\/uploads\/sites\/5\/2023\/08\/Acta-del-diferimiento-de-la-evaluacion-tecnica-y-economica-del-fallo-LPN-103T00000-021-2023.pdf\" target=\"_blank\">Acta del diferimiento de la evaluaci\u00f3n t\u00e9cnica y econ\u00f3mica del fallo<\/a><a rel=\"noreferrer noopener\" href=\"https:\/\/www.ssaver.gob.mx\/adquisiciones\/wp-content\/uploads\/sites\/5\/2023\/08\/Acta-del-diferimiento-de-la-evaluacion-tecnica-y-economica-del-fallo-LPN-103T00000-021-2023_0001.pdf\" target=\"_blank\"> <\/a><\/li>\n\n\n\n<li><a href=\"https:\/\/www.ssaver.gob.mx\/adquisiciones\/wp-content\/uploads\/sites\/5\/2023\/08\/Dictamen-tecnico-economico-Acta-de-fallo-LPN-103T00000-021-2023_0001_compressed.pdf\">Dictamen t\u00e9cnico-econ\u00f3mico (Acta de fallo)<\/a><\/li>\n\n\n\n<li><a rel=\"noreferrer noopener\" href=\"https:\/\/www.ssaver.gob.mx\/adquisiciones\/wp-content\/uploads\/sites\/5\/2023\/09\/Notificacion-de-fallo-LPN-103T00000-021-2023_0001_compressed.pdf\" target=\"_blank\">Notificaci\u00f3n de fallo<\/a><\/li>\n\n\n\n<li>Contrato No. <a href=\"https:\/\/www.ssaver.gob.mx\/adquisiciones\/wp-content\/uploads\/sites\/5\/2024\/01\/SESVER_DA_C-123_2023-AFECTADO-C.pdf\" target=\"_blank\" rel=\"noreferrer noopener\">123<\/a>, <a href=\"https:\/\/www.ssaver.gob.mx\/adquisiciones\/wp-content\/uploads\/sites\/5\/2024\/01\/SESVER_DA_C-124_2023-AFECTADO-C.pdf\" target=\"_blank\" rel=\"noreferrer noopener\">124<\/a>, <a href=\"https:\/\/www.ssaver.gob.mx\/adquisiciones\/wp-content\/uploads\/sites\/5\/2024\/01\/SESVER_DA_C-125_2023-AFECTADO-C.pdf\" target=\"_blank\" rel=\"noreferrer noopener\">125<\/a>, <a href=\"https:\/\/www.ssaver.gob.mx\/adquisiciones\/wp-content\/uploads\/sites\/5\/2024\/01\/SESVER_DA_C-126_2023-AFECTADO-C.pdf\" target=\"_blank\" rel=\"noreferrer noopener\">126<\/a>, <a href=\"https:\/\/www.ssaver.gob.mx\/adquisiciones\/wp-content\/uploads\/sites\/5\/2024\/01\/SESVER_DA_C-127_2023-AFECTADO-C.pdf\" target=\"_blank\" rel=\"noreferrer noopener\">127<\/a>, <a href=\"https:\/\/www.ssaver.gob.mx\/adquisiciones\/wp-content\/uploads\/sites\/5\/2024\/01\/SESVER_DA_C-128_2023-AFECTADO-C.pdf\" target=\"_blank\" rel=\"noreferrer noopener\">128<\/a>, <a href=\"https:\/\/www.ssaver.gob.mx\/adquisiciones\/wp-content\/uploads\/sites\/5\/2023\/09\/SESVER_DA_C-129_2023-AFECTADO-C.pdf\" target=\"_blank\" rel=\"noreferrer noopener\">129<\/a>, <a href=\"https:\/\/www.ssaver.gob.mx\/adquisiciones\/wp-content\/uploads\/sites\/5\/2023\/09\/SESVER_DA_C-130_2023-AFECTADO-C.pdf\" target=\"_blank\" rel=\"noreferrer noopener\">130<\/a>, <a href=\"https:\/\/www.ssaver.gob.mx\/adquisiciones\/wp-content\/uploads\/sites\/5\/2023\/09\/SESVER_DA_C-131_2023-AFECTADO-C.pdf\" target=\"_blank\" rel=\"noreferrer noopener\">131<\/a>, <a href=\"https:\/\/www.ssaver.gob.mx\/adquisiciones\/wp-content\/uploads\/sites\/5\/2024\/02\/SESVER_DA_C-132_2023-AFECTADO-C.pdf\" target=\"_blank\" rel=\"noreferrer noopener\">132<\/a>, <a href=\"https:\/\/www.ssaver.gob.mx\/adquisiciones\/wp-content\/uploads\/sites\/5\/2024\/02\/SESVER_DA_C-133_2023-AFECTADO-C.pdf\" target=\"_blank\" rel=\"noreferrer noopener\">133<\/a>, <a href=\"https:\/\/www.ssaver.gob.mx\/adquisiciones\/wp-content\/uploads\/sites\/5\/2023\/09\/SESVER_DA_C-134_2023-AFECTADO-C.pdf\" target=\"_blank\" rel=\"noreferrer noopener\">134<\/a> y <a href=\"https:\/\/www.ssaver.gob.mx\/adquisiciones\/wp-content\/uploads\/sites\/5\/2023\/09\/SESVER_DA_C-135_2023-AFECTADO-C.pdf\" target=\"_blank\" rel=\"noreferrer noopener\">135<\/a> de 2023<\/li>\n<\/ul>\n<\/li>\n<\/ul>\n<\/div>\n","protected":false},"excerpt":{"rendered":"","protected":false},"author":6,"featured_media":0,"parent":4526,"menu_order":21,"comment_status":"closed","ping_status":"closed","template":"","meta":{"colormag_page_container_layout":"default_layout","colormag_page_sidebar_layout":"default_layout","footnotes":""},"class_list":["post-5752","page","type-page","status-publish","hentry"],"_links":{"self":[{"href":"https:\/\/www.ssaver.gob.mx\/adquisiciones\/wp-json\/wp\/v2\/pages\/5752","targetHints":{"allow":["GET"]}}],"collection":[{"href":"https:\/\/www.ssaver.gob.mx\/adquisiciones\/wp-json\/wp\/v2\/pages"}],"about":[{"href":"https:\/\/www.ssaver.gob.mx\/adquisiciones\/wp-json\/wp\/v2\/types\/page"}],"author":[{"embeddable":true,"href":"https:\/\/www.ssaver.gob.mx\/adquisiciones\/wp-json\/wp\/v2\/users\/6"}],"replies":[{"embeddable":true,"href":"https:\/\/www.ssaver.gob.mx\/adquisiciones\/wp-json\/wp\/v2\/comments?post=5752"}],"version-history":[{"count":26,"href":"https:\/\/www.ssaver.gob.mx\/adquisiciones\/wp-json\/wp\/v2\/pages\/5752\/revisions"}],"predecessor-version":[{"id":12207,"href":"https:\/\/www.ssaver.gob.mx\/adquisiciones\/wp-json\/wp\/v2\/pages\/5752\/revisions\/12207"}],"up":[{"embeddable":true,"href":"https:\/\/www.ssaver.gob.mx\/adquisiciones\/wp-json\/wp\/v2\/pages\/4526"}],"wp:attachment":[{"href":"https:\/\/www.ssaver.gob.mx\/adquisiciones\/wp-json\/wp\/v2\/media?parent=5752"}],"curies":[{"name":"wp","href":"https:\/\/api.w.org\/{rel}","templated":true}]}}

Licitación Pública Nacional LPN-103T00000-021-2023

<div class="wp-block-group is-layout-constrained wp-container-core-group-is-layout-9517baca wp-block-group-is-layout-constrained">
<hr class="wp-block-separator has-text-color has-alpha-channel-opacity has-background is-style-wide" style="background-color:#d8bf31;color:#d8bf31" />



<ul style="color:#5b4c0d;background-color:#fff4e0" class="wp-block-list has-text-color has-background">
<li><strong>Relativa a la Adquisición de Mobiliario, Bienes Informáticos, Equipo Administrativo, Equipo E Instrumental Médico y de Laboratorio para las Unidades de Primer y Segundo Nivel que serán sometidas al proceso de Acreditación y Reacreditación&nbsp; 2023.</strong>
<ul class="wp-block-list">
<li><a href="https://www.ssaver.gob.mx/adquisiciones/wp-content/uploads/sites/5/2023/07/CONVOCATORIA-No.-LPN-103T00000-021-2023.pdf" target="_blank" rel="noreferrer noopener">Convocatoria</a></li>



<li><a href="https://www.ssaver.gob.mx/adquisiciones/wp-content/uploads/sites/5/2023/07/BASES-Y-ANEXOS-LPN-103T00000-021-2023_compressed.pdf" target="_blank" rel="noreferrer noopener">Bases y Anexos</a></li>



<li><a href="https://www.ssaver.gob.mx/adquisiciones/wp-content/uploads/sites/5/2023/07/FICHAS-TECNICAS-LPN-103T00000-021-2023-PRIMERA-PARTE_compressed.pdf" target="_blank" rel="noreferrer noopener">Fichas técnicas (PRIMERA PARTE)</a></li>



<li><a href="https://www.ssaver.gob.mx/adquisiciones/wp-content/uploads/sites/5/2023/07/FICHAS-TECNICAS-LPN-103T00000-021-2023-SEGUNDA-PARTE_compressed.pdf" target="_blank" rel="noreferrer noopener">Fichas técnicas (SEGUNDA PARTE)</a></li>



<li><a rel="noreferrer noopener" href="https://www.ssaver.gob.mx/adquisiciones/wp-content/uploads/sites/5/2023/07/FICHAS-TECNICAS-LPN-103T00000-021-2023-TERCERA-PARTE_compressed.pdf" target="_blank">Fichas técnicas (TERCERA PARTE)</a></li>



<li><a rel="noreferrer noopener" href="https://www.ssaver.gob.mx/adquisiciones/wp-content/uploads/sites/5/2023/07/Acta-de-junta-de-aclaraciones-LPN-103T00000-021-2023_0001_compressed.pdf" target="_blank">Acta de junta de aclaraciones</a></li>



<li><a rel="noreferrer noopener" href="https://www.ssaver.gob.mx/adquisiciones/wp-content/uploads/sites/5/2023/07/Acta-de-apertura-de-proposiciones-LPN-103T00000-021-2023_0001_compressed-1.pdf" target="_blank">Acta de apertura de proposiciones</a></li>



<li><a rel="noreferrer noopener" href="https://www.ssaver.gob.mx/adquisiciones/wp-content/uploads/sites/5/2023/08/Acta-del-diferimiento-de-la-evaluacion-tecnica-y-economica-del-fallo-LPN-103T00000-021-2023.pdf" target="_blank">Acta del diferimiento de la evaluación técnica y económica del fallo</a><a rel="noreferrer noopener" href="https://www.ssaver.gob.mx/adquisiciones/wp-content/uploads/sites/5/2023/08/Acta-del-diferimiento-de-la-evaluacion-tecnica-y-economica-del-fallo-LPN-103T00000-021-2023_0001.pdf" target="_blank"> </a></li>



<li><a href="https://www.ssaver.gob.mx/adquisiciones/wp-content/uploads/sites/5/2023/08/Dictamen-tecnico-economico-Acta-de-fallo-LPN-103T00000-021-2023_0001_compressed.pdf">Dictamen técnico-económico (Acta de fallo)</a></li>



<li><a rel="noreferrer noopener" href="https://www.ssaver.gob.mx/adquisiciones/wp-content/uploads/sites/5/2023/09/Notificacion-de-fallo-LPN-103T00000-021-2023_0001_compressed.pdf" target="_blank">Notificación de fallo</a></li>



<li>Contrato No. <a href="https://www.ssaver.gob.mx/adquisiciones/wp-content/uploads/sites/5/2024/01/SESVER_DA_C-123_2023-AFECTADO-C.pdf" target="_blank" rel="noreferrer noopener">123</a>, <a href="https://www.ssaver.gob.mx/adquisiciones/wp-content/uploads/sites/5/2024/01/SESVER_DA_C-124_2023-AFECTADO-C.pdf" target="_blank" rel="noreferrer noopener">124</a>, <a href="https://www.ssaver.gob.mx/adquisiciones/wp-content/uploads/sites/5/2024/01/SESVER_DA_C-125_2023-AFECTADO-C.pdf" target="_blank" rel="noreferrer noopener">125</a>, <a href="https://www.ssaver.gob.mx/adquisiciones/wp-content/uploads/sites/5/2024/01/SESVER_DA_C-126_2023-AFECTADO-C.pdf" target="_blank" rel="noreferrer noopener">126</a>, <a href="https://www.ssaver.gob.mx/adquisiciones/wp-content/uploads/sites/5/2024/01/SESVER_DA_C-127_2023-AFECTADO-C.pdf" target="_blank" rel="noreferrer noopener">127</a>, <a href="https://www.ssaver.gob.mx/adquisiciones/wp-content/uploads/sites/5/2024/01/SESVER_DA_C-128_2023-AFECTADO-C.pdf" target="_blank" rel="noreferrer noopener">128</a>, <a href="https://www.ssaver.gob.mx/adquisiciones/wp-content/uploads/sites/5/2023/09/SESVER_DA_C-129_2023-AFECTADO-C.pdf" target="_blank" rel="noreferrer noopener">129</a>, <a href="https://www.ssaver.gob.mx/adquisiciones/wp-content/uploads/sites/5/2023/09/SESVER_DA_C-130_2023-AFECTADO-C.pdf" target="_blank" rel="noreferrer noopener">130</a>, <a href="https://www.ssaver.gob.mx/adquisiciones/wp-content/uploads/sites/5/2023/09/SESVER_DA_C-131_2023-AFECTADO-C.pdf" target="_blank" rel="noreferrer noopener">131</a>, <a href="https://www.ssaver.gob.mx/adquisiciones/wp-content/uploads/sites/5/2024/02/SESVER_DA_C-132_2023-AFECTADO-C.pdf" target="_blank" rel="noreferrer noopener">132</a>, <a href="https://www.ssaver.gob.mx/adquisiciones/wp-content/uploads/sites/5/2024/02/SESVER_DA_C-133_2023-AFECTADO-C.pdf" target="_blank" rel="noreferrer noopener">133</a>, <a href="https://www.ssaver.gob.mx/adquisiciones/wp-content/uploads/sites/5/2023/09/SESVER_DA_C-134_2023-AFECTADO-C.pdf" target="_blank" rel="noreferrer noopener">134</a> y <a href="https://www.ssaver.gob.mx/adquisiciones/wp-content/uploads/sites/5/2023/09/SESVER_DA_C-135_2023-AFECTADO-C.pdf" target="_blank" rel="noreferrer noopener">135</a> de 2023</li>
</ul>
</li>
</ul>
</div>
