{"id":5850,"date":"2023-07-21T11:39:51","date_gmt":"2023-07-21T16:39:51","guid":{"rendered":"https:\/\/www.ssaver.gob.mx\/adquisiciones\/?page_id=5850"},"modified":"2026-04-01T11:07:40","modified_gmt":"2026-04-01T17:07:40","slug":"licitacion-publica-nacional-lpn-103t00000-023-2023","status":"publish","type":"page","link":"https:\/\/www.ssaver.gob.mx\/adquisiciones\/licitaciones-2023\/licitaciones-publicas-nacionales-2023\/licitacion-publica-nacional-lpn-103t00000-023-2023\/","title":{"rendered":"Licitaci\u00f3n P\u00fablica Nacional LPN-103T00000-023-2023"},"content":{"rendered":"\n<div class=\"wp-block-group is-layout-constrained wp-container-core-group-is-layout-9517baca wp-block-group-is-layout-constrained\">\n<hr class=\"wp-block-separator has-text-color has-alpha-channel-opacity has-background is-style-wide\" style=\"background-color:#d8bf31;color:#d8bf31\" \/>\n\n\n\n<ul style=\"color:#5b4c0d;background-color:#fff4e0\" class=\"wp-block-list has-text-color has-background\">\n<li><strong>Relativa a la contrataci\u00f3n abierta para la Adquisici\u00f3n de Medicamento y Material de Curaci\u00f3n para Unidades M\u00e9dicas de Primer, Segundo y Tercer Nivel de Atenci\u00f3n<\/strong>.\n<ul class=\"wp-block-list\">\n<li><a rel=\"noreferrer noopener\" href=\"https:\/\/www.ssaver.gob.mx\/adquisiciones\/wp-content\/uploads\/sites\/5\/2023\/07\/CONVOCATORIA-NO.-23-ok.pdf\" target=\"_blank\">Convocatoria<\/a><\/li>\n\n\n\n<li><a href=\"https:\/\/www.ssaver.gob.mx\/adquisiciones\/wp-content\/uploads\/sites\/5\/2023\/07\/NOTA-ACLARATORIA-CONVOCATORIA-23.pdf\" target=\"_blank\" rel=\"noreferrer noopener\">Nota aclaratoria a Convocatoria<\/a><\/li>\n\n\n\n<li><a rel=\"noreferrer noopener\" href=\"https:\/\/www.ssaver.gob.mx\/adquisiciones\/wp-content\/uploads\/sites\/5\/2023\/07\/BASES-Y-ANEXOS-LPN-103T00000-023-2023_0001_compressed-2.pdf\" target=\"_blank\">Bases y Anexos<\/a><\/li>\n\n\n\n<li><a rel=\"noreferrer noopener\" href=\"https:\/\/www.ssaver.gob.mx\/adquisiciones\/wp-content\/uploads\/sites\/5\/2023\/07\/Acta-de-junta-de-aclaraciones-LPN-103T00000-023-2023_0001_compressed-1.pdf\" target=\"_blank\">Acta de junta de aclaraciones<\/a><\/li>\n\n\n\n<li><a rel=\"noreferrer noopener\" href=\"https:\/\/www.ssaver.gob.mx\/adquisiciones\/wp-content\/uploads\/sites\/5\/2023\/08\/Acta-de-apertura-de-proposiciones-LPN-103T00000-023-2023_0001_compressed.pdf\" target=\"_blank\">Acta de apertura de proposiciones<\/a><\/li>\n\n\n\n<li><a rel=\"noreferrer noopener\" href=\"https:\/\/www.ssaver.gob.mx\/adquisiciones\/wp-content\/uploads\/sites\/5\/2023\/08\/Acta-del-diferimiento-de-la-evaluacion-tecnica-y-economica-y-emision-del-fallo-LPN-103T00000-023-2023_0001.pdf\" target=\"_blank\">Acta del diferimiento de la evaluaci\u00f3n t\u00e9cnica y econ\u00f3mica y emisi\u00f3n del fallo <\/a><\/li>\n\n\n\n<li><a rel=\"noreferrer noopener\" href=\"https:\/\/www.ssaver.gob.mx\/adquisiciones\/wp-content\/uploads\/sites\/5\/2023\/08\/Dictamen-tecnico-economico-Acta-de-fallo-LPN-103T00000-023-2023_compressed.pdf\" target=\"_blank\">Dictamen t\u00e9cnico-econ\u00f3mico (Acta de fallo)<\/a><\/li>\n\n\n\n<li><a rel=\"noreferrer noopener\" href=\"https:\/\/www.ssaver.gob.mx\/adquisiciones\/wp-content\/uploads\/sites\/5\/2023\/08\/Fe-de-erratas-al-acta-del-resultado-de-la-evaluacion-tecnica-y-economica-y-comunicacion-del-fallo-LPN-103T00000-023-2023_0001_compressed.pdf\" target=\"_blank\">Fe de erratas al acta del resultado de la evaluaci\u00f3n t\u00e9cnica y econ\u00f3mica y comunicaci\u00f3n del fallo<\/a> <\/li>\n\n\n\n<li>Contrato No. <a href=\"https:\/\/www.ssaver.gob.mx\/adquisiciones\/wp-content\/uploads\/sites\/5\/2024\/01\/SESVER_DA_C-157_2023-AFECTADO-C.pdf\" target=\"_blank\" rel=\"noreferrer noopener\">157<\/a>, <a href=\"https:\/\/www.ssaver.gob.mx\/adquisiciones\/wp-content\/uploads\/sites\/5\/2024\/01\/SESVER_DA_C-158_2023-AFECTADO-C.pdf\">158<\/a>, <a href=\"https:\/\/www.ssaver.gob.mx\/adquisiciones\/wp-content\/uploads\/sites\/5\/2023\/09\/SESVER_DA_C-159_2023-AFECTADO-C.pdf\" target=\"_blank\" rel=\"noreferrer noopener\">159<\/a>, <a href=\"https:\/\/www.ssaver.gob.mx\/adquisiciones\/wp-content\/uploads\/sites\/5\/2024\/01\/SESVER_DA_C-160_2023-AFECTADO-C.pdf\" target=\"_blank\" rel=\"noreferrer noopener\">160<\/a>, <a href=\"https:\/\/www.ssaver.gob.mx\/adquisiciones\/wp-content\/uploads\/sites\/5\/2024\/01\/SESVER_DA_C-161_2023-AFECTADO-C.pdf\" target=\"_blank\" rel=\"noreferrer noopener\">161<\/a>, <a href=\"https:\/\/www.ssaver.gob.mx\/adquisiciones\/wp-content\/uploads\/sites\/5\/2024\/01\/SESVER_DA_C-162_2023-AFECTADO-C.pdf\">162<\/a>, <a href=\"https:\/\/www.ssaver.gob.mx\/adquisiciones\/wp-content\/uploads\/sites\/5\/2024\/01\/SESVER_DA_C-163_2023-AFECTADO-C.pdf\" target=\"_blank\" rel=\"noreferrer noopener\">163<\/a>, <a href=\"https:\/\/www.ssaver.gob.mx\/adquisiciones\/wp-content\/uploads\/sites\/5\/2024\/01\/SESVER_DA_C-164_2023-AFECTADO-C.pdf\" target=\"_blank\" rel=\"noreferrer noopener\">164<\/a>, <a href=\"https:\/\/www.ssaver.gob.mx\/adquisiciones\/wp-content\/uploads\/sites\/5\/2024\/01\/SESVER_DA_C-165_2023-AFECTADO-C.pdf\" target=\"_blank\" rel=\"noreferrer noopener\">165<\/a>, <a href=\"https:\/\/www.ssaver.gob.mx\/adquisiciones\/wp-content\/uploads\/sites\/5\/2024\/01\/SESVER_DA_C-166_2023-AFECTADO-C.pdf\" target=\"_blank\" rel=\"noreferrer noopener\">166<\/a>, <a href=\"https:\/\/www.ssaver.gob.mx\/adquisiciones\/wp-content\/uploads\/sites\/5\/2024\/01\/SESVER_DA_C-167_2023-AFECTADO-C.pdf\" target=\"_blank\" rel=\"noreferrer noopener\">167<\/a>, <a href=\"https:\/\/www.ssaver.gob.mx\/adquisiciones\/wp-content\/uploads\/sites\/5\/2024\/01\/SESVER_DA_C-168_2023-AFECTADO-C.pdf\" target=\"_blank\" rel=\"noreferrer noopener\">168<\/a>, <a href=\"https:\/\/www.ssaver.gob.mx\/adquisiciones\/wp-content\/uploads\/sites\/5\/2024\/01\/SESVER_DA_C-169_2023-AFECTADO-C.pdf\" target=\"_blank\" rel=\"noreferrer noopener\">169<\/a>, <a href=\"https:\/\/www.ssaver.gob.mx\/adquisiciones\/wp-content\/uploads\/sites\/5\/2024\/01\/SESVER_DA_C-170_2023-AFECTADO-C.pdf\">170,<\/a> <a href=\"https:\/\/www.ssaver.gob.mx\/adquisiciones\/wp-content\/uploads\/sites\/5\/2024\/01\/SESVER_DA_C-171_2023-AFECTADO-C.pdf\" target=\"_blank\" rel=\"noreferrer noopener\">171<\/a>, <a href=\"https:\/\/www.ssaver.gob.mx\/adquisiciones\/wp-content\/uploads\/sites\/5\/2024\/01\/SESVER_DA_C-172_2023-AFECTADO-C.pdf\" target=\"_blank\" rel=\"noreferrer noopener\">172<\/a>, <a href=\"https:\/\/www.ssaver.gob.mx\/adquisiciones\/wp-content\/uploads\/sites\/5\/2024\/01\/SESVER_DA_C-173_2023-AFECTADO-C.pdf\" target=\"_blank\" rel=\"noreferrer noopener\">173<\/a>, <a href=\"https:\/\/www.ssaver.gob.mx\/adquisiciones\/wp-content\/uploads\/sites\/5\/2024\/01\/SESVER_DA_C-174_2023-AFECTADO-C.pdf\" target=\"_blank\" rel=\"noreferrer noopener\">174<\/a>, <a href=\"https:\/\/www.ssaver.gob.mx\/adquisiciones\/wp-content\/uploads\/sites\/5\/2024\/01\/SESVER_DA_C-175_2023-AFECTADO-C.pdf\">175<\/a>, <a href=\"https:\/\/www.ssaver.gob.mx\/adquisiciones\/wp-content\/uploads\/sites\/5\/2024\/01\/SESVER_DA_C-176_2023-AFECTADO-C.pdf\" target=\"_blank\" rel=\"noreferrer noopener\">176<\/a>, <a href=\"https:\/\/www.ssaver.gob.mx\/adquisiciones\/wp-content\/uploads\/sites\/5\/2024\/01\/SESVER_DA_C-177_2023-AFECTADO-C.pdf\" target=\"_blank\" rel=\"noreferrer noopener\">177<\/a>, <a href=\"https:\/\/www.ssaver.gob.mx\/adquisiciones\/wp-content\/uploads\/sites\/5\/2024\/01\/SESVER_DA_C-178_2023-AFECTADO-C.pdf\" target=\"_blank\" rel=\"noreferrer noopener\">178<\/a> de 2023<\/li>\n\n\n\n<li>Pedido No. <a href=\"https:\/\/www.ssaver.gob.mx\/adquisiciones\/wp-content\/uploads\/sites\/5\/2024\/01\/SESVER_DA_P-012_2023-AFECTADO-C.pdf\" target=\"_blank\" rel=\"noreferrer noopener\">012<\/a> de 2023<\/li>\n\n\n\n<li><a href=\"https:\/\/www.ssaver.gob.mx\/adquisiciones\/wp-content\/uploads\/sites\/5\/2023\/09\/Testimonio-emitido-por-la-testigo-social_0001.pdf\" target=\"_blank\" rel=\"noreferrer noopener\">Testimonio emitido por la testigo social<\/a><\/li>\n\n\n\n<li><a href=\"https:\/\/www.ssaver.gob.mx\/adquisiciones\/wp-content\/uploads\/sites\/5\/2024\/03\/C.ADE-031_2023-AL-C-159_2023-AFECTADO-C.pdf\" target=\"_blank\" rel=\"noreferrer noopener\">Adendum No. SESVER\/DA\/C.ADE-31\/2023 al contratos 159<\/a><\/li>\n<\/ul>\n<\/li>\n<\/ul>\n<\/div>\n","protected":false},"excerpt":{"rendered":"","protected":false},"author":6,"featured_media":0,"parent":4526,"menu_order":23,"comment_status":"closed","ping_status":"closed","template":"","meta":{"colormag_page_container_layout":"default_layout","colormag_page_sidebar_layout":"default_layout","footnotes":""},"class_list":["post-5850","page","type-page","status-publish","hentry"],"_links":{"self":[{"href":"https:\/\/www.ssaver.gob.mx\/adquisiciones\/wp-json\/wp\/v2\/pages\/5850","targetHints":{"allow":["GET"]}}],"collection":[{"href":"https:\/\/www.ssaver.gob.mx\/adquisiciones\/wp-json\/wp\/v2\/pages"}],"about":[{"href":"https:\/\/www.ssaver.gob.mx\/adquisiciones\/wp-json\/wp\/v2\/types\/page"}],"author":[{"embeddable":true,"href":"https:\/\/www.ssaver.gob.mx\/adquisiciones\/wp-json\/wp\/v2\/users\/6"}],"replies":[{"embeddable":true,"href":"https:\/\/www.ssaver.gob.mx\/adquisiciones\/wp-json\/wp\/v2\/comments?post=5850"}],"version-history":[{"count":23,"href":"https:\/\/www.ssaver.gob.mx\/adquisiciones\/wp-json\/wp\/v2\/pages\/5850\/revisions"}],"predecessor-version":[{"id":12209,"href":"https:\/\/www.ssaver.gob.mx\/adquisiciones\/wp-json\/wp\/v2\/pages\/5850\/revisions\/12209"}],"up":[{"embeddable":true,"href":"https:\/\/www.ssaver.gob.mx\/adquisiciones\/wp-json\/wp\/v2\/pages\/4526"}],"wp:attachment":[{"href":"https:\/\/www.ssaver.gob.mx\/adquisiciones\/wp-json\/wp\/v2\/media?parent=5850"}],"curies":[{"name":"wp","href":"https:\/\/api.w.org\/{rel}","templated":true}]}}

Licitación Pública Nacional LPN-103T00000-023-2023

<div class="wp-block-group is-layout-constrained wp-container-core-group-is-layout-9517baca wp-block-group-is-layout-constrained">
<hr class="wp-block-separator has-text-color has-alpha-channel-opacity has-background is-style-wide" style="background-color:#d8bf31;color:#d8bf31" />



<ul style="color:#5b4c0d;background-color:#fff4e0" class="wp-block-list has-text-color has-background">
<li><strong>Relativa a la contratación abierta para la Adquisición de Medicamento y Material de Curación para Unidades Médicas de Primer, Segundo y Tercer Nivel de Atención</strong>.
<ul class="wp-block-list">
<li><a rel="noreferrer noopener" href="https://www.ssaver.gob.mx/adquisiciones/wp-content/uploads/sites/5/2023/07/CONVOCATORIA-NO.-23-ok.pdf" target="_blank">Convocatoria</a></li>



<li><a href="https://www.ssaver.gob.mx/adquisiciones/wp-content/uploads/sites/5/2023/07/NOTA-ACLARATORIA-CONVOCATORIA-23.pdf" target="_blank" rel="noreferrer noopener">Nota aclaratoria a Convocatoria</a></li>



<li><a rel="noreferrer noopener" href="https://www.ssaver.gob.mx/adquisiciones/wp-content/uploads/sites/5/2023/07/BASES-Y-ANEXOS-LPN-103T00000-023-2023_0001_compressed-2.pdf" target="_blank">Bases y Anexos</a></li>



<li><a rel="noreferrer noopener" href="https://www.ssaver.gob.mx/adquisiciones/wp-content/uploads/sites/5/2023/07/Acta-de-junta-de-aclaraciones-LPN-103T00000-023-2023_0001_compressed-1.pdf" target="_blank">Acta de junta de aclaraciones</a></li>



<li><a rel="noreferrer noopener" href="https://www.ssaver.gob.mx/adquisiciones/wp-content/uploads/sites/5/2023/08/Acta-de-apertura-de-proposiciones-LPN-103T00000-023-2023_0001_compressed.pdf" target="_blank">Acta de apertura de proposiciones</a></li>



<li><a rel="noreferrer noopener" href="https://www.ssaver.gob.mx/adquisiciones/wp-content/uploads/sites/5/2023/08/Acta-del-diferimiento-de-la-evaluacion-tecnica-y-economica-y-emision-del-fallo-LPN-103T00000-023-2023_0001.pdf" target="_blank">Acta del diferimiento de la evaluación técnica y económica y emisión del fallo </a></li>



<li><a rel="noreferrer noopener" href="https://www.ssaver.gob.mx/adquisiciones/wp-content/uploads/sites/5/2023/08/Dictamen-tecnico-economico-Acta-de-fallo-LPN-103T00000-023-2023_compressed.pdf" target="_blank">Dictamen técnico-económico (Acta de fallo)</a></li>



<li><a rel="noreferrer noopener" href="https://www.ssaver.gob.mx/adquisiciones/wp-content/uploads/sites/5/2023/08/Fe-de-erratas-al-acta-del-resultado-de-la-evaluacion-tecnica-y-economica-y-comunicacion-del-fallo-LPN-103T00000-023-2023_0001_compressed.pdf" target="_blank">Fe de erratas al acta del resultado de la evaluación técnica y económica y comunicación del fallo</a> </li>



<li>Contrato No. <a href="https://www.ssaver.gob.mx/adquisiciones/wp-content/uploads/sites/5/2024/01/SESVER_DA_C-157_2023-AFECTADO-C.pdf" target="_blank" rel="noreferrer noopener">157</a>, <a href="https://www.ssaver.gob.mx/adquisiciones/wp-content/uploads/sites/5/2024/01/SESVER_DA_C-158_2023-AFECTADO-C.pdf">158</a>, <a href="https://www.ssaver.gob.mx/adquisiciones/wp-content/uploads/sites/5/2023/09/SESVER_DA_C-159_2023-AFECTADO-C.pdf" target="_blank" rel="noreferrer noopener">159</a>, <a href="https://www.ssaver.gob.mx/adquisiciones/wp-content/uploads/sites/5/2024/01/SESVER_DA_C-160_2023-AFECTADO-C.pdf" target="_blank" rel="noreferrer noopener">160</a>, <a href="https://www.ssaver.gob.mx/adquisiciones/wp-content/uploads/sites/5/2024/01/SESVER_DA_C-161_2023-AFECTADO-C.pdf" target="_blank" rel="noreferrer noopener">161</a>, <a href="https://www.ssaver.gob.mx/adquisiciones/wp-content/uploads/sites/5/2024/01/SESVER_DA_C-162_2023-AFECTADO-C.pdf">162</a>, <a href="https://www.ssaver.gob.mx/adquisiciones/wp-content/uploads/sites/5/2024/01/SESVER_DA_C-163_2023-AFECTADO-C.pdf" target="_blank" rel="noreferrer noopener">163</a>, <a href="https://www.ssaver.gob.mx/adquisiciones/wp-content/uploads/sites/5/2024/01/SESVER_DA_C-164_2023-AFECTADO-C.pdf" target="_blank" rel="noreferrer noopener">164</a>, <a href="https://www.ssaver.gob.mx/adquisiciones/wp-content/uploads/sites/5/2024/01/SESVER_DA_C-165_2023-AFECTADO-C.pdf" target="_blank" rel="noreferrer noopener">165</a>, <a href="https://www.ssaver.gob.mx/adquisiciones/wp-content/uploads/sites/5/2024/01/SESVER_DA_C-166_2023-AFECTADO-C.pdf" target="_blank" rel="noreferrer noopener">166</a>, <a href="https://www.ssaver.gob.mx/adquisiciones/wp-content/uploads/sites/5/2024/01/SESVER_DA_C-167_2023-AFECTADO-C.pdf" target="_blank" rel="noreferrer noopener">167</a>, <a href="https://www.ssaver.gob.mx/adquisiciones/wp-content/uploads/sites/5/2024/01/SESVER_DA_C-168_2023-AFECTADO-C.pdf" target="_blank" rel="noreferrer noopener">168</a>, <a href="https://www.ssaver.gob.mx/adquisiciones/wp-content/uploads/sites/5/2024/01/SESVER_DA_C-169_2023-AFECTADO-C.pdf" target="_blank" rel="noreferrer noopener">169</a>, <a href="https://www.ssaver.gob.mx/adquisiciones/wp-content/uploads/sites/5/2024/01/SESVER_DA_C-170_2023-AFECTADO-C.pdf">170,</a> <a href="https://www.ssaver.gob.mx/adquisiciones/wp-content/uploads/sites/5/2024/01/SESVER_DA_C-171_2023-AFECTADO-C.pdf" target="_blank" rel="noreferrer noopener">171</a>, <a href="https://www.ssaver.gob.mx/adquisiciones/wp-content/uploads/sites/5/2024/01/SESVER_DA_C-172_2023-AFECTADO-C.pdf" target="_blank" rel="noreferrer noopener">172</a>, <a href="https://www.ssaver.gob.mx/adquisiciones/wp-content/uploads/sites/5/2024/01/SESVER_DA_C-173_2023-AFECTADO-C.pdf" target="_blank" rel="noreferrer noopener">173</a>, <a href="https://www.ssaver.gob.mx/adquisiciones/wp-content/uploads/sites/5/2024/01/SESVER_DA_C-174_2023-AFECTADO-C.pdf" target="_blank" rel="noreferrer noopener">174</a>, <a href="https://www.ssaver.gob.mx/adquisiciones/wp-content/uploads/sites/5/2024/01/SESVER_DA_C-175_2023-AFECTADO-C.pdf">175</a>, <a href="https://www.ssaver.gob.mx/adquisiciones/wp-content/uploads/sites/5/2024/01/SESVER_DA_C-176_2023-AFECTADO-C.pdf" target="_blank" rel="noreferrer noopener">176</a>, <a href="https://www.ssaver.gob.mx/adquisiciones/wp-content/uploads/sites/5/2024/01/SESVER_DA_C-177_2023-AFECTADO-C.pdf" target="_blank" rel="noreferrer noopener">177</a>, <a href="https://www.ssaver.gob.mx/adquisiciones/wp-content/uploads/sites/5/2024/01/SESVER_DA_C-178_2023-AFECTADO-C.pdf" target="_blank" rel="noreferrer noopener">178</a> de 2023</li>



<li>Pedido No. <a href="https://www.ssaver.gob.mx/adquisiciones/wp-content/uploads/sites/5/2024/01/SESVER_DA_P-012_2023-AFECTADO-C.pdf" target="_blank" rel="noreferrer noopener">012</a> de 2023</li>



<li><a href="https://www.ssaver.gob.mx/adquisiciones/wp-content/uploads/sites/5/2023/09/Testimonio-emitido-por-la-testigo-social_0001.pdf" target="_blank" rel="noreferrer noopener">Testimonio emitido por la testigo social</a></li>



<li><a href="https://www.ssaver.gob.mx/adquisiciones/wp-content/uploads/sites/5/2024/03/C.ADE-031_2023-AL-C-159_2023-AFECTADO-C.pdf" target="_blank" rel="noreferrer noopener">Adendum No. SESVER/DA/C.ADE-31/2023 al contratos 159</a></li>
</ul>
</li>
</ul>
</div>
