{"id":6038,"date":"2023-08-07T15:29:01","date_gmt":"2023-08-07T20:29:01","guid":{"rendered":"https:\/\/www.ssaver.gob.mx\/adquisiciones\/?page_id=6038"},"modified":"2026-03-31T10:47:17","modified_gmt":"2026-03-31T16:47:17","slug":"licitacion-simplificada-ls-103t00000-024-2023","status":"publish","type":"page","link":"https:\/\/www.ssaver.gob.mx\/adquisiciones\/licitaciones-2023\/licitaciones-simplificadas-2023\/licitaciones-simplificadas-2023-021-040\/licitacion-simplificada-ls-103t00000-024-2023\/","title":{"rendered":"Licitaci\u00f3n Simplificada LS-103T00000-024-2023"},"content":{"rendered":"\n<div class=\"wp-block-group is-layout-constrained wp-container-core-group-is-layout-9517baca wp-block-group-is-layout-constrained\">\n<hr class=\"wp-block-separator has-text-color has-alpha-channel-opacity has-background is-style-wide\" style=\"background-color:#d8bf31;color:#d8bf31\" \/>\n\n\n\n<ul style=\"color:#5b4c0d;background-color:#fff4e0\" class=\"wp-block-list has-text-color has-background has-medium-font-size\">\n<li><strong>Relativa&nbsp; a&nbsp; la Adquisici\u00f3n,&nbsp; Instalaci\u00f3n,&nbsp; Puesta&nbsp; en&nbsp; Marcha&nbsp; y&nbsp; Capacitaci\u00f3n al&nbsp; Personal&nbsp; Usuario&nbsp; de&nbsp; Equipo&nbsp; M\u00e9dico&nbsp; para&nbsp; el&nbsp; Centro&nbsp; Estatal de&nbsp; Trasplantes&nbsp; y&nbsp; para&nbsp; el&nbsp; Centro&nbsp; Regulador&nbsp; de&nbsp; Urgencias M\u00e9dicas&nbsp; \u00bbCRUM\u00bb.<\/strong>\n<ul class=\"wp-block-list\">\n<li><a href=\"https:\/\/www.ssaver.gob.mx\/adquisiciones\/wp-content\/uploads\/sites\/5\/2023\/08\/Oficios-de-invitacion-LS-103T00000-024-2023_0001_compressed.pdf\" target=\"_blank\" rel=\"noreferrer noopener\">Oficios de Invitaci\u00f3n<\/a><\/li>\n\n\n\n<li><a href=\"https:\/\/www.ssaver.gob.mx\/adquisiciones\/wp-content\/uploads\/sites\/5\/2023\/08\/BASES-Y-ANEXOS-LS-103T00000-024-2023_0001_compressed.pdf\" target=\"_blank\" rel=\"noreferrer noopener\">Bases y Anexos<\/a><\/li>\n\n\n\n<li><a rel=\"noreferrer noopener\" href=\"https:\/\/www.ssaver.gob.mx\/adquisiciones\/wp-content\/uploads\/sites\/5\/2023\/08\/Acta-de-apertura-de-proposiciones-LS-103T00000-024-2023_compressed.pdf\" target=\"_blank\">Acta de apertura de proposiciones<\/a><\/li>\n\n\n\n<li><a href=\"https:\/\/www.ssaver.gob.mx\/adquisiciones\/wp-content\/uploads\/sites\/5\/2023\/08\/Dictamen-tecnico-economico-Acta-de-fallo-LS-103T00000-024-2023-1.pdf\" target=\"_blank\" rel=\"noreferrer noopener\">Dictamen t\u00e9cnico-econ\u00f3mico (Acta de fallo)<\/a><\/li>\n\n\n\n<li><a rel=\"noreferrer noopener\" href=\"https:\/\/www.ssaver.gob.mx\/adquisiciones\/wp-content\/uploads\/sites\/5\/2023\/08\/Notificacion-de-fallo-LS-103T00000-024-2023_0001.pdf\" target=\"_blank\">Notificaci\u00f3n de fallo<\/a><\/li>\n\n\n\n<li>Contrato No. <a href=\"https:\/\/www.ssaver.gob.mx\/adquisiciones\/wp-content\/uploads\/sites\/5\/2023\/09\/SESVER_DA_C-179_2023-AFECTADO-C.pdf\" target=\"_blank\" rel=\"noreferrer noopener\">179<\/a> y<a href=\"https:\/\/www.ssaver.gob.mx\/adquisiciones\/wp-content\/uploads\/sites\/5\/2023\/09\/SESVER_DA_C-180_2023-AFECTADO-C.pdf\" target=\"_blank\" rel=\"noreferrer noopener\">180 <\/a>de 2023<\/li>\n<\/ul>\n<\/li>\n<\/ul>\n\n\n\n<p><\/p>\n<\/div>\n","protected":false},"excerpt":{"rendered":"","protected":false},"author":6,"featured_media":0,"parent":5800,"menu_order":24,"comment_status":"closed","ping_status":"closed","template":"","meta":{"colormag_page_container_layout":"default_layout","colormag_page_sidebar_layout":"default_layout","footnotes":""},"class_list":["post-6038","page","type-page","status-publish","hentry"],"_links":{"self":[{"href":"https:\/\/www.ssaver.gob.mx\/adquisiciones\/wp-json\/wp\/v2\/pages\/6038","targetHints":{"allow":["GET"]}}],"collection":[{"href":"https:\/\/www.ssaver.gob.mx\/adquisiciones\/wp-json\/wp\/v2\/pages"}],"about":[{"href":"https:\/\/www.ssaver.gob.mx\/adquisiciones\/wp-json\/wp\/v2\/types\/page"}],"author":[{"embeddable":true,"href":"https:\/\/www.ssaver.gob.mx\/adquisiciones\/wp-json\/wp\/v2\/users\/6"}],"replies":[{"embeddable":true,"href":"https:\/\/www.ssaver.gob.mx\/adquisiciones\/wp-json\/wp\/v2\/comments?post=6038"}],"version-history":[{"count":16,"href":"https:\/\/www.ssaver.gob.mx\/adquisiciones\/wp-json\/wp\/v2\/pages\/6038\/revisions"}],"predecessor-version":[{"id":11913,"href":"https:\/\/www.ssaver.gob.mx\/adquisiciones\/wp-json\/wp\/v2\/pages\/6038\/revisions\/11913"}],"up":[{"embeddable":true,"href":"https:\/\/www.ssaver.gob.mx\/adquisiciones\/wp-json\/wp\/v2\/pages\/5800"}],"wp:attachment":[{"href":"https:\/\/www.ssaver.gob.mx\/adquisiciones\/wp-json\/wp\/v2\/media?parent=6038"}],"curies":[{"name":"wp","href":"https:\/\/api.w.org\/{rel}","templated":true}]}}

Licitación Simplificada LS-103T00000-024-2023

<div class="wp-block-group is-layout-constrained wp-container-core-group-is-layout-9517baca wp-block-group-is-layout-constrained">
<hr class="wp-block-separator has-text-color has-alpha-channel-opacity has-background is-style-wide" style="background-color:#d8bf31;color:#d8bf31" />



<ul style="color:#5b4c0d;background-color:#fff4e0" class="wp-block-list has-text-color has-background has-medium-font-size">
<li><strong>Relativa&nbsp; a&nbsp; la Adquisición,&nbsp; Instalación,&nbsp; Puesta&nbsp; en&nbsp; Marcha&nbsp; y&nbsp; Capacitación al&nbsp; Personal&nbsp; Usuario&nbsp; de&nbsp; Equipo&nbsp; Médico&nbsp; para&nbsp; el&nbsp; Centro&nbsp; Estatal de&nbsp; Trasplantes&nbsp; y&nbsp; para&nbsp; el&nbsp; Centro&nbsp; Regulador&nbsp; de&nbsp; Urgencias Médicas&nbsp; »CRUM».</strong>
<ul class="wp-block-list">
<li><a href="https://www.ssaver.gob.mx/adquisiciones/wp-content/uploads/sites/5/2023/08/Oficios-de-invitacion-LS-103T00000-024-2023_0001_compressed.pdf" target="_blank" rel="noreferrer noopener">Oficios de Invitación</a></li>



<li><a href="https://www.ssaver.gob.mx/adquisiciones/wp-content/uploads/sites/5/2023/08/BASES-Y-ANEXOS-LS-103T00000-024-2023_0001_compressed.pdf" target="_blank" rel="noreferrer noopener">Bases y Anexos</a></li>



<li><a rel="noreferrer noopener" href="https://www.ssaver.gob.mx/adquisiciones/wp-content/uploads/sites/5/2023/08/Acta-de-apertura-de-proposiciones-LS-103T00000-024-2023_compressed.pdf" target="_blank">Acta de apertura de proposiciones</a></li>



<li><a href="https://www.ssaver.gob.mx/adquisiciones/wp-content/uploads/sites/5/2023/08/Dictamen-tecnico-economico-Acta-de-fallo-LS-103T00000-024-2023-1.pdf" target="_blank" rel="noreferrer noopener">Dictamen técnico-económico (Acta de fallo)</a></li>



<li><a rel="noreferrer noopener" href="https://www.ssaver.gob.mx/adquisiciones/wp-content/uploads/sites/5/2023/08/Notificacion-de-fallo-LS-103T00000-024-2023_0001.pdf" target="_blank">Notificación de fallo</a></li>



<li>Contrato No. <a href="https://www.ssaver.gob.mx/adquisiciones/wp-content/uploads/sites/5/2023/09/SESVER_DA_C-179_2023-AFECTADO-C.pdf" target="_blank" rel="noreferrer noopener">179</a> y<a href="https://www.ssaver.gob.mx/adquisiciones/wp-content/uploads/sites/5/2023/09/SESVER_DA_C-180_2023-AFECTADO-C.pdf" target="_blank" rel="noreferrer noopener">180 </a>de 2023</li>
</ul>
</li>
</ul>



<p></p>
</div>
