{"id":6180,"date":"2023-08-21T21:13:09","date_gmt":"2023-08-22T02:13:09","guid":{"rendered":"https:\/\/www.ssaver.gob.mx\/adquisiciones\/?page_id=6180"},"modified":"2026-03-31T10:25:31","modified_gmt":"2026-03-31T16:25:31","slug":"adjudicaciones-estatales-directas-por-excepcion-de-ley-101-120","status":"publish","type":"page","link":"https:\/\/www.ssaver.gob.mx\/adquisiciones\/licitaciones-2023\/adjudicaciones-estatales-directas-por-excepcion-de-ley\/adjudicaciones-estatales-directas-por-excepcion-de-ley-101-120\/","title":{"rendered":"Adjudicaciones Estatales Directas por Excepci\u00f3n de Ley 101-120"},"content":{"rendered":"\n<div class=\"wp-block-group is-layout-constrained wp-container-core-group-is-layout-9517baca wp-block-group-is-layout-constrained\">\n<hr class=\"wp-block-separator has-text-color has-alpha-channel-opacity has-background is-style-wide\" style=\"background-color:#d8bf31;color:#d8bf31\" \/>\n\n\n\n<div class=\"wp-block-columns is-layout-flex wp-container-core-columns-is-layout-28f84493 wp-block-columns-is-layout-flex\">\n<div class=\"wp-block-column has-background is-layout-flow wp-block-column-is-layout-flow\" style=\"background-color:#fff4e0;flex-basis:100%\">\n<p class=\"has-text-color has-background has-medium-font-size\" style=\"color:#5b4c0d;background-color:#fff4e0\"><strong><strong><strong>Contratos Adjudicados de acuerdo a la modalida<\/strong><\/strong>d<\/strong><\/p>\n\n\n\n<ul class=\"wp-block-list has-medium-font-size\">\n<li><strong><a href=\"https:\/\/www.ssaver.gob.mx\/adquisiciones\/wp-content\/uploads\/sites\/5\/2023\/08\/SESVER_DA_C-111_2023-AFECTADO-C.pdf\" target=\"_blank\" rel=\"noreferrer noopener\">2023-SESVER_DA_C-111-2023<\/a><\/strong><br>Adjudicaci\u00f3n&nbsp; Directa&nbsp; Derivada&nbsp; de&nbsp; los&nbsp; Renglones Desiertos&nbsp; de&nbsp; la Licitaci\u00f3n&nbsp; Simplificada&nbsp; N\u00ba&nbsp; LS-103T00000-014-2023 Adquisici\u00f3n&nbsp; de&nbsp; Mobiliario&nbsp; y&nbsp; Equipo Administrativo&nbsp; para&nbsp; Unidades M\u00e9dicas&nbsp; de&nbsp; Primer&nbsp; y Segundo&nbsp; Nivel&nbsp; de&nbsp; Atenci\u00f3n,&nbsp; Pertenecientes&nbsp; a Servicios&nbsp; de&nbsp; Salud&nbsp; de Veracruz&nbsp; 2023,&nbsp; con&nbsp; Recursos&nbsp; FISE&nbsp; y FASSA.<\/li>\n<\/ul>\n\n\n\n<p><br><\/p>\n<\/div>\n<\/div>\n<\/div>\n","protected":false},"excerpt":{"rendered":"<p>Contratos Adjudicados de acuerdo a la modalidad<\/p>\n","protected":false},"author":6,"featured_media":0,"parent":4748,"menu_order":6,"comment_status":"closed","ping_status":"closed","template":"","meta":{"colormag_page_container_layout":"default_layout","colormag_page_sidebar_layout":"default_layout","footnotes":""},"class_list":["post-6180","page","type-page","status-publish","hentry"],"_links":{"self":[{"href":"https:\/\/www.ssaver.gob.mx\/adquisiciones\/wp-json\/wp\/v2\/pages\/6180","targetHints":{"allow":["GET"]}}],"collection":[{"href":"https:\/\/www.ssaver.gob.mx\/adquisiciones\/wp-json\/wp\/v2\/pages"}],"about":[{"href":"https:\/\/www.ssaver.gob.mx\/adquisiciones\/wp-json\/wp\/v2\/types\/page"}],"author":[{"embeddable":true,"href":"https:\/\/www.ssaver.gob.mx\/adquisiciones\/wp-json\/wp\/v2\/users\/6"}],"replies":[{"embeddable":true,"href":"https:\/\/www.ssaver.gob.mx\/adquisiciones\/wp-json\/wp\/v2\/comments?post=6180"}],"version-history":[{"count":6,"href":"https:\/\/www.ssaver.gob.mx\/adquisiciones\/wp-json\/wp\/v2\/pages\/6180\/revisions"}],"predecessor-version":[{"id":11875,"href":"https:\/\/www.ssaver.gob.mx\/adquisiciones\/wp-json\/wp\/v2\/pages\/6180\/revisions\/11875"}],"up":[{"embeddable":true,"href":"https:\/\/www.ssaver.gob.mx\/adquisiciones\/wp-json\/wp\/v2\/pages\/4748"}],"wp:attachment":[{"href":"https:\/\/www.ssaver.gob.mx\/adquisiciones\/wp-json\/wp\/v2\/media?parent=6180"}],"curies":[{"name":"wp","href":"https:\/\/api.w.org\/{rel}","templated":true}]}}

Adjudicaciones Estatales Directas por Excepción de Ley 101-120

<div class="wp-block-group is-layout-constrained wp-container-core-group-is-layout-9517baca wp-block-group-is-layout-constrained">
<hr class="wp-block-separator has-text-color has-alpha-channel-opacity has-background is-style-wide" style="background-color:#d8bf31;color:#d8bf31" />



<div class="wp-block-columns is-layout-flex wp-container-core-columns-is-layout-28f84493 wp-block-columns-is-layout-flex">
<div class="wp-block-column has-background is-layout-flow wp-block-column-is-layout-flow" style="background-color:#fff4e0;flex-basis:100%">
<p class="has-text-color has-background has-medium-font-size" style="color:#5b4c0d;background-color:#fff4e0"><strong><strong><strong>Contratos Adjudicados de acuerdo a la modalida</strong></strong>d</strong></p>



<ul class="wp-block-list has-medium-font-size">
<li><strong><a href="https://www.ssaver.gob.mx/adquisiciones/wp-content/uploads/sites/5/2023/08/SESVER_DA_C-111_2023-AFECTADO-C.pdf" target="_blank" rel="noreferrer noopener">2023-SESVER_DA_C-111-2023</a></strong><br>Adjudicación&nbsp; Directa&nbsp; Derivada&nbsp; de&nbsp; los&nbsp; Renglones Desiertos&nbsp; de&nbsp; la Licitación&nbsp; Simplificada&nbsp; Nº&nbsp; LS-103T00000-014-2023 Adquisición&nbsp; de&nbsp; Mobiliario&nbsp; y&nbsp; Equipo Administrativo&nbsp; para&nbsp; Unidades Médicas&nbsp; de&nbsp; Primer&nbsp; y Segundo&nbsp; Nivel&nbsp; de&nbsp; Atención,&nbsp; Pertenecientes&nbsp; a Servicios&nbsp; de&nbsp; Salud&nbsp; de Veracruz&nbsp; 2023,&nbsp; con&nbsp; Recursos&nbsp; FISE&nbsp; y FASSA.</li>
</ul>



<p><br></p>
</div>
</div>
</div>
