{"id":7685,"date":"2024-02-06T19:23:32","date_gmt":"2024-02-07T01:23:32","guid":{"rendered":"https:\/\/www.ssaver.gob.mx\/adquisiciones\/?page_id=7685"},"modified":"2026-03-31T10:36:20","modified_gmt":"2026-03-31T16:36:20","slug":"adjudicaciones-estatales-directas-por-excepcion-de-ley-281-300","status":"publish","type":"page","link":"https:\/\/www.ssaver.gob.mx\/adquisiciones\/licitaciones-2023\/adjudicaciones-estatales-directas-por-excepcion-de-ley\/adjudicaciones-estatales-directas-por-excepcion-de-ley-281-300\/","title":{"rendered":"Adjudicaciones Estatales Directas por Excepci\u00f3n de Ley 281-300"},"content":{"rendered":"\n<div class=\"wp-block-group is-layout-constrained wp-container-core-group-is-layout-9517baca wp-block-group-is-layout-constrained\">\n<hr class=\"wp-block-separator has-text-color has-alpha-channel-opacity has-background is-style-wide\" style=\"background-color:#d8bf31;color:#d8bf31\" \/>\n\n\n\n<div class=\"wp-block-columns is-layout-flex wp-container-core-columns-is-layout-28f84493 wp-block-columns-is-layout-flex\">\n<div class=\"wp-block-column has-background is-layout-flow wp-block-column-is-layout-flow\" style=\"background-color:#fff4e0;flex-basis:100%\">\n<p class=\"has-text-color has-background has-medium-font-size\" style=\"color:#5b4c0d;background-color:#fff4e0\"><strong><strong><strong>Contratos Adjudicados de acuerdo a la modalida<\/strong><\/strong>d<\/strong><\/p>\n\n\n\n<ul class=\"wp-block-list has-medium-font-size\">\n<li><strong><a href=\"https:\/\/www.ssaver.gob.mx\/adquisiciones\/wp-content\/uploads\/sites\/5\/2024\/02\/SESVER_DA_C-298_2023-AFECTADO-C.pdf\" target=\"_blank\" rel=\"noreferrer noopener\">2023-SESVER_DA_C-298-2023<\/a><\/strong><br>Compra&nbsp; Venta&nbsp; de&nbsp; \u00abMaterial&nbsp; de&nbsp; Curaci\u00f3n&nbsp; para&nbsp; el Laboratorio&nbsp; Estatal&nbsp; de&nbsp; Salud&nbsp; P\u00fablica\u00bb.<\/li>\n<\/ul>\n\n\n\n<ul class=\"wp-block-list has-medium-font-size\">\n<li><strong><a href=\"https:\/\/www.ssaver.gob.mx\/adquisiciones\/wp-content\/uploads\/sites\/5\/2024\/02\/SESVER_DA_C-297_2023-AFECTADO-C.pdf\" target=\"_blank\" rel=\"noreferrer noopener\">2023-SESVER_DA_C-297-2023<\/a><\/strong><br>Veh\u00edculos&nbsp; Terrestres&nbsp; destinados&nbsp; a&nbsp; Servicios&nbsp; P\u00fablicos Y Operaci\u00f3n&nbsp; de Programas&nbsp; P\u00fablicos.<\/li>\n<\/ul>\n\n\n\n<ul class=\"wp-block-list has-medium-font-size\">\n<li><strong><a href=\"https:\/\/www.ssaver.gob.mx\/adquisiciones\/wp-content\/uploads\/sites\/5\/2024\/02\/SESVER_DA_C-296_2023-AFECTADO-C.pdf\">2023-SESVER_DA_C-296-2023<\/a><\/strong><br><a href=\"https:\/\/www.ssaver.gob.mx\/adquisiciones\/wp-content\/uploads\/sites\/5\/2024\/02\/SESVER_DA_C-296_2023-AFECTADO-C.pdf\">Veh\u00edculos Terrestres&nbsp; Destinados&nbsp; a Servicios P\u00fablicos y Operaci\u00f3n de Programas P\u00fablicos.<\/a><\/li>\n<\/ul>\n\n\n\n<ul class=\"wp-block-list has-medium-font-size\">\n<li><strong><a href=\"https:\/\/www.ssaver.gob.mx\/adquisiciones\/wp-content\/uploads\/sites\/5\/2024\/02\/SESVER_DA_C-295_2023-AFECTADO-C.pdf\">2023-SESVER_DA_C-295-2023<\/a><\/strong><br>Adquisici\u00f3n&nbsp; de&nbsp; Equipo&nbsp; e&nbsp; Instrumental&nbsp; M\u00e9dico&nbsp; para&nbsp; el Programa&nbsp; M\u00e9dico&nbsp; Amigo.<\/li>\n<\/ul>\n\n\n\n<ul class=\"wp-block-list has-medium-font-size\">\n<li><strong><a href=\"https:\/\/www.ssaver.gob.mx\/adquisiciones\/wp-content\/uploads\/sites\/5\/2024\/02\/SESVER_DA_C-293_2023-AFECTADO-C.pdf\">2023-SESVER_DA_C-293-2023<\/a><\/strong><br>Medicamento&nbsp; y&nbsp; Material&nbsp; de&nbsp; Curaci\u00f3n&nbsp; para&nbsp; Unidades M\u00e9dicas de Primer,&nbsp; Segundo&nbsp; y Tercer&nbsp; Nivel&nbsp; de Atenci\u00f3n.<\/li>\n<\/ul>\n\n\n\n<ul class=\"wp-block-list has-medium-font-size\">\n<li><strong><a href=\"https:\/\/www.ssaver.gob.mx\/adquisiciones\/wp-content\/uploads\/sites\/5\/2024\/02\/SESVER_DA_C-292_2023-AFECTADO-C.pdf\" target=\"_blank\" rel=\"noreferrer noopener\">2023-SESVER_DA_C-292-2023<\/a><\/strong><br>Medicamento&nbsp; y&nbsp; Material&nbsp; de&nbsp; Curaci\u00f3n&nbsp; para&nbsp; Unidades M\u00e9dicas de Primer,&nbsp; Segundo&nbsp; y Tercer&nbsp; Nivel&nbsp; de Atenci\u00f3n.<\/li>\n<\/ul>\n\n\n\n<ul class=\"wp-block-list has-medium-font-size\">\n<li><strong><a href=\"https:\/\/www.ssaver.gob.mx\/adquisiciones\/wp-content\/uploads\/sites\/5\/2024\/02\/SESVER_DA_C-291_2023-AFECTADO-C.pdf\">2023-SESVER_DA_C-291-2023<\/a><\/strong><br>Medicamento para&nbsp; Unidades M\u00e9dicas de Primer,&nbsp; Segundo&nbsp; y Tercer&nbsp; Nivel&nbsp; de Atenci\u00f3n.<\/li>\n<\/ul>\n\n\n\n<ul class=\"wp-block-list has-medium-font-size\">\n<li><strong><a href=\"https:\/\/www.ssaver.gob.mx\/adquisiciones\/wp-content\/uploads\/sites\/5\/2024\/02\/SESVER_DA_C-290_2023-AFECTADO-C.pdf\">2023-SESVER_DA_C-290-2023<\/a><\/strong><br>Material&nbsp; de&nbsp; Curaci\u00f3n&nbsp; para&nbsp; Unidades&nbsp; M\u00e9dicas&nbsp; de&nbsp; Primer, Segundo&nbsp; y&nbsp; Tercer&nbsp; Nivel&nbsp; de&nbsp; Atenci\u00f3n.<\/li>\n<\/ul>\n\n\n\n<ul class=\"wp-block-list has-medium-font-size\">\n<li><strong><a href=\"https:\/\/www.ssaver.gob.mx\/adquisiciones\/wp-content\/uploads\/sites\/5\/2024\/02\/SESVER_DA_C-289_2023-AFECTADO-C.pdf\">2023-SESVER_DA_C-289-2023<\/a><\/strong><br>Medicamento para&nbsp; Unidades M\u00e9dicas de Primer,&nbsp; Segundo&nbsp; y Tercer&nbsp; Nivel&nbsp; de Atenci\u00f3n.<\/li>\n<\/ul>\n\n\n\n<ul class=\"wp-block-list has-medium-font-size\">\n<li><strong><a href=\"https:\/\/www.ssaver.gob.mx\/adquisiciones\/wp-content\/uploads\/sites\/5\/2024\/02\/SESVER_DA_C-288_2023-AFECTADO-C.pdf\">2023-SESVER_DA_C-288-2023<\/a><\/strong><br>Material&nbsp; de&nbsp; Curaci\u00f3n&nbsp; para&nbsp; Unidades&nbsp; M\u00e9dicas&nbsp; de&nbsp; Primer, Segundo&nbsp; y&nbsp; Tercer&nbsp; Nivel&nbsp; de&nbsp; Atenci\u00f3n.<\/li>\n<\/ul>\n\n\n\n<ul class=\"wp-block-list has-medium-font-size\">\n<li><strong><a href=\"https:\/\/www.ssaver.gob.mx\/adquisiciones\/wp-content\/uploads\/sites\/5\/2024\/02\/SESVER_DA_C-287_2023-AFECTADO-C.pdf\">2023-SESVER_DA_C-287-2023<\/a><\/strong><br>Medicamento&nbsp; para&nbsp; Tratamientos&nbsp; Oncologicos&nbsp; de Diversas Unidades&nbsp; Hospitalarias, Pertenecientes a Servicios de Salud de Veracruz.<\/li>\n<\/ul>\n\n\n\n<ul class=\"wp-block-list has-medium-font-size\">\n<li><strong><a href=\"https:\/\/www.ssaver.gob.mx\/adquisiciones\/wp-content\/uploads\/sites\/5\/2024\/02\/SESVER_DA_C-286_2023-AFECTADO-C.pdf\" target=\"_blank\" rel=\"noreferrer noopener\">2023-SESVER_DA_C-286-2023<\/a><\/strong><br>Medicamento&nbsp; para&nbsp; Tratamientos&nbsp; Oncologicos&nbsp; de Diversas Unidades&nbsp; Hospitalarias, Pertenecientes a Servicios de Salud de Veracruz.<\/li>\n<\/ul>\n\n\n\n<ul class=\"wp-block-list has-medium-font-size\">\n<li><strong><a href=\"https:\/\/www.ssaver.gob.mx\/adquisiciones\/wp-content\/uploads\/sites\/5\/2024\/02\/SESVER_DA_C-284_2023-AFECTADO-C.pdf\" target=\"_blank\" rel=\"noreferrer noopener\">2023-SESVER_DA_C-284-2023<\/a><\/strong><br>Adquisici\u00f3n&nbsp; de&nbsp; Equipo&nbsp; M\u00e9dico&nbsp; y&nbsp; de&nbsp; Laboratorio&nbsp; e&nbsp; Instrumental M\u00e9dico&nbsp; y&nbsp; de&nbsp; Laboratorio&nbsp; para&nbsp; las&nbsp; Unidades&nbsp; de&nbsp; Primer&nbsp; y&nbsp; Segundo&nbsp; Nivel&nbsp; que&nbsp; Ser\u00e1n Sometidas&nbsp; al Proceso&nbsp; de&nbsp; Acreditaci\u00f3n&nbsp; y Reacreditaci\u00f3n&nbsp; 2023.<\/li>\n<\/ul>\n\n\n\n<ul class=\"wp-block-list has-medium-font-size\">\n<li><strong><a href=\"https:\/\/www.ssaver.gob.mx\/adquisiciones\/wp-content\/uploads\/sites\/5\/2024\/02\/SESVER_DA_C-283_2023-AFECTADO-C.pdf\" target=\"_blank\" rel=\"noreferrer noopener\">2023-SESVER_DA_C-283-2023<\/a><\/strong><br>Adquisici\u00f3n&nbsp; de&nbsp; Equipo&nbsp; M\u00e9dico&nbsp; y de Laboratorio&nbsp; para las Unidades de&nbsp; Primer&nbsp; y&nbsp; Segundo&nbsp; Nivel&nbsp; que&nbsp; ser\u00e1n&nbsp; Sometidas&nbsp; al&nbsp; Proceso&nbsp; de&nbsp; Acreditaci\u00f3n&nbsp; y Reacreditaci\u00f3n&nbsp; 2023.<\/li>\n<\/ul>\n\n\n\n<ul class=\"wp-block-list has-medium-font-size\">\n<li><strong><a href=\"https:\/\/www.ssaver.gob.mx\/adquisiciones\/wp-content\/uploads\/sites\/5\/2024\/02\/SESVER_DA_C-282_2023-AFECTADO-C.pdf\" target=\"_blank\" rel=\"noreferrer noopener\">2023-SESVER_DA_C-282-2023<\/a><\/strong><br>Adquisici\u00f3n&nbsp; de&nbsp; Equipo&nbsp; M\u00e9dico&nbsp; y de Laboratorio&nbsp; para las Unidades de&nbsp; Primer&nbsp; y&nbsp; Segundo&nbsp; Nivel&nbsp; que&nbsp; ser\u00e1n&nbsp; Sometidas&nbsp; al&nbsp; Proceso&nbsp; de&nbsp; Acreditaci\u00f3n&nbsp; y Reacreditaci\u00f3n&nbsp; 2023.<\/li>\n<\/ul>\n\n\n\n<ul class=\"wp-block-list has-medium-font-size\">\n<li><strong><a href=\"https:\/\/www.ssaver.gob.mx\/adquisiciones\/wp-content\/uploads\/sites\/5\/2024\/02\/SESVER_DA_C-281_2023-AFECTADO-C.pdf\">2023-SESVER_DA_C-281-2023<\/a><\/strong><br>Adquisici\u00f3n&nbsp; de&nbsp; Instrumental&nbsp; M\u00e9dico&nbsp; y&nbsp; de&nbsp; Laboratorio&nbsp; y Adquisici\u00f3n&nbsp; e&nbsp; Instalaci\u00f3n&nbsp; de&nbsp; Cortinas&nbsp; Antibacteriales,&nbsp; para&nbsp; las&nbsp; Unidades&nbsp; de&nbsp; Primer&nbsp; y Segundo&nbsp; Nivel que&nbsp; ser\u00e1n&nbsp; Sometidas&nbsp; al&nbsp; Proceso&nbsp; de&nbsp; Acreditaci\u00f3n&nbsp; y&nbsp; Reacreditaci\u00f3n&nbsp; 2023.<\/li>\n<\/ul>\n\n\n\n<p><br><\/p>\n<\/div>\n<\/div>\n<\/div>\n","protected":false},"excerpt":{"rendered":"<p>Contratos Adjudicados de acuerdo a la modalidad<\/p>\n","protected":false},"author":6,"featured_media":0,"parent":4748,"menu_order":15,"comment_status":"closed","ping_status":"closed","template":"","meta":{"colormag_page_container_layout":"default_layout","colormag_page_sidebar_layout":"default_layout","footnotes":""},"class_list":["post-7685","page","type-page","status-publish","hentry"],"_links":{"self":[{"href":"https:\/\/www.ssaver.gob.mx\/adquisiciones\/wp-json\/wp\/v2\/pages\/7685","targetHints":{"allow":["GET"]}}],"collection":[{"href":"https:\/\/www.ssaver.gob.mx\/adquisiciones\/wp-json\/wp\/v2\/pages"}],"about":[{"href":"https:\/\/www.ssaver.gob.mx\/adquisiciones\/wp-json\/wp\/v2\/types\/page"}],"author":[{"embeddable":true,"href":"https:\/\/www.ssaver.gob.mx\/adquisiciones\/wp-json\/wp\/v2\/users\/6"}],"replies":[{"embeddable":true,"href":"https:\/\/www.ssaver.gob.mx\/adquisiciones\/wp-json\/wp\/v2\/comments?post=7685"}],"version-history":[{"count":19,"href":"https:\/\/www.ssaver.gob.mx\/adquisiciones\/wp-json\/wp\/v2\/pages\/7685\/revisions"}],"predecessor-version":[{"id":11884,"href":"https:\/\/www.ssaver.gob.mx\/adquisiciones\/wp-json\/wp\/v2\/pages\/7685\/revisions\/11884"}],"up":[{"embeddable":true,"href":"https:\/\/www.ssaver.gob.mx\/adquisiciones\/wp-json\/wp\/v2\/pages\/4748"}],"wp:attachment":[{"href":"https:\/\/www.ssaver.gob.mx\/adquisiciones\/wp-json\/wp\/v2\/media?parent=7685"}],"curies":[{"name":"wp","href":"https:\/\/api.w.org\/{rel}","templated":true}]}}

Adjudicaciones Estatales Directas por Excepción de Ley 281-300

<div class="wp-block-group is-layout-constrained wp-container-core-group-is-layout-9517baca wp-block-group-is-layout-constrained">
<hr class="wp-block-separator has-text-color has-alpha-channel-opacity has-background is-style-wide" style="background-color:#d8bf31;color:#d8bf31" />



<div class="wp-block-columns is-layout-flex wp-container-core-columns-is-layout-28f84493 wp-block-columns-is-layout-flex">
<div class="wp-block-column has-background is-layout-flow wp-block-column-is-layout-flow" style="background-color:#fff4e0;flex-basis:100%">
<p class="has-text-color has-background has-medium-font-size" style="color:#5b4c0d;background-color:#fff4e0"><strong><strong><strong>Contratos Adjudicados de acuerdo a la modalida</strong></strong>d</strong></p>



<ul class="wp-block-list has-medium-font-size">
<li><strong><a href="https://www.ssaver.gob.mx/adquisiciones/wp-content/uploads/sites/5/2024/02/SESVER_DA_C-298_2023-AFECTADO-C.pdf" target="_blank" rel="noreferrer noopener">2023-SESVER_DA_C-298-2023</a></strong><br>Compra&nbsp; Venta&nbsp; de&nbsp; «Material&nbsp; de&nbsp; Curación&nbsp; para&nbsp; el Laboratorio&nbsp; Estatal&nbsp; de&nbsp; Salud&nbsp; Pública».</li>
</ul>



<ul class="wp-block-list has-medium-font-size">
<li><strong><a href="https://www.ssaver.gob.mx/adquisiciones/wp-content/uploads/sites/5/2024/02/SESVER_DA_C-297_2023-AFECTADO-C.pdf" target="_blank" rel="noreferrer noopener">2023-SESVER_DA_C-297-2023</a></strong><br>Vehículos&nbsp; Terrestres&nbsp; destinados&nbsp; a&nbsp; Servicios&nbsp; Públicos Y Operación&nbsp; de Programas&nbsp; Públicos.</li>
</ul>



<ul class="wp-block-list has-medium-font-size">
<li><strong><a href="https://www.ssaver.gob.mx/adquisiciones/wp-content/uploads/sites/5/2024/02/SESVER_DA_C-296_2023-AFECTADO-C.pdf">2023-SESVER_DA_C-296-2023</a></strong><br><a href="https://www.ssaver.gob.mx/adquisiciones/wp-content/uploads/sites/5/2024/02/SESVER_DA_C-296_2023-AFECTADO-C.pdf">Vehículos Terrestres&nbsp; Destinados&nbsp; a Servicios Públicos y Operación de Programas Públicos.</a></li>
</ul>



<ul class="wp-block-list has-medium-font-size">
<li><strong><a href="https://www.ssaver.gob.mx/adquisiciones/wp-content/uploads/sites/5/2024/02/SESVER_DA_C-295_2023-AFECTADO-C.pdf">2023-SESVER_DA_C-295-2023</a></strong><br>Adquisición&nbsp; de&nbsp; Equipo&nbsp; e&nbsp; Instrumental&nbsp; Médico&nbsp; para&nbsp; el Programa&nbsp; Médico&nbsp; Amigo.</li>
</ul>



<ul class="wp-block-list has-medium-font-size">
<li><strong><a href="https://www.ssaver.gob.mx/adquisiciones/wp-content/uploads/sites/5/2024/02/SESVER_DA_C-293_2023-AFECTADO-C.pdf">2023-SESVER_DA_C-293-2023</a></strong><br>Medicamento&nbsp; y&nbsp; Material&nbsp; de&nbsp; Curación&nbsp; para&nbsp; Unidades Médicas de Primer,&nbsp; Segundo&nbsp; y Tercer&nbsp; Nivel&nbsp; de Atención.</li>
</ul>



<ul class="wp-block-list has-medium-font-size">
<li><strong><a href="https://www.ssaver.gob.mx/adquisiciones/wp-content/uploads/sites/5/2024/02/SESVER_DA_C-292_2023-AFECTADO-C.pdf" target="_blank" rel="noreferrer noopener">2023-SESVER_DA_C-292-2023</a></strong><br>Medicamento&nbsp; y&nbsp; Material&nbsp; de&nbsp; Curación&nbsp; para&nbsp; Unidades Médicas de Primer,&nbsp; Segundo&nbsp; y Tercer&nbsp; Nivel&nbsp; de Atención.</li>
</ul>



<ul class="wp-block-list has-medium-font-size">
<li><strong><a href="https://www.ssaver.gob.mx/adquisiciones/wp-content/uploads/sites/5/2024/02/SESVER_DA_C-291_2023-AFECTADO-C.pdf">2023-SESVER_DA_C-291-2023</a></strong><br>Medicamento para&nbsp; Unidades Médicas de Primer,&nbsp; Segundo&nbsp; y Tercer&nbsp; Nivel&nbsp; de Atención.</li>
</ul>



<ul class="wp-block-list has-medium-font-size">
<li><strong><a href="https://www.ssaver.gob.mx/adquisiciones/wp-content/uploads/sites/5/2024/02/SESVER_DA_C-290_2023-AFECTADO-C.pdf">2023-SESVER_DA_C-290-2023</a></strong><br>Material&nbsp; de&nbsp; Curación&nbsp; para&nbsp; Unidades&nbsp; Médicas&nbsp; de&nbsp; Primer, Segundo&nbsp; y&nbsp; Tercer&nbsp; Nivel&nbsp; de&nbsp; Atención.</li>
</ul>



<ul class="wp-block-list has-medium-font-size">
<li><strong><a href="https://www.ssaver.gob.mx/adquisiciones/wp-content/uploads/sites/5/2024/02/SESVER_DA_C-289_2023-AFECTADO-C.pdf">2023-SESVER_DA_C-289-2023</a></strong><br>Medicamento para&nbsp; Unidades Médicas de Primer,&nbsp; Segundo&nbsp; y Tercer&nbsp; Nivel&nbsp; de Atención.</li>
</ul>



<ul class="wp-block-list has-medium-font-size">
<li><strong><a href="https://www.ssaver.gob.mx/adquisiciones/wp-content/uploads/sites/5/2024/02/SESVER_DA_C-288_2023-AFECTADO-C.pdf">2023-SESVER_DA_C-288-2023</a></strong><br>Material&nbsp; de&nbsp; Curación&nbsp; para&nbsp; Unidades&nbsp; Médicas&nbsp; de&nbsp; Primer, Segundo&nbsp; y&nbsp; Tercer&nbsp; Nivel&nbsp; de&nbsp; Atención.</li>
</ul>



<ul class="wp-block-list has-medium-font-size">
<li><strong><a href="https://www.ssaver.gob.mx/adquisiciones/wp-content/uploads/sites/5/2024/02/SESVER_DA_C-287_2023-AFECTADO-C.pdf">2023-SESVER_DA_C-287-2023</a></strong><br>Medicamento&nbsp; para&nbsp; Tratamientos&nbsp; Oncologicos&nbsp; de Diversas Unidades&nbsp; Hospitalarias, Pertenecientes a Servicios de Salud de Veracruz.</li>
</ul>



<ul class="wp-block-list has-medium-font-size">
<li><strong><a href="https://www.ssaver.gob.mx/adquisiciones/wp-content/uploads/sites/5/2024/02/SESVER_DA_C-286_2023-AFECTADO-C.pdf" target="_blank" rel="noreferrer noopener">2023-SESVER_DA_C-286-2023</a></strong><br>Medicamento&nbsp; para&nbsp; Tratamientos&nbsp; Oncologicos&nbsp; de Diversas Unidades&nbsp; Hospitalarias, Pertenecientes a Servicios de Salud de Veracruz.</li>
</ul>



<ul class="wp-block-list has-medium-font-size">
<li><strong><a href="https://www.ssaver.gob.mx/adquisiciones/wp-content/uploads/sites/5/2024/02/SESVER_DA_C-284_2023-AFECTADO-C.pdf" target="_blank" rel="noreferrer noopener">2023-SESVER_DA_C-284-2023</a></strong><br>Adquisición&nbsp; de&nbsp; Equipo&nbsp; Médico&nbsp; y&nbsp; de&nbsp; Laboratorio&nbsp; e&nbsp; Instrumental Médico&nbsp; y&nbsp; de&nbsp; Laboratorio&nbsp; para&nbsp; las&nbsp; Unidades&nbsp; de&nbsp; Primer&nbsp; y&nbsp; Segundo&nbsp; Nivel&nbsp; que&nbsp; Serán Sometidas&nbsp; al Proceso&nbsp; de&nbsp; Acreditación&nbsp; y Reacreditación&nbsp; 2023.</li>
</ul>



<ul class="wp-block-list has-medium-font-size">
<li><strong><a href="https://www.ssaver.gob.mx/adquisiciones/wp-content/uploads/sites/5/2024/02/SESVER_DA_C-283_2023-AFECTADO-C.pdf" target="_blank" rel="noreferrer noopener">2023-SESVER_DA_C-283-2023</a></strong><br>Adquisición&nbsp; de&nbsp; Equipo&nbsp; Médico&nbsp; y de Laboratorio&nbsp; para las Unidades de&nbsp; Primer&nbsp; y&nbsp; Segundo&nbsp; Nivel&nbsp; que&nbsp; serán&nbsp; Sometidas&nbsp; al&nbsp; Proceso&nbsp; de&nbsp; Acreditación&nbsp; y Reacreditación&nbsp; 2023.</li>
</ul>



<ul class="wp-block-list has-medium-font-size">
<li><strong><a href="https://www.ssaver.gob.mx/adquisiciones/wp-content/uploads/sites/5/2024/02/SESVER_DA_C-282_2023-AFECTADO-C.pdf" target="_blank" rel="noreferrer noopener">2023-SESVER_DA_C-282-2023</a></strong><br>Adquisición&nbsp; de&nbsp; Equipo&nbsp; Médico&nbsp; y de Laboratorio&nbsp; para las Unidades de&nbsp; Primer&nbsp; y&nbsp; Segundo&nbsp; Nivel&nbsp; que&nbsp; serán&nbsp; Sometidas&nbsp; al&nbsp; Proceso&nbsp; de&nbsp; Acreditación&nbsp; y Reacreditación&nbsp; 2023.</li>
</ul>



<ul class="wp-block-list has-medium-font-size">
<li><strong><a href="https://www.ssaver.gob.mx/adquisiciones/wp-content/uploads/sites/5/2024/02/SESVER_DA_C-281_2023-AFECTADO-C.pdf">2023-SESVER_DA_C-281-2023</a></strong><br>Adquisición&nbsp; de&nbsp; Instrumental&nbsp; Médico&nbsp; y&nbsp; de&nbsp; Laboratorio&nbsp; y Adquisición&nbsp; e&nbsp; Instalación&nbsp; de&nbsp; Cortinas&nbsp; Antibacteriales,&nbsp; para&nbsp; las&nbsp; Unidades&nbsp; de&nbsp; Primer&nbsp; y Segundo&nbsp; Nivel que&nbsp; serán&nbsp; Sometidas&nbsp; al&nbsp; Proceso&nbsp; de&nbsp; Acreditación&nbsp; y&nbsp; Reacreditación&nbsp; 2023.</li>
</ul>



<p><br></p>
</div>
</div>
</div>
