{"id":7695,"date":"2024-02-06T19:57:46","date_gmt":"2024-02-07T01:57:46","guid":{"rendered":"https:\/\/www.ssaver.gob.mx\/adquisiciones\/?page_id=7695"},"modified":"2026-03-31T10:36:43","modified_gmt":"2026-03-31T16:36:43","slug":"adjudicaciones-estatales-directas-por-excepcion-de-ley-301-320","status":"publish","type":"page","link":"https:\/\/www.ssaver.gob.mx\/adquisiciones\/licitaciones-2023\/adjudicaciones-estatales-directas-por-excepcion-de-ley\/adjudicaciones-estatales-directas-por-excepcion-de-ley-301-320\/","title":{"rendered":"Adjudicaciones Estatales Directas por Excepci\u00f3n de Ley 301-320"},"content":{"rendered":"\n<div class=\"wp-block-group is-layout-constrained wp-container-core-group-is-layout-9517baca wp-block-group-is-layout-constrained\">\n<hr class=\"wp-block-separator has-text-color has-alpha-channel-opacity has-background is-style-wide\" style=\"background-color:#d8bf31;color:#d8bf31\" \/>\n\n\n\n<div class=\"wp-block-columns is-layout-flex wp-container-core-columns-is-layout-28f84493 wp-block-columns-is-layout-flex\">\n<div class=\"wp-block-column has-background is-layout-flow wp-block-column-is-layout-flow\" style=\"background-color:#fff4e0;flex-basis:100%\">\n<p class=\"has-text-color has-background has-medium-font-size\" style=\"color:#5b4c0d;background-color:#fff4e0\"><strong><strong><strong>Contratos Adjudicados de acuerdo a la modalida<\/strong><\/strong>d<\/strong><\/p>\n\n\n\n<ul class=\"wp-block-list has-medium-font-size\">\n<li><strong><a href=\"https:\/\/www.ssaver.gob.mx\/adquisiciones\/wp-content\/uploads\/sites\/5\/2024\/02\/SESVER_DA_C-316_2023-AFECTADO-C.pdf\">2023-SESVER_DA_C-316-2023<\/a><\/strong><br>Productos&nbsp; qu\u00edmicos,&nbsp; materiales,&nbsp; accesorios&nbsp; y suministros de laboratorio para el Laboratorio Estatal de Salud P\u00fablica.<\/li>\n<\/ul>\n\n\n\n<ul class=\"wp-block-list has-medium-font-size\">\n<li><strong><a href=\"https:\/\/www.ssaver.gob.mx\/adquisiciones\/wp-content\/uploads\/sites\/5\/2024\/02\/SESVER_DA_C-315_2023-AFECTADO-C.pdf\" target=\"_blank\" rel=\"noreferrer noopener\">2023-SESVER_DA_C-315-2023<\/a><\/strong><br>Adquisici\u00f3n&nbsp; de Equipo&nbsp; e Instrumental&nbsp; M\u00e9dico&nbsp; y de Laboratorio,&nbsp; As\u00ed como&nbsp; Refacciones&nbsp; y&nbsp; Accesorios&nbsp; Menores&nbsp; de&nbsp; Equipo&nbsp; e&nbsp; Instrumental&nbsp; M\u00e9dico&nbsp; y&nbsp; de Laboratorio,&nbsp; para&nbsp; Diversas&nbsp; Unidades&nbsp; Hospitalarias&nbsp; pertenecientes&nbsp; a&nbsp; Servicios&nbsp; de Salud&nbsp; de Veracruz.<\/li>\n<\/ul>\n\n\n\n<ul class=\"wp-block-list has-medium-font-size\">\n<li><strong><a href=\"https:\/\/www.ssaver.gob.mx\/adquisiciones\/wp-content\/uploads\/sites\/5\/2024\/02\/SESVER_DA_C-314_2023-AFECTADO-C.pdf\">2023-SESVER_DA_C-314-2023<\/a><\/strong><br>Productos&nbsp; qu\u00edmicos,&nbsp; materiales,&nbsp; accesorios&nbsp; y suministros de laboratorio para el Laboratorio Estatal de Salud P\u00fablica.<\/li>\n<\/ul>\n\n\n\n<ul class=\"wp-block-list has-medium-font-size\">\n<li><strong><a href=\"https:\/\/www.ssaver.gob.mx\/adquisiciones\/wp-content\/uploads\/sites\/5\/2024\/02\/SESVER_DA_C-313_2023-AFECTADO-C.pdf\">2023-SESVER_DA_C-313-2023<\/a><\/strong><br>Adquisici\u00f3n de Agendas y Lapiceros<\/li>\n<\/ul>\n\n\n\n<ul class=\"wp-block-list has-medium-font-size\">\n<li><strong><a href=\"https:\/\/www.ssaver.gob.mx\/adquisiciones\/wp-content\/uploads\/sites\/5\/2024\/02\/SESVER_DA_C-312_2023-AFECTADO-C.pdf\">2023-SESVER_DA_C-312-2023<\/a><\/strong><br>Adquisici\u00f3n&nbsp; de&nbsp; Equipamiento&nbsp; del Hospital&nbsp; de 14 Camas&nbsp; en&nbsp; la Localidad&nbsp; de&nbsp; Nautla&nbsp; con&nbsp; Recursos&nbsp; FISE&nbsp; 2023.<\/li>\n<\/ul>\n\n\n\n<ul class=\"wp-block-list has-medium-font-size\">\n<li><strong><a href=\"https:\/\/www.ssaver.gob.mx\/adquisiciones\/wp-content\/uploads\/sites\/5\/2024\/02\/SESVER_DA_C-311_2023-AFECTADO-C.pdf\">2023-SESVER_DA_C-311-2023<\/a><\/strong><br>Adquisici\u00f3n&nbsp; de&nbsp; Equipamiento&nbsp; del Hospital&nbsp; de 14 Camas&nbsp; en&nbsp; la Localidad&nbsp; de&nbsp; Nautla&nbsp; con&nbsp; Recursos&nbsp; FISE&nbsp; 2023.<\/li>\n<\/ul>\n\n\n\n<ul class=\"wp-block-list has-medium-font-size\">\n<li><strong><a href=\"https:\/\/www.ssaver.gob.mx\/adquisiciones\/wp-content\/uploads\/sites\/5\/2024\/03\/SESVER_DA_C-308_2023-AFECTADO-C.pdf\" target=\"_blank\" rel=\"noreferrer noopener\">2023-SESVER_DA_C-308-2023<\/a><\/strong><br>Adquisici\u00f3n&nbsp; de&nbsp; Veh\u00edculos Terrestres Destinados a Servicios P\u00fablicos y Operaci\u00f3n de Programas P\u00fablicos.<\/li>\n<\/ul>\n\n\n\n<ul class=\"wp-block-list has-medium-font-size\">\n<li><strong><a href=\"https:\/\/www.ssaver.gob.mx\/adquisiciones\/wp-content\/uploads\/sites\/5\/2024\/02\/SESVER_DA_C-307_2023-AFECTADO-C.pdf\" target=\"_blank\" rel=\"noreferrer noopener\">2023-SESVER_DA_C-307-2023<\/a><\/strong><br>Veh\u00edculos&nbsp; Terrestres&nbsp; Destinados&nbsp; a Servicios&nbsp; P\u00fablicos&nbsp; Y&nbsp; Operaci\u00f3n&nbsp; de&nbsp; Programas&nbsp; P\u00fablicos.<\/li>\n<\/ul>\n\n\n\n<ul class=\"wp-block-list has-medium-font-size\">\n<li><strong><a href=\"https:\/\/www.ssaver.gob.mx\/adquisiciones\/wp-content\/uploads\/sites\/5\/2024\/02\/SESVER_DA_C-305_2023-AFECTADO-C.pdf\" target=\"_blank\" rel=\"noreferrer noopener\">2023-SESVER_DA_C-305-2023<\/a><\/strong><br>Adquisici\u00f3n de Bienes e Insumos Diversos para la Direcci\u00f3n de Planeaci\u00f3n y Desarrollo, Correspondiente a los Renglones Desiertos de la Licitaci\u00f3n P\u00fablica Nacional N\u00famero LPN-103T00000-032-2023.<\/li>\n<\/ul>\n\n\n\n<ul class=\"wp-block-list has-medium-font-size\">\n<li><strong><a href=\"https:\/\/www.ssaver.gob.mx\/adquisiciones\/wp-content\/uploads\/sites\/5\/2024\/02\/SESVER_DA_C-304_2023-AFECTADO-C.pdf\" target=\"_blank\" rel=\"noreferrer noopener\">2023-SESVER_DA_C-304-2023<\/a><\/strong><br>Adquisici\u00f3n de Bienes e Insumos Diversos para la Direcci\u00f3n de Planeaci\u00f3n y Desarrollo, Correspondiente a los Renglones Desiertos de la Licitaci\u00f3n P\u00fablica Nacional N\u00famero LPN-103T00000-032-2023.<\/li>\n<\/ul>\n\n\n\n<ul class=\"wp-block-list has-medium-font-size\">\n<li><strong><a href=\"https:\/\/www.ssaver.gob.mx\/adquisiciones\/wp-content\/uploads\/sites\/5\/2024\/02\/SESVER_DA_C-302_2023-AFECTADO-C.pdf\">2023-SESVER_DA_C-302-2023<\/a><\/strong><br>Medicamento&nbsp; y&nbsp; Material&nbsp; O.E&nbsp; Curaci\u00f3n&nbsp; para&nbsp; la&nbsp; Direcci\u00f3n de&nbsp; Salud&nbsp; P\u00fablica&nbsp; 2023.<\/li>\n<\/ul>\n\n\n\n<p><br><\/p>\n<\/div>\n<\/div>\n<\/div>\n","protected":false},"excerpt":{"rendered":"<p>Contratos Adjudicados de acuerdo a la modalidad<\/p>\n","protected":false},"author":6,"featured_media":0,"parent":4748,"menu_order":16,"comment_status":"closed","ping_status":"closed","template":"","meta":{"colormag_page_container_layout":"default_layout","colormag_page_sidebar_layout":"default_layout","footnotes":""},"class_list":["post-7695","page","type-page","status-publish","hentry"],"_links":{"self":[{"href":"https:\/\/www.ssaver.gob.mx\/adquisiciones\/wp-json\/wp\/v2\/pages\/7695","targetHints":{"allow":["GET"]}}],"collection":[{"href":"https:\/\/www.ssaver.gob.mx\/adquisiciones\/wp-json\/wp\/v2\/pages"}],"about":[{"href":"https:\/\/www.ssaver.gob.mx\/adquisiciones\/wp-json\/wp\/v2\/types\/page"}],"author":[{"embeddable":true,"href":"https:\/\/www.ssaver.gob.mx\/adquisiciones\/wp-json\/wp\/v2\/users\/6"}],"replies":[{"embeddable":true,"href":"https:\/\/www.ssaver.gob.mx\/adquisiciones\/wp-json\/wp\/v2\/comments?post=7695"}],"version-history":[{"count":14,"href":"https:\/\/www.ssaver.gob.mx\/adquisiciones\/wp-json\/wp\/v2\/pages\/7695\/revisions"}],"predecessor-version":[{"id":11885,"href":"https:\/\/www.ssaver.gob.mx\/adquisiciones\/wp-json\/wp\/v2\/pages\/7695\/revisions\/11885"}],"up":[{"embeddable":true,"href":"https:\/\/www.ssaver.gob.mx\/adquisiciones\/wp-json\/wp\/v2\/pages\/4748"}],"wp:attachment":[{"href":"https:\/\/www.ssaver.gob.mx\/adquisiciones\/wp-json\/wp\/v2\/media?parent=7695"}],"curies":[{"name":"wp","href":"https:\/\/api.w.org\/{rel}","templated":true}]}}