{"id":7830,"date":"2024-02-21T13:24:43","date_gmt":"2024-02-21T19:24:43","guid":{"rendered":"https:\/\/www.ssaver.gob.mx\/adquisiciones\/?page_id=7830"},"modified":"2026-03-31T12:02:05","modified_gmt":"2026-03-31T18:02:05","slug":"articulo-15-de-la-ley-875-de-transparencia-y-acceso-a-la-informacion-publica-2024","status":"publish","type":"page","link":"https:\/\/www.ssaver.gob.mx\/adquisiciones\/licitaciones-2024\/articulo-15-de-la-ley-875-de-transparencia-y-acceso-a-la-informacion-publica-2024\/","title":{"rendered":"Art\u00edculo 15 de la Ley 875 de Transparencia y Acceso a la Informaci\u00f3n P\u00fablica 2024"},"content":{"rendered":"\n<div class=\"wp-block-group is-layout-constrained wp-container-core-group-is-layout-9517baca wp-block-group-is-layout-constrained\">\n<hr class=\"wp-block-separator has-text-color has-alpha-channel-opacity has-background is-style-wide\" style=\"background-color:#d8bf31;color:#d8bf31\" \/>\n\n\n\n<div class=\"wp-block-columns is-layout-flex wp-container-core-columns-is-layout-28f84493 wp-block-columns-is-layout-flex\">\n<div class=\"wp-block-column is-layout-flow wp-block-column-is-layout-flow\">\n<p class=\"has-text-align-center has-white-color has-text-color has-background\" style=\"background-color:#4a382c;font-size:26px\"><strong>Actas del Subcomit\u00e9 Ordinarias y Extraordinarias 2024<\/strong><\/p>\n\n\n\n<p class=\"has-text-color\" style=\"color:#5b4c0d;font-size:22px\"><strong>Ordinarias<\/strong><\/p>\n\n\n\n<hr class=\"wp-block-separator has-text-color has-alpha-channel-opacity has-background is-style-wide\" style=\"background-color:#d8bf31;color:#d8bf31\" \/>\n\n\n\n<div class=\"wp-block-columns is-layout-flex wp-container-core-columns-is-layout-28f84493 wp-block-columns-is-layout-flex\">\n<div class=\"wp-block-column has-background is-layout-flow wp-block-column-is-layout-flow\" style=\"background-color:#fff4e0\">\n<ul class=\"wp-block-list has-medium-font-size\">\n<li><a href=\"https:\/\/www.ssaver.gob.mx\/adquisiciones\/wp-content\/uploads\/sites\/5\/2025\/03\/12.ORDINARIA-2024_compressed.pdf\" target=\"_blank\" rel=\"noreferrer noopener\">Decima Segunda Sesi\u00f3n Ordinaria<\/a><\/li>\n\n\n\n<li><a href=\"https:\/\/www.ssaver.gob.mx\/adquisiciones\/wp-content\/uploads\/sites\/5\/2024\/12\/11.ORDINARIA.2024_compressed.pdf\" target=\"_blank\" rel=\"noreferrer noopener\">Decima Primera Sesi\u00f3n Ordinaria<\/a><\/li>\n\n\n\n<li><a href=\"https:\/\/www.ssaver.gob.mx\/adquisiciones\/wp-content\/uploads\/sites\/5\/2024\/12\/10.ORDINARIA.2024_compressed.pdf\" target=\"_blank\" rel=\"noreferrer noopener\">Decima Sesi\u00f3n Ordinaria<\/a><\/li>\n\n\n\n<li><a href=\"https:\/\/www.ssaver.gob.mx\/adquisiciones\/wp-content\/uploads\/sites\/5\/2024\/12\/9.ORDINARIA.2024_0001_compressed.pdf\" target=\"_blank\" rel=\"noreferrer noopener\">Novena Sesi\u00f3n Ordinaria<\/a><\/li>\n\n\n\n<li><a href=\"https:\/\/www.ssaver.gob.mx\/adquisiciones\/wp-content\/uploads\/sites\/5\/2024\/12\/8.ORDINARIA.2024.pdf\" target=\"_blank\" rel=\"noreferrer noopener\">Octava Sesi\u00f3n Ordinaria<\/a><\/li>\n\n\n\n<li><a href=\"https:\/\/www.ssaver.gob.mx\/adquisiciones\/wp-content\/uploads\/sites\/5\/2024\/09\/7-ACTA-ORD-2024_0001_compressed.pdf\" target=\"_blank\" rel=\"noreferrer noopener\">Septima Sesi\u00f3n Ordinaria<\/a><\/li>\n\n\n\n<li><a href=\"https:\/\/www.ssaver.gob.mx\/adquisiciones\/wp-content\/uploads\/sites\/5\/2024\/09\/6-ACTA-ORD-2024_0001_compressed.pdf\" target=\"_blank\" rel=\"noreferrer noopener\">Sexta Sesi\u00f3n Ordinaria<\/a><\/li>\n\n\n\n<li><a href=\"https:\/\/www.ssaver.gob.mx\/adquisiciones\/wp-content\/uploads\/sites\/5\/2024\/09\/5-ACTA-ORD-2024_0001_compressed.pdf\" target=\"_blank\" rel=\"noreferrer noopener\">Quinta Sesi\u00f3n Ordinaria<\/a><\/li>\n\n\n\n<li><a href=\"https:\/\/www.ssaver.gob.mx\/adquisiciones\/wp-content\/uploads\/sites\/5\/2024\/07\/4-ACTA-ORD-2024_0001_compressed.pdf\" target=\"_blank\" rel=\"noreferrer noopener\">Cuarta Sesi\u00f3n Ordinaria<\/a><\/li>\n\n\n\n<li><a href=\"https:\/\/www.ssaver.gob.mx\/adquisiciones\/wp-content\/uploads\/sites\/5\/2024\/07\/3.-ACTA-ORD-2024_0001_compressed.pdf\" target=\"_blank\" rel=\"noreferrer noopener\">Tercera Sesi\u00f3n Ordinaria<\/a><\/li>\n\n\n\n<li><a href=\"https:\/\/www.ssaver.gob.mx\/adquisiciones\/wp-content\/uploads\/sites\/5\/2024\/04\/2.-ACTA-ORD-2024_compressed.pdf\" target=\"_blank\" rel=\"noreferrer noopener\">Segunda Sesi\u00f3n Ordinaria<\/a><\/li>\n\n\n\n<li><a href=\"https:\/\/www.ssaver.gob.mx\/adquisiciones\/wp-content\/uploads\/sites\/5\/2024\/03\/1-ACTA-ORD.2024_compressed.pdf\" target=\"_blank\" rel=\"noreferrer noopener\">Primera Sesi\u00f3n Ordinaria <\/a><\/li>\n<\/ul>\n<\/div>\n<\/div>\n\n\n\n<p class=\"has-text-color\" style=\"color:#5b4c0d;font-size:22px\"><strong>Extraordinarias<\/strong><\/p>\n\n\n\n<hr class=\"wp-block-separator has-text-color has-alpha-channel-opacity has-background is-style-wide\" style=\"background-color:#d8bf31;color:#d8bf31\" \/>\n\n\n\n<div class=\"wp-block-columns is-layout-flex wp-container-core-columns-is-layout-28f84493 wp-block-columns-is-layout-flex\">\n<div class=\"wp-block-column has-background is-layout-flow wp-block-column-is-layout-flow\" style=\"background-color:#fff4e0\">\n<ul class=\"wp-block-list has-medium-font-size\">\n<li><a href=\"https:\/\/www.ssaver.gob.mx\/adquisiciones\/wp-content\/uploads\/sites\/5\/2025\/08\/19-ACTA-EXT-ORD-2024_compressed.pdf\" target=\"_blank\" rel=\"noreferrer noopener\">Decima Novena Sesi\u00f3n Extraordinaria<\/a><\/li>\n\n\n\n<li><a href=\"https:\/\/www.ssaver.gob.mx\/adquisiciones\/wp-content\/uploads\/sites\/5\/2025\/03\/18.EXTRAORDINARIA-2024_compressed.pdf\" target=\"_blank\" rel=\"noreferrer noopener\">Decima Octava Sesi\u00f3n Extraordinaria<\/a><\/li>\n\n\n\n<li><a href=\"https:\/\/www.ssaver.gob.mx\/adquisiciones\/wp-content\/uploads\/sites\/5\/2024\/12\/17.EXTRAORDINARIA.2024_compressed.pdf\" target=\"_blank\" rel=\"noreferrer noopener\">Decima S\u00e9ptima Sesi\u00f3n Extraordinaria<\/a><\/li>\n\n\n\n<li><a href=\"https:\/\/www.ssaver.gob.mx\/adquisiciones\/wp-content\/uploads\/sites\/5\/2024\/12\/16.EXTRAORDINARIA.2024.pdf\" target=\"_blank\" rel=\"noreferrer noopener\">Decima Sexta Sesi\u00f3n Extraordinaria<\/a><\/li>\n\n\n\n<li><a href=\"https:\/\/www.ssaver.gob.mx\/adquisiciones\/wp-content\/uploads\/sites\/5\/2024\/12\/15.-EXTRAORDINARIA.2024.pdf\" target=\"_blank\" rel=\"noreferrer noopener\">Decima Quinta Sesi\u00f3n Extraordinaria<\/a><\/li>\n\n\n\n<li><a href=\"https:\/\/www.ssaver.gob.mx\/adquisiciones\/wp-content\/uploads\/sites\/5\/2024\/12\/14.EXTRAORDINARIA.2024.pdf\" target=\"_blank\" rel=\"noreferrer noopener\">Decima Cuarta Sesi\u00f3n Extraordinaria<\/a><\/li>\n\n\n\n<li><a href=\"https:\/\/www.ssaver.gob.mx\/adquisiciones\/wp-content\/uploads\/sites\/5\/2024\/12\/13.EXTRAORDINARIA.2024.pdf\" target=\"_blank\" rel=\"noreferrer noopener\">Decima Tercera Sesi\u00f3n Extraordinaria<\/a><\/li>\n\n\n\n<li><a href=\"https:\/\/www.ssaver.gob.mx\/adquisiciones\/wp-content\/uploads\/sites\/5\/2024\/09\/12-ACTA-EXT-ORD-2024_compressed.pdf\" target=\"_blank\" rel=\"noreferrer noopener\">Decima Segunda Sesi\u00f3n Extraordinaria<\/a><\/li>\n\n\n\n<li><a href=\"https:\/\/www.ssaver.gob.mx\/adquisiciones\/wp-content\/uploads\/sites\/5\/2024\/09\/11-ACTA-EXT-ORD-2024_compressed.pdf\" target=\"_blank\" rel=\"noreferrer noopener\">Decima Primera Sesi\u00f3n Extraordinaria<\/a><\/li>\n\n\n\n<li><a href=\"https:\/\/www.ssaver.gob.mx\/adquisiciones\/wp-content\/uploads\/sites\/5\/2024\/09\/10-ACTA-EXT-ORD-2024_compressed.pdf\" target=\"_blank\" rel=\"noreferrer noopener\">Decima Sesi\u00f3n Extraordinaria<\/a><\/li>\n\n\n\n<li><a href=\"https:\/\/www.ssaver.gob.mx\/adquisiciones\/wp-content\/uploads\/sites\/5\/2024\/09\/9-ACTA-EXT-ORD-2024_compressed.pdf\" target=\"_blank\" rel=\"noreferrer noopener\">Novena Sesi\u00f3n Extraordinaria<\/a><\/li>\n\n\n\n<li><a href=\"https:\/\/www.ssaver.gob.mx\/adquisiciones\/wp-content\/uploads\/sites\/5\/2024\/09\/8-ACTA-EXT-ORD-2024_compressed.pdf\" target=\"_blank\" rel=\"noreferrer noopener\">Octava Sesi\u00f3n Extraordinaria<\/a><\/li>\n\n\n\n<li><a href=\"https:\/\/www.ssaver.gob.mx\/adquisiciones\/wp-content\/uploads\/sites\/5\/2024\/09\/7-ACTA-EXT-ORD-2024_compressed.pdf\">S\u00e9ptima Sesi\u00f3n Extraordinaria<\/a><\/li>\n\n\n\n<li><a href=\"https:\/\/www.ssaver.gob.mx\/adquisiciones\/wp-content\/uploads\/sites\/5\/2024\/09\/6-ACTA-EXT-ORD-2024_compressed.pdf\" target=\"_blank\" rel=\"noreferrer noopener\">Sexta Sesi\u00f3n Extraordinaria<\/a><\/li>\n\n\n\n<li><a href=\"https:\/\/www.ssaver.gob.mx\/adquisiciones\/wp-content\/uploads\/sites\/5\/2024\/07\/5-ACTA-EXT-ORD.2024_compressed.pdf\" target=\"_blank\" rel=\"noreferrer noopener\">Quinta Sesi\u00f3n Extraordinaria<\/a><\/li>\n\n\n\n<li><a href=\"https:\/\/www.ssaver.gob.mx\/adquisiciones\/wp-content\/uploads\/sites\/5\/2024\/07\/4-ACTA-EXT-ORD.2024_compressed.pdf\" target=\"_blank\" rel=\"noreferrer noopener\">Cuarta Sesi\u00f3n Extraordinaria<\/a><\/li>\n\n\n\n<li><a href=\"https:\/\/www.ssaver.gob.mx\/adquisiciones\/wp-content\/uploads\/sites\/5\/2024\/07\/3-ACTA-EXT-ORD.2024_compressed.pdf\" target=\"_blank\" rel=\"noreferrer noopener\">Tercera Sesi\u00f3n Extraordinaria<\/a><\/li>\n\n\n\n<li><a href=\"https:\/\/www.ssaver.gob.mx\/adquisiciones\/wp-content\/uploads\/sites\/5\/2024\/07\/2-ACTA-EXT-ORD.2024_compressed.pdf\" target=\"_blank\" rel=\"noreferrer noopener\">Segunda Sesi\u00f3n Extraordinaria<\/a><\/li>\n\n\n\n<li><a href=\"https:\/\/www.ssaver.gob.mx\/adquisiciones\/wp-content\/uploads\/sites\/5\/2024\/04\/1-ACTA-EXT-ORD.2024_compressed.pdf\" target=\"_blank\" rel=\"noreferrer noopener\">Primera Sesi\u00f3n Extraordinaria<\/a><\/li>\n<\/ul>\n<\/div>\n<\/div>\n<\/div>\n<\/div>\n<\/div>\n","protected":false},"excerpt":{"rendered":"<p>Actas del Subcomit\u00e9 Ordinarias y Extraordinarias 2024 Ordinarias Extraordinarias<\/p>\n","protected":false},"author":6,"featured_media":0,"parent":7806,"menu_order":7,"comment_status":"closed","ping_status":"closed","template":"","meta":{"colormag_page_container_layout":"default_layout","colormag_page_sidebar_layout":"default_layout","footnotes":""},"class_list":["post-7830","page","type-page","status-publish","hentry"],"_links":{"self":[{"href":"https:\/\/www.ssaver.gob.mx\/adquisiciones\/wp-json\/wp\/v2\/pages\/7830","targetHints":{"allow":["GET"]}}],"collection":[{"href":"https:\/\/www.ssaver.gob.mx\/adquisiciones\/wp-json\/wp\/v2\/pages"}],"about":[{"href":"https:\/\/www.ssaver.gob.mx\/adquisiciones\/wp-json\/wp\/v2\/types\/page"}],"author":[{"embeddable":true,"href":"https:\/\/www.ssaver.gob.mx\/adquisiciones\/wp-json\/wp\/v2\/users\/6"}],"replies":[{"embeddable":true,"href":"https:\/\/www.ssaver.gob.mx\/adquisiciones\/wp-json\/wp\/v2\/comments?post=7830"}],"version-history":[{"count":17,"href":"https:\/\/www.ssaver.gob.mx\/adquisiciones\/wp-json\/wp\/v2\/pages\/7830\/revisions"}],"predecessor-version":[{"id":12084,"href":"https:\/\/www.ssaver.gob.mx\/adquisiciones\/wp-json\/wp\/v2\/pages\/7830\/revisions\/12084"}],"up":[{"embeddable":true,"href":"https:\/\/www.ssaver.gob.mx\/adquisiciones\/wp-json\/wp\/v2\/pages\/7806"}],"wp:attachment":[{"href":"https:\/\/www.ssaver.gob.mx\/adquisiciones\/wp-json\/wp\/v2\/media?parent=7830"}],"curies":[{"name":"wp","href":"https:\/\/api.w.org\/{rel}","templated":true}]}}

Artículo 15 de la Ley 875 de Transparencia y Acceso a la Información Pública 2024

<div class="wp-block-group is-layout-constrained wp-container-core-group-is-layout-9517baca wp-block-group-is-layout-constrained">
<hr class="wp-block-separator has-text-color has-alpha-channel-opacity has-background is-style-wide" style="background-color:#d8bf31;color:#d8bf31" />



<div class="wp-block-columns is-layout-flex wp-container-core-columns-is-layout-28f84493 wp-block-columns-is-layout-flex">
<div class="wp-block-column is-layout-flow wp-block-column-is-layout-flow">
<p class="has-text-align-center has-white-color has-text-color has-background" style="background-color:#4a382c;font-size:26px"><strong>Actas del Subcomité Ordinarias y Extraordinarias 2024</strong></p>



<p class="has-text-color" style="color:#5b4c0d;font-size:22px"><strong>Ordinarias</strong></p>



<hr class="wp-block-separator has-text-color has-alpha-channel-opacity has-background is-style-wide" style="background-color:#d8bf31;color:#d8bf31" />



<div class="wp-block-columns is-layout-flex wp-container-core-columns-is-layout-28f84493 wp-block-columns-is-layout-flex">
<div class="wp-block-column has-background is-layout-flow wp-block-column-is-layout-flow" style="background-color:#fff4e0">
<ul class="wp-block-list has-medium-font-size">
<li><a href="https://www.ssaver.gob.mx/adquisiciones/wp-content/uploads/sites/5/2025/03/12.ORDINARIA-2024_compressed.pdf" target="_blank" rel="noreferrer noopener">Decima Segunda Sesión Ordinaria</a></li>



<li><a href="https://www.ssaver.gob.mx/adquisiciones/wp-content/uploads/sites/5/2024/12/11.ORDINARIA.2024_compressed.pdf" target="_blank" rel="noreferrer noopener">Decima Primera Sesión Ordinaria</a></li>



<li><a href="https://www.ssaver.gob.mx/adquisiciones/wp-content/uploads/sites/5/2024/12/10.ORDINARIA.2024_compressed.pdf" target="_blank" rel="noreferrer noopener">Decima Sesión Ordinaria</a></li>



<li><a href="https://www.ssaver.gob.mx/adquisiciones/wp-content/uploads/sites/5/2024/12/9.ORDINARIA.2024_0001_compressed.pdf" target="_blank" rel="noreferrer noopener">Novena Sesión Ordinaria</a></li>



<li><a href="https://www.ssaver.gob.mx/adquisiciones/wp-content/uploads/sites/5/2024/12/8.ORDINARIA.2024.pdf" target="_blank" rel="noreferrer noopener">Octava Sesión Ordinaria</a></li>



<li><a href="https://www.ssaver.gob.mx/adquisiciones/wp-content/uploads/sites/5/2024/09/7-ACTA-ORD-2024_0001_compressed.pdf" target="_blank" rel="noreferrer noopener">Septima Sesión Ordinaria</a></li>



<li><a href="https://www.ssaver.gob.mx/adquisiciones/wp-content/uploads/sites/5/2024/09/6-ACTA-ORD-2024_0001_compressed.pdf" target="_blank" rel="noreferrer noopener">Sexta Sesión Ordinaria</a></li>



<li><a href="https://www.ssaver.gob.mx/adquisiciones/wp-content/uploads/sites/5/2024/09/5-ACTA-ORD-2024_0001_compressed.pdf" target="_blank" rel="noreferrer noopener">Quinta Sesión Ordinaria</a></li>



<li><a href="https://www.ssaver.gob.mx/adquisiciones/wp-content/uploads/sites/5/2024/07/4-ACTA-ORD-2024_0001_compressed.pdf" target="_blank" rel="noreferrer noopener">Cuarta Sesión Ordinaria</a></li>



<li><a href="https://www.ssaver.gob.mx/adquisiciones/wp-content/uploads/sites/5/2024/07/3.-ACTA-ORD-2024_0001_compressed.pdf" target="_blank" rel="noreferrer noopener">Tercera Sesión Ordinaria</a></li>



<li><a href="https://www.ssaver.gob.mx/adquisiciones/wp-content/uploads/sites/5/2024/04/2.-ACTA-ORD-2024_compressed.pdf" target="_blank" rel="noreferrer noopener">Segunda Sesión Ordinaria</a></li>



<li><a href="https://www.ssaver.gob.mx/adquisiciones/wp-content/uploads/sites/5/2024/03/1-ACTA-ORD.2024_compressed.pdf" target="_blank" rel="noreferrer noopener">Primera Sesión Ordinaria </a></li>
</ul>
</div>
</div>



<p class="has-text-color" style="color:#5b4c0d;font-size:22px"><strong>Extraordinarias</strong></p>



<hr class="wp-block-separator has-text-color has-alpha-channel-opacity has-background is-style-wide" style="background-color:#d8bf31;color:#d8bf31" />



<div class="wp-block-columns is-layout-flex wp-container-core-columns-is-layout-28f84493 wp-block-columns-is-layout-flex">
<div class="wp-block-column has-background is-layout-flow wp-block-column-is-layout-flow" style="background-color:#fff4e0">
<ul class="wp-block-list has-medium-font-size">
<li><a href="https://www.ssaver.gob.mx/adquisiciones/wp-content/uploads/sites/5/2025/08/19-ACTA-EXT-ORD-2024_compressed.pdf" target="_blank" rel="noreferrer noopener">Decima Novena Sesión Extraordinaria</a></li>



<li><a href="https://www.ssaver.gob.mx/adquisiciones/wp-content/uploads/sites/5/2025/03/18.EXTRAORDINARIA-2024_compressed.pdf" target="_blank" rel="noreferrer noopener">Decima Octava Sesión Extraordinaria</a></li>



<li><a href="https://www.ssaver.gob.mx/adquisiciones/wp-content/uploads/sites/5/2024/12/17.EXTRAORDINARIA.2024_compressed.pdf" target="_blank" rel="noreferrer noopener">Decima Séptima Sesión Extraordinaria</a></li>



<li><a href="https://www.ssaver.gob.mx/adquisiciones/wp-content/uploads/sites/5/2024/12/16.EXTRAORDINARIA.2024.pdf" target="_blank" rel="noreferrer noopener">Decima Sexta Sesión Extraordinaria</a></li>



<li><a href="https://www.ssaver.gob.mx/adquisiciones/wp-content/uploads/sites/5/2024/12/15.-EXTRAORDINARIA.2024.pdf" target="_blank" rel="noreferrer noopener">Decima Quinta Sesión Extraordinaria</a></li>



<li><a href="https://www.ssaver.gob.mx/adquisiciones/wp-content/uploads/sites/5/2024/12/14.EXTRAORDINARIA.2024.pdf" target="_blank" rel="noreferrer noopener">Decima Cuarta Sesión Extraordinaria</a></li>



<li><a href="https://www.ssaver.gob.mx/adquisiciones/wp-content/uploads/sites/5/2024/12/13.EXTRAORDINARIA.2024.pdf" target="_blank" rel="noreferrer noopener">Decima Tercera Sesión Extraordinaria</a></li>



<li><a href="https://www.ssaver.gob.mx/adquisiciones/wp-content/uploads/sites/5/2024/09/12-ACTA-EXT-ORD-2024_compressed.pdf" target="_blank" rel="noreferrer noopener">Decima Segunda Sesión Extraordinaria</a></li>



<li><a href="https://www.ssaver.gob.mx/adquisiciones/wp-content/uploads/sites/5/2024/09/11-ACTA-EXT-ORD-2024_compressed.pdf" target="_blank" rel="noreferrer noopener">Decima Primera Sesión Extraordinaria</a></li>



<li><a href="https://www.ssaver.gob.mx/adquisiciones/wp-content/uploads/sites/5/2024/09/10-ACTA-EXT-ORD-2024_compressed.pdf" target="_blank" rel="noreferrer noopener">Decima Sesión Extraordinaria</a></li>



<li><a href="https://www.ssaver.gob.mx/adquisiciones/wp-content/uploads/sites/5/2024/09/9-ACTA-EXT-ORD-2024_compressed.pdf" target="_blank" rel="noreferrer noopener">Novena Sesión Extraordinaria</a></li>



<li><a href="https://www.ssaver.gob.mx/adquisiciones/wp-content/uploads/sites/5/2024/09/8-ACTA-EXT-ORD-2024_compressed.pdf" target="_blank" rel="noreferrer noopener">Octava Sesión Extraordinaria</a></li>



<li><a href="https://www.ssaver.gob.mx/adquisiciones/wp-content/uploads/sites/5/2024/09/7-ACTA-EXT-ORD-2024_compressed.pdf">Séptima Sesión Extraordinaria</a></li>



<li><a href="https://www.ssaver.gob.mx/adquisiciones/wp-content/uploads/sites/5/2024/09/6-ACTA-EXT-ORD-2024_compressed.pdf" target="_blank" rel="noreferrer noopener">Sexta Sesión Extraordinaria</a></li>



<li><a href="https://www.ssaver.gob.mx/adquisiciones/wp-content/uploads/sites/5/2024/07/5-ACTA-EXT-ORD.2024_compressed.pdf" target="_blank" rel="noreferrer noopener">Quinta Sesión Extraordinaria</a></li>



<li><a href="https://www.ssaver.gob.mx/adquisiciones/wp-content/uploads/sites/5/2024/07/4-ACTA-EXT-ORD.2024_compressed.pdf" target="_blank" rel="noreferrer noopener">Cuarta Sesión Extraordinaria</a></li>



<li><a href="https://www.ssaver.gob.mx/adquisiciones/wp-content/uploads/sites/5/2024/07/3-ACTA-EXT-ORD.2024_compressed.pdf" target="_blank" rel="noreferrer noopener">Tercera Sesión Extraordinaria</a></li>



<li><a href="https://www.ssaver.gob.mx/adquisiciones/wp-content/uploads/sites/5/2024/07/2-ACTA-EXT-ORD.2024_compressed.pdf" target="_blank" rel="noreferrer noopener">Segunda Sesión Extraordinaria</a></li>



<li><a href="https://www.ssaver.gob.mx/adquisiciones/wp-content/uploads/sites/5/2024/04/1-ACTA-EXT-ORD.2024_compressed.pdf" target="_blank" rel="noreferrer noopener">Primera Sesión Extraordinaria</a></li>
</ul>
</div>
</div>
</div>
</div>
</div>

<p>Actas del Subcomité Ordinarias y Extraordinarias 2024 Ordinarias Extraordinarias</p>
