{"id":8809,"date":"2024-06-25T11:09:00","date_gmt":"2024-06-25T16:09:00","guid":{"rendered":"https:\/\/www.ssaver.gob.mx\/adquisiciones\/?page_id=8809"},"modified":"2026-04-01T11:49:10","modified_gmt":"2026-04-01T17:49:10","slug":"licitacion-publica-nacional-lpn-103t00000-018-2024","status":"publish","type":"page","link":"https:\/\/www.ssaver.gob.mx\/adquisiciones\/licitaciones-2024\/licitaciones-publicas-nacionales-2024\/licitacion-publica-nacional-lpn-103t00000-018-2024\/","title":{"rendered":"Licitaci\u00f3n P\u00fablica Nacional LPN-103T00000-018-2024"},"content":{"rendered":"\n<div class=\"wp-block-group is-layout-constrained wp-container-core-group-is-layout-9517baca wp-block-group-is-layout-constrained\">\n<hr class=\"wp-block-separator has-text-color has-alpha-channel-opacity has-background is-style-wide\" style=\"background-color:#d8bf31;color:#d8bf31\" \/>\n\n\n\n<div class=\"wp-block-columns has-text-color has-background is-layout-flex wp-container-core-columns-is-layout-28f84493 wp-block-columns-is-layout-flex\" style=\"color:#5b4c0d;background-color:#fff4e0\">\n<div class=\"wp-block-column is-layout-flow wp-block-column-is-layout-flow\">\n<p><strong>Relativa&nbsp; a&nbsp; la&nbsp; \u00abAdquisici\u00f3n&nbsp; de Equipamiento&nbsp; para&nbsp; el&nbsp; Hospital&nbsp; de&nbsp; la Comunidad&nbsp; de&nbsp; Naranjos&nbsp; y&nbsp; Hospital&nbsp; de&nbsp; Salud Mental&nbsp; de&nbsp; Orizaba&nbsp; Dr.&nbsp; Victor&nbsp; M.&nbsp; Concha V\u00e1zquez\u00bb<\/strong><\/p>\n\n\n\n<ul class=\"wp-block-list\">\n<li><a href=\"https:\/\/www.ssaver.gob.mx\/adquisiciones\/wp-content\/uploads\/sites\/5\/2024\/06\/CONVOCATORIA-No.-19.pdf\" target=\"_blank\" rel=\"noreferrer noopener\">Convocatoria<\/a><\/li>\n\n\n\n<li><a href=\"https:\/\/www.ssaver.gob.mx\/adquisiciones\/wp-content\/uploads\/sites\/5\/2024\/06\/LPN-103T00000-018-2024_compressed.pdf\" target=\"_blank\" rel=\"noreferrer noopener\">Bases y Anexos<\/a><\/li>\n\n\n\n<li><a href=\"https:\/\/www.ssaver.gob.mx\/adquisiciones\/wp-content\/uploads\/sites\/5\/2024\/06\/FICHAS-TECNICAS-PARTE-1.pdf\" target=\"_blank\" rel=\"noreferrer noopener\">Fichas t\u00e9cnicas (Primera parte)<\/a><\/li>\n\n\n\n<li><a href=\"https:\/\/www.ssaver.gob.mx\/adquisiciones\/wp-content\/uploads\/sites\/5\/2024\/06\/FICHAS-TECNICAS-PARTE-2.pdf\" target=\"_blank\" rel=\"noreferrer noopener\">Fichas t\u00e9cnicas (Segunda parte)<\/a><\/li>\n\n\n\n<li><a href=\"https:\/\/www.ssaver.gob.mx\/adquisiciones\/wp-content\/uploads\/sites\/5\/2024\/06\/FICHAS-TECNICAS-PARTE-3.pdf\" target=\"_blank\" rel=\"noreferrer noopener\">Fichas t\u00e9cnicas (Tercera parte)<\/a><\/li>\n\n\n\n<li><a href=\"https:\/\/www.ssaver.gob.mx\/adquisiciones\/wp-content\/uploads\/sites\/5\/2024\/06\/FICHAS-TECNICAS-PARTE-4.pdf\" target=\"_blank\" rel=\"noreferrer noopener\">Fichas t\u00e9cnicas (Cuarta parte)<\/a><\/li>\n\n\n\n<li><a href=\"https:\/\/www.ssaver.gob.mx\/adquisiciones\/wp-content\/uploads\/sites\/5\/2024\/06\/FICHAS-TECNICAS-PARTE-5.pdf\" target=\"_blank\" rel=\"noreferrer noopener\">Fichas t\u00e9cnicas (Quinta parte)<\/a><\/li>\n\n\n\n<li><a href=\"https:\/\/www.ssaver.gob.mx\/adquisiciones\/wp-content\/uploads\/sites\/5\/2024\/07\/Acta-de-junta-de-aclaraciones-LPN-103T00000-018-2024_0001_compressed.pdf\" target=\"_blank\" rel=\"noreferrer noopener\">Acta de junta de aclaraciones<\/a><\/li>\n\n\n\n<li><a href=\"https:\/\/www.ssaver.gob.mx\/adquisiciones\/wp-content\/uploads\/sites\/5\/2024\/07\/Acta-de-apertura-de-proposiciones-LPN-103T00000-018-2024_0001_compressed.pdf\" target=\"_blank\" rel=\"noreferrer noopener\">Acta de apertura de proposiciones<\/a><\/li>\n\n\n\n<li><a href=\"https:\/\/www.ssaver.gob.mx\/adquisiciones\/wp-content\/uploads\/sites\/5\/2024\/07\/Acta-de-diferimiento-de-la-evaluacion-tecnica-y-economica-y-emision-del-fallo-LPN-103T00000-018-2024_0001.pdf\" target=\"_blank\" rel=\"noreferrer noopener\">Acta de diferimiento de la evaluaci\u00f3n t\u00e9cnica y econ\u00f3mica y emisi\u00f3n del fallo<\/a><\/li>\n\n\n\n<li><a href=\"https:\/\/www.ssaver.gob.mx\/adquisiciones\/wp-content\/uploads\/sites\/5\/2024\/07\/Dictamen-tecnico-economico-Acta-de-fallo-LPN-103T00000-018-2024-compressed.pdf\" target=\"_blank\" rel=\"noreferrer noopener\">Dictamen t\u00e9cnico-econ\u00f3mico (Acta de fallo) <\/a><\/li>\n\n\n\n<li><a href=\"https:\/\/www.ssaver.gob.mx\/adquisiciones\/wp-content\/uploads\/sites\/5\/2024\/09\/Notificacion-de-fallo-LPN-103T00000-018-2024_compressed.pdf\" target=\"_blank\" rel=\"noreferrer noopener\">Notificaci\u00f3n de fallo<\/a><\/li>\n\n\n\n<li>Contratos Nos. <a href=\"https:\/\/www.ssaver.gob.mx\/adquisiciones\/wp-content\/uploads\/sites\/5\/2024\/09\/SESVER_DA_C-111_2024-AFECTADO-C.pdf\" target=\"_blank\" rel=\"noreferrer noopener\">111<\/a>, <a href=\"https:\/\/www.ssaver.gob.mx\/adquisiciones\/wp-content\/uploads\/sites\/5\/2024\/09\/SESVER_DA_C-112_2024-AFECTADO-C.pdf\" target=\"_blank\" rel=\"noreferrer noopener\">112<\/a>, <a href=\"https:\/\/www.ssaver.gob.mx\/adquisiciones\/wp-content\/uploads\/sites\/5\/2024\/09\/SESVER_DA_C-113_2024-AFECTADO-C.pdf\" target=\"_blank\" rel=\"noreferrer noopener\">113<\/a>, <a href=\"https:\/\/www.ssaver.gob.mx\/adquisiciones\/wp-content\/uploads\/sites\/5\/2024\/09\/SESVER_DA_C-114_2024-AFECTADO-C.pdf\" target=\"_blank\" rel=\"noreferrer noopener\">114<\/a>, <a href=\"https:\/\/www.ssaver.gob.mx\/adquisiciones\/wp-content\/uploads\/sites\/5\/2024\/09\/SESVER_DA_C-115_2024-JAFECTADO-C.pdf\" target=\"_blank\" rel=\"noreferrer noopener\">115<\/a>, <a href=\"https:\/\/www.ssaver.gob.mx\/adquisiciones\/wp-content\/uploads\/sites\/5\/2024\/09\/SESVER_DA_C-116_2024-AFECTADO-C.pdf\" target=\"_blank\" rel=\"noreferrer noopener\">116<\/a>, <a href=\"https:\/\/www.ssaver.gob.mx\/adquisiciones\/wp-content\/uploads\/sites\/5\/2024\/09\/SESVER_DA_C-117_2024-AFECTADO-C.pdf\" target=\"_blank\" rel=\"noreferrer noopener\">117<\/a>, <a href=\"https:\/\/www.ssaver.gob.mx\/adquisiciones\/wp-content\/uploads\/sites\/5\/2024\/09\/SESVER_DA_C-118_2024-AFECTADO-C.pdf\" target=\"_blank\" rel=\"noreferrer noopener\">118<\/a>, <a href=\"https:\/\/www.ssaver.gob.mx\/adquisiciones\/wp-content\/uploads\/sites\/5\/2024\/09\/SESVER_DA_C-119_2024-AFECTADO-C.pdf\" target=\"_blank\" rel=\"noreferrer noopener\">119<\/a>, <a href=\"https:\/\/www.ssaver.gob.mx\/adquisiciones\/wp-content\/uploads\/sites\/5\/2024\/09\/SESVER_DA_C-120_2024-AFECTADO-C.pdf\" target=\"_blank\" rel=\"noreferrer noopener\">120,<\/a> <a href=\"https:\/\/www.ssaver.gob.mx\/adquisiciones\/wp-content\/uploads\/sites\/5\/2024\/09\/SESVER_DA_C-121_2024-AFECTADO-C.pdf\" target=\"_blank\" rel=\"noreferrer noopener\">121<\/a>, <a href=\"https:\/\/www.ssaver.gob.mx\/adquisiciones\/wp-content\/uploads\/sites\/5\/2024\/09\/SESVER_DA_C-122_2024-AFECTADO-C.pdf\" target=\"_blank\" rel=\"noreferrer noopener\">122<\/a>, <a href=\"https:\/\/www.ssaver.gob.mx\/adquisiciones\/wp-content\/uploads\/sites\/5\/2024\/09\/SESVER_DA_C-123_2024-AFECTADO-C.pdf\" target=\"_blank\" rel=\"noreferrer noopener\">123<\/a>, <a href=\"https:\/\/www.ssaver.gob.mx\/adquisiciones\/wp-content\/uploads\/sites\/5\/2024\/09\/SESVER_DA_C-124_2024-AFECTADO-C.pdf\" target=\"_blank\" rel=\"noreferrer noopener\">124<\/a>, <a href=\"https:\/\/www.ssaver.gob.mx\/adquisiciones\/wp-content\/uploads\/sites\/5\/2024\/09\/SESVER_DA_C-125_2024-AFECTADO-C.pdf\" target=\"_blank\" rel=\"noreferrer noopener\">125<\/a>, <a href=\"https:\/\/www.ssaver.gob.mx\/adquisiciones\/wp-content\/uploads\/sites\/5\/2024\/09\/SESVER_DA_C-126_2024-AFECTADO-C.pdf\" target=\"_blank\" rel=\"noreferrer noopener\">126 <\/a>y <a href=\"https:\/\/www.ssaver.gob.mx\/adquisiciones\/wp-content\/uploads\/sites\/5\/2024\/09\/SESVER_DA_C-127_2024-AFECTADO-C.pdf\" target=\"_blank\" rel=\"noreferrer noopener\">127<\/a> de 2024<\/li>\n\n\n\n<li><a href=\"https:\/\/www.ssaver.gob.mx\/adquisiciones\/wp-content\/uploads\/sites\/5\/2024\/09\/P-005_2024-AFECTADO-C.pdf\" target=\"_blank\" rel=\"noreferrer noopener\">Pedido  No. 005 de 2024 <\/a> <\/li>\n\n\n\n<li><a href=\"https:\/\/www.ssaver.gob.mx\/adquisiciones\/wp-content\/uploads\/sites\/5\/2024\/10\/ESCRITO-DE-TESTIGO-SOCIAL-LPN-018-2024-OK.pdf\" target=\"_blank\" rel=\"noreferrer noopener\">Testimonio emitido por el Testigo Social<\/a><\/li>\n<\/ul>\n\n\n\n<p><\/p>\n<\/div>\n<\/div>\n<\/div>\n","protected":false},"excerpt":{"rendered":"<p>Relativa&nbsp; a&nbsp; la&nbsp; \u00abAdquisici\u00f3n&nbsp; de Equipamiento&nbsp; para&nbsp; el&nbsp; Hospital&nbsp; de&nbsp; la Comunidad&nbsp; de&nbsp; Naranjos&nbsp; y&nbsp; Hospital&nbsp; de&nbsp; Salud Mental&nbsp; de&nbsp;<\/p>\n","protected":false},"author":6,"featured_media":0,"parent":7823,"menu_order":18,"comment_status":"closed","ping_status":"closed","template":"","meta":{"colormag_page_container_layout":"default_layout","colormag_page_sidebar_layout":"default_layout","footnotes":""},"class_list":["post-8809","page","type-page","status-publish","hentry"],"_links":{"self":[{"href":"https:\/\/www.ssaver.gob.mx\/adquisiciones\/wp-json\/wp\/v2\/pages\/8809","targetHints":{"allow":["GET"]}}],"collection":[{"href":"https:\/\/www.ssaver.gob.mx\/adquisiciones\/wp-json\/wp\/v2\/pages"}],"about":[{"href":"https:\/\/www.ssaver.gob.mx\/adquisiciones\/wp-json\/wp\/v2\/types\/page"}],"author":[{"embeddable":true,"href":"https:\/\/www.ssaver.gob.mx\/adquisiciones\/wp-json\/wp\/v2\/users\/6"}],"replies":[{"embeddable":true,"href":"https:\/\/www.ssaver.gob.mx\/adquisiciones\/wp-json\/wp\/v2\/comments?post=8809"}],"version-history":[{"count":15,"href":"https:\/\/www.ssaver.gob.mx\/adquisiciones\/wp-json\/wp\/v2\/pages\/8809\/revisions"}],"predecessor-version":[{"id":12247,"href":"https:\/\/www.ssaver.gob.mx\/adquisiciones\/wp-json\/wp\/v2\/pages\/8809\/revisions\/12247"}],"up":[{"embeddable":true,"href":"https:\/\/www.ssaver.gob.mx\/adquisiciones\/wp-json\/wp\/v2\/pages\/7823"}],"wp:attachment":[{"href":"https:\/\/www.ssaver.gob.mx\/adquisiciones\/wp-json\/wp\/v2\/media?parent=8809"}],"curies":[{"name":"wp","href":"https:\/\/api.w.org\/{rel}","templated":true}]}}

Licitación Pública Nacional LPN-103T00000-018-2024

<div class="wp-block-group is-layout-constrained wp-container-core-group-is-layout-9517baca wp-block-group-is-layout-constrained">
<hr class="wp-block-separator has-text-color has-alpha-channel-opacity has-background is-style-wide" style="background-color:#d8bf31;color:#d8bf31" />



<div class="wp-block-columns has-text-color has-background is-layout-flex wp-container-core-columns-is-layout-28f84493 wp-block-columns-is-layout-flex" style="color:#5b4c0d;background-color:#fff4e0">
<div class="wp-block-column is-layout-flow wp-block-column-is-layout-flow">
<p><strong>Relativa&nbsp; a&nbsp; la&nbsp; «Adquisición&nbsp; de Equipamiento&nbsp; para&nbsp; el&nbsp; Hospital&nbsp; de&nbsp; la Comunidad&nbsp; de&nbsp; Naranjos&nbsp; y&nbsp; Hospital&nbsp; de&nbsp; Salud Mental&nbsp; de&nbsp; Orizaba&nbsp; Dr.&nbsp; Victor&nbsp; M.&nbsp; Concha Vázquez»</strong></p>



<ul class="wp-block-list">
<li><a href="https://www.ssaver.gob.mx/adquisiciones/wp-content/uploads/sites/5/2024/06/CONVOCATORIA-No.-19.pdf" target="_blank" rel="noreferrer noopener">Convocatoria</a></li>



<li><a href="https://www.ssaver.gob.mx/adquisiciones/wp-content/uploads/sites/5/2024/06/LPN-103T00000-018-2024_compressed.pdf" target="_blank" rel="noreferrer noopener">Bases y Anexos</a></li>



<li><a href="https://www.ssaver.gob.mx/adquisiciones/wp-content/uploads/sites/5/2024/06/FICHAS-TECNICAS-PARTE-1.pdf" target="_blank" rel="noreferrer noopener">Fichas técnicas (Primera parte)</a></li>



<li><a href="https://www.ssaver.gob.mx/adquisiciones/wp-content/uploads/sites/5/2024/06/FICHAS-TECNICAS-PARTE-2.pdf" target="_blank" rel="noreferrer noopener">Fichas técnicas (Segunda parte)</a></li>



<li><a href="https://www.ssaver.gob.mx/adquisiciones/wp-content/uploads/sites/5/2024/06/FICHAS-TECNICAS-PARTE-3.pdf" target="_blank" rel="noreferrer noopener">Fichas técnicas (Tercera parte)</a></li>



<li><a href="https://www.ssaver.gob.mx/adquisiciones/wp-content/uploads/sites/5/2024/06/FICHAS-TECNICAS-PARTE-4.pdf" target="_blank" rel="noreferrer noopener">Fichas técnicas (Cuarta parte)</a></li>



<li><a href="https://www.ssaver.gob.mx/adquisiciones/wp-content/uploads/sites/5/2024/06/FICHAS-TECNICAS-PARTE-5.pdf" target="_blank" rel="noreferrer noopener">Fichas técnicas (Quinta parte)</a></li>



<li><a href="https://www.ssaver.gob.mx/adquisiciones/wp-content/uploads/sites/5/2024/07/Acta-de-junta-de-aclaraciones-LPN-103T00000-018-2024_0001_compressed.pdf" target="_blank" rel="noreferrer noopener">Acta de junta de aclaraciones</a></li>



<li><a href="https://www.ssaver.gob.mx/adquisiciones/wp-content/uploads/sites/5/2024/07/Acta-de-apertura-de-proposiciones-LPN-103T00000-018-2024_0001_compressed.pdf" target="_blank" rel="noreferrer noopener">Acta de apertura de proposiciones</a></li>



<li><a href="https://www.ssaver.gob.mx/adquisiciones/wp-content/uploads/sites/5/2024/07/Acta-de-diferimiento-de-la-evaluacion-tecnica-y-economica-y-emision-del-fallo-LPN-103T00000-018-2024_0001.pdf" target="_blank" rel="noreferrer noopener">Acta de diferimiento de la evaluación técnica y económica y emisión del fallo</a></li>



<li><a href="https://www.ssaver.gob.mx/adquisiciones/wp-content/uploads/sites/5/2024/07/Dictamen-tecnico-economico-Acta-de-fallo-LPN-103T00000-018-2024-compressed.pdf" target="_blank" rel="noreferrer noopener">Dictamen técnico-económico (Acta de fallo) </a></li>



<li><a href="https://www.ssaver.gob.mx/adquisiciones/wp-content/uploads/sites/5/2024/09/Notificacion-de-fallo-LPN-103T00000-018-2024_compressed.pdf" target="_blank" rel="noreferrer noopener">Notificación de fallo</a></li>



<li>Contratos Nos. <a href="https://www.ssaver.gob.mx/adquisiciones/wp-content/uploads/sites/5/2024/09/SESVER_DA_C-111_2024-AFECTADO-C.pdf" target="_blank" rel="noreferrer noopener">111</a>, <a href="https://www.ssaver.gob.mx/adquisiciones/wp-content/uploads/sites/5/2024/09/SESVER_DA_C-112_2024-AFECTADO-C.pdf" target="_blank" rel="noreferrer noopener">112</a>, <a href="https://www.ssaver.gob.mx/adquisiciones/wp-content/uploads/sites/5/2024/09/SESVER_DA_C-113_2024-AFECTADO-C.pdf" target="_blank" rel="noreferrer noopener">113</a>, <a href="https://www.ssaver.gob.mx/adquisiciones/wp-content/uploads/sites/5/2024/09/SESVER_DA_C-114_2024-AFECTADO-C.pdf" target="_blank" rel="noreferrer noopener">114</a>, <a href="https://www.ssaver.gob.mx/adquisiciones/wp-content/uploads/sites/5/2024/09/SESVER_DA_C-115_2024-JAFECTADO-C.pdf" target="_blank" rel="noreferrer noopener">115</a>, <a href="https://www.ssaver.gob.mx/adquisiciones/wp-content/uploads/sites/5/2024/09/SESVER_DA_C-116_2024-AFECTADO-C.pdf" target="_blank" rel="noreferrer noopener">116</a>, <a href="https://www.ssaver.gob.mx/adquisiciones/wp-content/uploads/sites/5/2024/09/SESVER_DA_C-117_2024-AFECTADO-C.pdf" target="_blank" rel="noreferrer noopener">117</a>, <a href="https://www.ssaver.gob.mx/adquisiciones/wp-content/uploads/sites/5/2024/09/SESVER_DA_C-118_2024-AFECTADO-C.pdf" target="_blank" rel="noreferrer noopener">118</a>, <a href="https://www.ssaver.gob.mx/adquisiciones/wp-content/uploads/sites/5/2024/09/SESVER_DA_C-119_2024-AFECTADO-C.pdf" target="_blank" rel="noreferrer noopener">119</a>, <a href="https://www.ssaver.gob.mx/adquisiciones/wp-content/uploads/sites/5/2024/09/SESVER_DA_C-120_2024-AFECTADO-C.pdf" target="_blank" rel="noreferrer noopener">120,</a> <a href="https://www.ssaver.gob.mx/adquisiciones/wp-content/uploads/sites/5/2024/09/SESVER_DA_C-121_2024-AFECTADO-C.pdf" target="_blank" rel="noreferrer noopener">121</a>, <a href="https://www.ssaver.gob.mx/adquisiciones/wp-content/uploads/sites/5/2024/09/SESVER_DA_C-122_2024-AFECTADO-C.pdf" target="_blank" rel="noreferrer noopener">122</a>, <a href="https://www.ssaver.gob.mx/adquisiciones/wp-content/uploads/sites/5/2024/09/SESVER_DA_C-123_2024-AFECTADO-C.pdf" target="_blank" rel="noreferrer noopener">123</a>, <a href="https://www.ssaver.gob.mx/adquisiciones/wp-content/uploads/sites/5/2024/09/SESVER_DA_C-124_2024-AFECTADO-C.pdf" target="_blank" rel="noreferrer noopener">124</a>, <a href="https://www.ssaver.gob.mx/adquisiciones/wp-content/uploads/sites/5/2024/09/SESVER_DA_C-125_2024-AFECTADO-C.pdf" target="_blank" rel="noreferrer noopener">125</a>, <a href="https://www.ssaver.gob.mx/adquisiciones/wp-content/uploads/sites/5/2024/09/SESVER_DA_C-126_2024-AFECTADO-C.pdf" target="_blank" rel="noreferrer noopener">126 </a>y <a href="https://www.ssaver.gob.mx/adquisiciones/wp-content/uploads/sites/5/2024/09/SESVER_DA_C-127_2024-AFECTADO-C.pdf" target="_blank" rel="noreferrer noopener">127</a> de 2024</li>



<li><a href="https://www.ssaver.gob.mx/adquisiciones/wp-content/uploads/sites/5/2024/09/P-005_2024-AFECTADO-C.pdf" target="_blank" rel="noreferrer noopener">Pedido  No. 005 de 2024 </a> </li>



<li><a href="https://www.ssaver.gob.mx/adquisiciones/wp-content/uploads/sites/5/2024/10/ESCRITO-DE-TESTIGO-SOCIAL-LPN-018-2024-OK.pdf" target="_blank" rel="noreferrer noopener">Testimonio emitido por el Testigo Social</a></li>
</ul>



<p></p>
</div>
</div>
</div>

<p>Relativa&nbsp; a&nbsp; la&nbsp; «Adquisición&nbsp; de Equipamiento&nbsp; para&nbsp; el&nbsp; Hospital&nbsp; de&nbsp; la Comunidad&nbsp; de&nbsp; Naranjos&nbsp; y&nbsp; Hospital&nbsp; de&nbsp; Salud Mental&nbsp; de&nbsp;</p>
