{"id":9168,"date":"2024-08-05T11:08:14","date_gmt":"2024-08-05T16:08:14","guid":{"rendered":"https:\/\/www.ssaver.gob.mx\/adquisiciones\/?page_id=9168"},"modified":"2026-04-01T11:55:23","modified_gmt":"2026-04-01T17:55:23","slug":"licitacion-publica-nacional-lpn-103t00000-025-2024","status":"publish","type":"page","link":"https:\/\/www.ssaver.gob.mx\/adquisiciones\/licitaciones-2024\/licitaciones-publicas-nacionales-2024\/licitacion-publica-nacional-lpn-103t00000-025-2024\/","title":{"rendered":"Licitaci\u00f3n P\u00fablica Nacional LPN-103T00000-025-2024"},"content":{"rendered":"\n<div class=\"wp-block-group is-layout-constrained wp-container-core-group-is-layout-9517baca wp-block-group-is-layout-constrained\">\n<hr class=\"wp-block-separator has-text-color has-alpha-channel-opacity has-background is-style-wide\" style=\"background-color:#d8bf31;color:#d8bf31\" \/>\n\n\n\n<div class=\"wp-block-columns has-text-color has-background is-layout-flex wp-container-core-columns-is-layout-28f84493 wp-block-columns-is-layout-flex\" style=\"color:#5b4c0d;background-color:#fff4e0\">\n<div class=\"wp-block-column is-layout-flow wp-block-column-is-layout-flow\">\n<p><strong><strong><strong>Relativa a la \u201cAdquisici\u00f3n de Equipamiento para el Hospital de la Comunidad de Naranjos y Hospital de Salud Mental de Orizaba Dr. V\u00edctor M. Concha V\u00e1zquez\u201d, Segunda Convocatoria <\/strong><\/strong><\/strong><\/p>\n\n\n\n<ul class=\"wp-block-list\">\n<li><a href=\"https:\/\/www.ssaver.gob.mx\/adquisiciones\/wp-content\/uploads\/sites\/5\/2024\/08\/CONVOCATORIA-No.-26.pdf\" target=\"_blank\" rel=\"noreferrer noopener\">Convocatoria<\/a><\/li>\n\n\n\n<li><a href=\"https:\/\/www.ssaver.gob.mx\/adquisiciones\/wp-content\/uploads\/sites\/5\/2024\/08\/BASES-Y-ANEXOS-LPN-103T00000-025-2024_compressed.pdf\" target=\"_blank\" rel=\"noreferrer noopener\">Bases y Anexos<\/a><\/li>\n\n\n\n<li><a href=\"https:\/\/www.ssaver.gob.mx\/adquisiciones\/wp-content\/uploads\/sites\/5\/2024\/08\/Fichas-Tecnicas-LPN-103T00000-025-2024_compressed.pdf\" target=\"_blank\" rel=\"noreferrer noopener\">Fichas t\u00e9cnicas<\/a> <\/li>\n\n\n\n<li><a href=\"https:\/\/www.ssaver.gob.mx\/adquisiciones\/wp-content\/uploads\/sites\/5\/2024\/08\/Acta-de-junta-de-aclaraciones-LPN-103T00000-025-2024_compressed.pdf\" target=\"_blank\" rel=\"noreferrer noopener\">Acta de junta de aclaraciones<\/a><\/li>\n\n\n\n<li><a href=\"https:\/\/www.ssaver.gob.mx\/adquisiciones\/wp-content\/uploads\/sites\/5\/2024\/08\/Acta-de-apertura-de-proposiciones-LPN-103T00000-025-2024_0001_compressed.pdf\" target=\"_blank\" rel=\"noreferrer noopener\">Acta de apertura de proposiciones<\/a><\/li>\n\n\n\n<li><a href=\"https:\/\/www.ssaver.gob.mx\/adquisiciones\/wp-content\/uploads\/sites\/5\/2024\/08\/Dictamen-tecnico-economico-Acta-de-fallo-LPN-103T00000-025-2024_0001_compressed.pdf\" target=\"_blank\" rel=\"noreferrer noopener\">Dictamen t\u00e9cnico-econ\u00f3mico (Acta de fallo)<\/a><\/li>\n\n\n\n<li><a href=\"https:\/\/www.ssaver.gob.mx\/adquisiciones\/wp-content\/uploads\/sites\/5\/2024\/10\/Notificacion-de-fallo-LPN-103T00000-025-2024_compressed.pdf\" target=\"_blank\" rel=\"noreferrer noopener\">Notificaci\u00f3n de fallo<\/a><\/li>\n\n\n\n<li>Contratos Nos. <a href=\"https:\/\/www.ssaver.gob.mx\/adquisiciones\/wp-content\/uploads\/sites\/5\/2024\/09\/SESVER_DA_C-178_2024-AFECTADO-C.pdf\" target=\"_blank\" rel=\"noreferrer noopener\">178<\/a>, <a href=\"https:\/\/www.ssaver.gob.mx\/adquisiciones\/wp-content\/uploads\/sites\/5\/2024\/10\/SESVER_DA_C-179_2024-AFECTADO-C.pdf\" target=\"_blank\" rel=\"noreferrer noopener\">179<\/a>, <a href=\"https:\/\/www.ssaver.gob.mx\/adquisiciones\/wp-content\/uploads\/sites\/5\/2024\/10\/SESVER_DA_C-180_2024-AFECTADO-C.pdf\" target=\"_blank\" rel=\"noreferrer noopener\">180<\/a>, <a href=\"https:\/\/www.ssaver.gob.mx\/adquisiciones\/wp-content\/uploads\/sites\/5\/2024\/10\/SESVER_DA_C-181_2024-AFECTADO-C.pdf\" target=\"_blank\" rel=\"noreferrer noopener\">181<\/a>, <a href=\"https:\/\/www.ssaver.gob.mx\/adquisiciones\/wp-content\/uploads\/sites\/5\/2024\/10\/SESVER_DA_C-182_2024-AFECTADO-C.pdf\" target=\"_blank\" rel=\"noreferrer noopener\">182<\/a> y <a href=\"https:\/\/www.ssaver.gob.mx\/adquisiciones\/wp-content\/uploads\/sites\/5\/2024\/09\/SESVER_DA_C-183_2024-AFECTADO-C.pdf\" target=\"_blank\" rel=\"noreferrer noopener\">183<\/a> de 2024<\/li>\n<\/ul>\n\n\n\n<p><\/p>\n<\/div>\n<\/div>\n<\/div>\n","protected":false},"excerpt":{"rendered":"<p>Relativa a la \u201cAdquisici\u00f3n de Equipamiento para el Hospital de la Comunidad de Naranjos y Hospital de Salud Mental de<\/p>\n","protected":false},"author":6,"featured_media":0,"parent":7823,"menu_order":25,"comment_status":"closed","ping_status":"closed","template":"","meta":{"colormag_page_container_layout":"default_layout","colormag_page_sidebar_layout":"default_layout","footnotes":""},"class_list":["post-9168","page","type-page","status-publish","hentry"],"_links":{"self":[{"href":"https:\/\/www.ssaver.gob.mx\/adquisiciones\/wp-json\/wp\/v2\/pages\/9168","targetHints":{"allow":["GET"]}}],"collection":[{"href":"https:\/\/www.ssaver.gob.mx\/adquisiciones\/wp-json\/wp\/v2\/pages"}],"about":[{"href":"https:\/\/www.ssaver.gob.mx\/adquisiciones\/wp-json\/wp\/v2\/types\/page"}],"author":[{"embeddable":true,"href":"https:\/\/www.ssaver.gob.mx\/adquisiciones\/wp-json\/wp\/v2\/users\/6"}],"replies":[{"embeddable":true,"href":"https:\/\/www.ssaver.gob.mx\/adquisiciones\/wp-json\/wp\/v2\/comments?post=9168"}],"version-history":[{"count":11,"href":"https:\/\/www.ssaver.gob.mx\/adquisiciones\/wp-json\/wp\/v2\/pages\/9168\/revisions"}],"predecessor-version":[{"id":12255,"href":"https:\/\/www.ssaver.gob.mx\/adquisiciones\/wp-json\/wp\/v2\/pages\/9168\/revisions\/12255"}],"up":[{"embeddable":true,"href":"https:\/\/www.ssaver.gob.mx\/adquisiciones\/wp-json\/wp\/v2\/pages\/7823"}],"wp:attachment":[{"href":"https:\/\/www.ssaver.gob.mx\/adquisiciones\/wp-json\/wp\/v2\/media?parent=9168"}],"curies":[{"name":"wp","href":"https:\/\/api.w.org\/{rel}","templated":true}]}}

Licitación Pública Nacional LPN-103T00000-025-2024

<div class="wp-block-group is-layout-constrained wp-container-core-group-is-layout-9517baca wp-block-group-is-layout-constrained">
<hr class="wp-block-separator has-text-color has-alpha-channel-opacity has-background is-style-wide" style="background-color:#d8bf31;color:#d8bf31" />



<div class="wp-block-columns has-text-color has-background is-layout-flex wp-container-core-columns-is-layout-28f84493 wp-block-columns-is-layout-flex" style="color:#5b4c0d;background-color:#fff4e0">
<div class="wp-block-column is-layout-flow wp-block-column-is-layout-flow">
<p><strong><strong><strong>Relativa a la “Adquisición de Equipamiento para el Hospital de la Comunidad de Naranjos y Hospital de Salud Mental de Orizaba Dr. Víctor M. Concha Vázquez”, Segunda Convocatoria </strong></strong></strong></p>



<ul class="wp-block-list">
<li><a href="https://www.ssaver.gob.mx/adquisiciones/wp-content/uploads/sites/5/2024/08/CONVOCATORIA-No.-26.pdf" target="_blank" rel="noreferrer noopener">Convocatoria</a></li>



<li><a href="https://www.ssaver.gob.mx/adquisiciones/wp-content/uploads/sites/5/2024/08/BASES-Y-ANEXOS-LPN-103T00000-025-2024_compressed.pdf" target="_blank" rel="noreferrer noopener">Bases y Anexos</a></li>



<li><a href="https://www.ssaver.gob.mx/adquisiciones/wp-content/uploads/sites/5/2024/08/Fichas-Tecnicas-LPN-103T00000-025-2024_compressed.pdf" target="_blank" rel="noreferrer noopener">Fichas técnicas</a> </li>



<li><a href="https://www.ssaver.gob.mx/adquisiciones/wp-content/uploads/sites/5/2024/08/Acta-de-junta-de-aclaraciones-LPN-103T00000-025-2024_compressed.pdf" target="_blank" rel="noreferrer noopener">Acta de junta de aclaraciones</a></li>



<li><a href="https://www.ssaver.gob.mx/adquisiciones/wp-content/uploads/sites/5/2024/08/Acta-de-apertura-de-proposiciones-LPN-103T00000-025-2024_0001_compressed.pdf" target="_blank" rel="noreferrer noopener">Acta de apertura de proposiciones</a></li>



<li><a href="https://www.ssaver.gob.mx/adquisiciones/wp-content/uploads/sites/5/2024/08/Dictamen-tecnico-economico-Acta-de-fallo-LPN-103T00000-025-2024_0001_compressed.pdf" target="_blank" rel="noreferrer noopener">Dictamen técnico-económico (Acta de fallo)</a></li>



<li><a href="https://www.ssaver.gob.mx/adquisiciones/wp-content/uploads/sites/5/2024/10/Notificacion-de-fallo-LPN-103T00000-025-2024_compressed.pdf" target="_blank" rel="noreferrer noopener">Notificación de fallo</a></li>



<li>Contratos Nos. <a href="https://www.ssaver.gob.mx/adquisiciones/wp-content/uploads/sites/5/2024/09/SESVER_DA_C-178_2024-AFECTADO-C.pdf" target="_blank" rel="noreferrer noopener">178</a>, <a href="https://www.ssaver.gob.mx/adquisiciones/wp-content/uploads/sites/5/2024/10/SESVER_DA_C-179_2024-AFECTADO-C.pdf" target="_blank" rel="noreferrer noopener">179</a>, <a href="https://www.ssaver.gob.mx/adquisiciones/wp-content/uploads/sites/5/2024/10/SESVER_DA_C-180_2024-AFECTADO-C.pdf" target="_blank" rel="noreferrer noopener">180</a>, <a href="https://www.ssaver.gob.mx/adquisiciones/wp-content/uploads/sites/5/2024/10/SESVER_DA_C-181_2024-AFECTADO-C.pdf" target="_blank" rel="noreferrer noopener">181</a>, <a href="https://www.ssaver.gob.mx/adquisiciones/wp-content/uploads/sites/5/2024/10/SESVER_DA_C-182_2024-AFECTADO-C.pdf" target="_blank" rel="noreferrer noopener">182</a> y <a href="https://www.ssaver.gob.mx/adquisiciones/wp-content/uploads/sites/5/2024/09/SESVER_DA_C-183_2024-AFECTADO-C.pdf" target="_blank" rel="noreferrer noopener">183</a> de 2024</li>
</ul>



<p></p>
</div>
</div>
</div>

<p>Relativa a la “Adquisición de Equipamiento para el Hospital de la Comunidad de Naranjos y Hospital de Salud Mental de</p>
