{"id":3275,"date":"2024-01-24T18:30:25","date_gmt":"2024-01-24T18:30:25","guid":{"rendered":"https:\/\/www.ssaver.gob.mx\/ccs\/?page_id=3275"},"modified":"2026-03-23T10:06:39","modified_gmt":"2026-03-23T16:06:39","slug":"codigos-de-etica-para-profesionales-de-la-salud","status":"publish","type":"page","link":"https:\/\/www.ssaver.gob.mx\/ccs\/codigos-de-etica-para-profesionales-de-la-salud\/","title":{"rendered":"C\u00d3DIGOS DE \u00c9TICA PARA PROFESIONALES DE LA SALUD 2024 -2030"},"content":{"rendered":"\n<div class=\"wp-block-group is-layout-constrained wp-container-core-group-is-layout-9517baca wp-block-group-is-layout-constrained\">\n<div class=\"wp-block-columns is-layout-flex wp-container-core-columns-is-layout-9c22b1e3 wp-block-columns-is-layout-flex\">\n<div class=\"wp-block-column is-vertically-aligned-stretch is-layout-flow wp-container-core-column-is-layout-c43c6636 wp-block-column-is-layout-flow\" style=\"padding-right:0;padding-left:0;flex-basis:100%\">\n<div class=\"wp-block-cover wp-elements-e95c205e255cc94667cc76b2fd1a9d30 has-aspect-ratio\" style=\"margin-top:0;margin-bottom:0;padding-top:0;padding-right:0;padding-bottom:0;padding-left:0;aspect-ratio:auto;min-height:unset;\"><img decoding=\"async\" class=\"wp-block-cover__image-background wp-image-5220 size-full\" alt=\"\" src=\"https:\/\/www.ssaver.gob.mx\/tecnologias\/wp-content\/uploads\/sites\/14\/2025\/09\/textura_areas_TI-scaled.png\" style=\"object-position:15% 27%\" data-object-fit=\"cover\" data-object-position=\"15% 27%\" \/><span aria-hidden=\"true\" class=\"wp-block-cover__background has-background-dim-100 has-background-dim\" style=\"background-color:#720f37\"><\/span><div class=\"wp-block-cover__inner-container is-layout-constrained wp-container-core-cover-is-layout-72190d31 wp-block-cover-is-layout-constrained\">\n<p class=\"has-text-align-center\" style=\"font-size:28px\"><strong>Formatos<\/strong><\/p>\n<\/div><\/div>\n<\/div>\n<\/div>\n\n\n\n<div class=\"wp-block-columns is-layout-flex wp-container-core-columns-is-layout-b2864ded wp-block-columns-is-layout-flex\" style=\"margin-top:0;margin-bottom:0;padding-top:0;padding-bottom:0\">\n<div class=\"wp-block-column is-vertically-aligned-center has-background is-layout-flow wp-block-column-is-layout-flow\" style=\"background:linear-gradient(180deg,rgb(233,231,225) 57%,rgba(232,230,225,0) 100%);padding-top:var(--wp--preset--spacing--40);padding-right:var(--wp--preset--spacing--70);padding-bottom:var(--wp--preset--spacing--40);padding-left:var(--wp--preset--spacing--70);flex-basis:100%\">\n<ul class=\"wp-block-list\">\n<li class=\"has-medium-font-size\"><strong><a href=\"https:\/\/www.ssaver.gob.mx\/ccs\/wp-content\/uploads\/sites\/35\/2025\/02\/2025-CONCENTRADO-DIFUSION_DECALOGOS-_CODIGOS-DE-ETICA-1.xlsx\">CONCENTRADOS DE DIFUSI\u00d3N DE DEC\u00c1LOGOS_C\u00d3DIGOS 2025<\/a><\/strong><\/li>\n\n\n\n<li class=\"has-medium-font-size\"><strong><a href=\"https:\/\/www.ssaver.gob.mx\/ccs\/wp-content\/uploads\/sites\/35\/2025\/02\/USUARIOS-2025-Lista-de-difusion-C.C.S.docx\">LISTA DE DIFUSI\u00d3N A USUARIOS 2025<\/a><\/strong><\/li>\n\n\n\n<li class=\"has-medium-font-size\"><strong><a href=\"https:\/\/www.ssaver.gob.mx\/ccs\/wp-content\/uploads\/sites\/35\/2025\/02\/PERSONAL-DE-SALUD-2025-Lista-de-difusion-C.C.S.docx\">LISTA DE DIFUSI\u00d3N A PERSONAL DE SALUD 2025<\/a><\/strong><\/li>\n<\/ul>\n<\/div>\n<\/div>\n\n\n\n<div class=\"wp-block-columns is-layout-flex wp-container-core-columns-is-layout-9c22b1e3 wp-block-columns-is-layout-flex\">\n<div class=\"wp-block-column is-vertically-aligned-stretch is-layout-flow wp-container-core-column-is-layout-c43c6636 wp-block-column-is-layout-flow\" style=\"padding-right:0;padding-left:0;flex-basis:100%\">\n<div class=\"wp-block-cover wp-elements-5f9e6e35b791d0d17b5884088c555c2d has-aspect-ratio\" style=\"margin-top:0;margin-bottom:0;padding-top:0;padding-right:0;padding-bottom:0;padding-left:0;aspect-ratio:auto;min-height:unset;\"><img decoding=\"async\" class=\"wp-block-cover__image-background wp-image-5220 size-full\" alt=\"\" src=\"https:\/\/www.ssaver.gob.mx\/tecnologias\/wp-content\/uploads\/sites\/14\/2025\/09\/textura_areas_TI-scaled.png\" style=\"object-position:15% 27%\" data-object-fit=\"cover\" data-object-position=\"15% 27%\" \/><span aria-hidden=\"true\" class=\"wp-block-cover__background has-background-dim-100 has-background-dim\" style=\"background-color:#720f37\"><\/span><div class=\"wp-block-cover__inner-container is-layout-constrained wp-container-core-cover-is-layout-72190d31 wp-block-cover-is-layout-constrained\">\n<p class=\"has-text-align-center\" style=\"font-size:28px\"><strong>Carteles<\/strong><\/p>\n<\/div><\/div>\n<\/div>\n<\/div>\n\n\n\n<div class=\"wp-block-columns is-layout-flex wp-container-core-columns-is-layout-b2864ded wp-block-columns-is-layout-flex\" style=\"margin-top:0;margin-bottom:0;padding-top:0;padding-bottom:0\">\n<div class=\"wp-block-column is-vertically-aligned-center has-background is-layout-flow wp-block-column-is-layout-flow\" style=\"background:linear-gradient(180deg,rgb(233,231,225) 57%,rgba(232,230,225,0) 100%);padding-top:var(--wp--preset--spacing--40);padding-right:var(--wp--preset--spacing--70);padding-bottom:var(--wp--preset--spacing--40);padding-left:var(--wp--preset--spacing--70);flex-basis:100%\">\n<ul class=\"wp-block-list\">\n<li class=\"has-medium-font-size\"><strong><a href=\"https:\/\/www.ssaver.gob.mx\/ccs\/wp-content\/uploads\/sites\/35\/2025\/02\/Decalogo-Obligaciones-del-Profesional-de-la-Salud.pdf\">DEC\u00c1LOGO DE OBLIGACIONES DE LAS Y LOS PROFESIONALES DE LA SALUD 2025<\/a><\/strong><\/li>\n\n\n\n<li class=\"has-medium-font-size\"><strong><a href=\"https:\/\/www.ssaver.gob.mx\/ccs\/wp-content\/uploads\/sites\/35\/2025\/02\/Decalogo-Obligaciones-del-Pacientes-1.pdf\">DEC\u00c1LOGO DE OBLIGACIONES DE LAS Y LOS PACIENTES 2025<\/a><\/strong><\/li>\n\n\n\n<li class=\"has-medium-font-size\"><strong><a href=\"https:\/\/www.ssaver.gob.mx\/ccs\/wp-content\/uploads\/sites\/35\/2025\/02\/Decalogo-de-Derechos-Prof-Salud.pdf\">DEC\u00c1LOGO DE DERECHOS DE LAS Y LOS PROFESIONALES DE LA SALUD 2025<\/a><\/strong><\/li>\n\n\n\n<li class=\"has-medium-font-size\"><strong><a href=\"https:\/\/www.ssaver.gob.mx\/ccs\/wp-content\/uploads\/sites\/35\/2025\/03\/Derechos-de-las-y-los-pacientes.pdf\">DEC\u00c1LOGO DE DERECHOS DE LAS Y LOS PACIENTES 2025<\/a><\/strong><\/li>\n\n\n\n<li class=\"has-medium-font-size\"><strong><a href=\"https:\/\/www.ssaver.gob.mx\/ccs\/wp-content\/uploads\/sites\/35\/2025\/02\/Codigo-de-Etica-de-Enfermeria.pdf\">C\u00d3DIGO DE \u00c9TICA DE ENFERMER\u00cdA 2025<\/a><\/strong><\/li>\n\n\n\n<li class=\"has-medium-font-size\"><a href=\"https:\/\/www.ssaver.gob.mx\/ccs\/wp-content\/uploads\/sites\/35\/2025\/02\/Codigo-de-Bioetica-para-el-Personal-de-Salud.pdf\"><strong>C\u00d3DIGO DE BIO\u00c9TICA PARA EL PERSONAL DE SALUD 2025<\/strong><\/a><\/li>\n<\/ul>\n<\/div>\n<\/div>\n\n\n\n<div class=\"wp-block-columns is-layout-flex wp-container-core-columns-is-layout-9c22b1e3 wp-block-columns-is-layout-flex\">\n<div class=\"wp-block-column is-vertically-aligned-stretch is-layout-flow wp-container-core-column-is-layout-c43c6636 wp-block-column-is-layout-flow\" style=\"padding-right:0;padding-left:0;flex-basis:100%\">\n<div class=\"wp-block-cover wp-elements-2e2f28d2d8002c2f368f1ea287d127c4 has-aspect-ratio\" style=\"margin-top:0;margin-bottom:0;padding-top:0;padding-right:0;padding-bottom:0;padding-left:0;aspect-ratio:auto;min-height:unset;\"><img decoding=\"async\" class=\"wp-block-cover__image-background wp-image-5220 size-full\" alt=\"\" src=\"https:\/\/www.ssaver.gob.mx\/tecnologias\/wp-content\/uploads\/sites\/14\/2025\/09\/textura_areas_TI-scaled.png\" style=\"object-position:15% 27%\" data-object-fit=\"cover\" data-object-position=\"15% 27%\" \/><span aria-hidden=\"true\" class=\"wp-block-cover__background has-background-dim-100 has-background-dim\" style=\"background-color:#720f37\"><\/span><div class=\"wp-block-cover__inner-container is-layout-constrained wp-container-core-cover-is-layout-72190d31 wp-block-cover-is-layout-constrained\">\n<p class=\"has-text-align-center\" style=\"font-size:28px\"><strong>Videos promocionales<\/strong><\/p>\n<\/div><\/div>\n<\/div>\n<\/div>\n\n\n\n<div class=\"wp-block-columns is-layout-flex wp-container-core-columns-is-layout-b2864ded wp-block-columns-is-layout-flex\" style=\"margin-top:0;margin-bottom:0;padding-top:0;padding-bottom:0\">\n<div class=\"wp-block-column is-vertically-aligned-center has-background is-layout-flow wp-block-column-is-layout-flow\" style=\"background:linear-gradient(180deg,rgb(233,231,225) 57%,rgba(232,230,225,0) 100%);padding-top:var(--wp--preset--spacing--40);padding-right:var(--wp--preset--spacing--70);padding-bottom:var(--wp--preset--spacing--40);padding-left:var(--wp--preset--spacing--70);flex-basis:100%\">\n<h2 class=\"wp-block-heading has-text-align-center has-medium-font-size\"><strong>1. DEC\u00c1LOGO DE OBLIGACIONES DE LAS Y LOS PROFESIONALES DE SALUD<\/strong><\/h2>\n\n\n\n<figure class=\"wp-block-video\"><video height=\"1080\" style=\"aspect-ratio: 1920 \/ 1080;\" width=\"1920\" controls src=\"https:\/\/www.ssaver.gob.mx\/ccs\/wp-content\/uploads\/sites\/35\/2025\/09\/1.Obligaciones_PS_LDM.mp4\"><\/video><\/figure>\n\n\n\n<hr class=\"wp-block-separator has-alpha-channel-opacity\" \/>\n\n\n\n<h2 class=\"wp-block-heading has-text-align-center has-medium-font-size\"><strong>2. DEC\u00c1LOGO DE OBLIGACIONES DE LAS Y LOS PACIENTES<\/strong><\/h2>\n\n\n\n<hr class=\"wp-block-separator has-alpha-channel-opacity\" \/>\n\n\n\n<figure class=\"wp-block-video\"><video height=\"1080\" style=\"aspect-ratio: 1920 \/ 1080;\" width=\"1920\" controls src=\"https:\/\/www.ssaver.gob.mx\/ccs\/wp-content\/uploads\/sites\/35\/2025\/09\/2.Obligaciones_de_los_pacientes.mp4\"><\/video><\/figure>\n\n\n\n<hr class=\"wp-block-separator has-alpha-channel-opacity\" \/>\n\n\n\n<h2 class=\"wp-block-heading has-text-align-center has-medium-font-size\"><strong>3. DEC\u00c1LOGO DE DERECHOS DE LAS Y LOS PROFESIONALES DE SALUD<\/strong><\/h2>\n\n\n\n<figure class=\"wp-block-video\"><video height=\"1080\" style=\"aspect-ratio: 1920 \/ 1080;\" width=\"1920\" controls src=\"https:\/\/www.ssaver.gob.mx\/ccs\/wp-content\/uploads\/sites\/35\/2025\/09\/4.Derechos_de_los_profesionales_de_la_salud.mp4\"><\/video><\/figure>\n\n\n\n<hr class=\"wp-block-separator has-alpha-channel-opacity\" \/>\n\n\n\n<h2 class=\"wp-block-heading has-text-align-center has-medium-font-size\"><strong>4. DEC\u00c1LOGO DE DERECHOS DE LAS Y LOS PACIENTES<\/strong><\/h2>\n\n\n\n<figure class=\"wp-block-video\"><video height=\"1080\" style=\"aspect-ratio: 1920 \/ 1080;\" width=\"1920\" controls src=\"https:\/\/www.ssaver.gob.mx\/ccs\/wp-content\/uploads\/sites\/35\/2025\/09\/3.Derechos_de_los_pacientes.mp4\"><\/video><\/figure>\n\n\n\n<hr class=\"wp-block-separator has-alpha-channel-opacity\" \/>\n\n\n\n<h2 class=\"wp-block-heading has-text-align-center has-medium-font-size\"><strong>5. C\u00d3DIGO DE \u00c9TICA DE ENFERMER\u00cdA<\/strong><\/h2>\n\n\n\n<hr class=\"wp-block-separator has-alpha-channel-opacity\" \/>\n\n\n\n<figure class=\"wp-block-video\"><video height=\"1080\" style=\"aspect-ratio: 1920 \/ 1080;\" width=\"1920\" controls src=\"https:\/\/www.ssaver.gob.mx\/ccs\/wp-content\/uploads\/sites\/35\/2025\/09\/6.Codigo_de_etica_de_enfermeria.mp4\"><\/video><\/figure>\n\n\n\n<hr class=\"wp-block-separator has-alpha-channel-opacity\" \/>\n\n\n\n<h2 class=\"wp-block-heading has-text-align-center has-medium-font-size\"><strong>6. C\u00d3DIGO DE BIO\u00c9TICA PARA EL PERSONAL DE SALUD<\/strong><\/h2>\n\n\n\n<figure class=\"wp-block-video\"><video height=\"1080\" style=\"aspect-ratio: 1920 \/ 1080;\" width=\"1920\" controls src=\"https:\/\/www.ssaver.gob.mx\/ccs\/wp-content\/uploads\/sites\/35\/2025\/09\/5.Codigo_de_bioetica_personal_de_salud.mp4\"><\/video><\/figure>\n<\/div>\n<\/div>\n<\/div>\n","protected":false},"excerpt":{"rendered":"<p>1. DEC\u00c1LOGO DE OBLIGACIONES DE LAS Y LOS PROFESIONALES DE SALUD 2. DEC\u00c1LOGO DE OBLIGACIONES DE LAS Y LOS PACIENTES<\/p>\n","protected":false},"author":48,"featured_media":0,"parent":0,"menu_order":0,"comment_status":"closed","ping_status":"closed","template":"","meta":{"colormag_page_container_layout":"default_layout","colormag_page_sidebar_layout":"default_layout","footnotes":""},"class_list":["post-3275","page","type-page","status-publish","hentry"],"_links":{"self":[{"href":"https:\/\/www.ssaver.gob.mx\/ccs\/wp-json\/wp\/v2\/pages\/3275","targetHints":{"allow":["GET"]}}],"collection":[{"href":"https:\/\/www.ssaver.gob.mx\/ccs\/wp-json\/wp\/v2\/pages"}],"about":[{"href":"https:\/\/www.ssaver.gob.mx\/ccs\/wp-json\/wp\/v2\/types\/page"}],"author":[{"embeddable":true,"href":"https:\/\/www.ssaver.gob.mx\/ccs\/wp-json\/wp\/v2\/users\/48"}],"replies":[{"embeddable":true,"href":"https:\/\/www.ssaver.gob.mx\/ccs\/wp-json\/wp\/v2\/comments?post=3275"}],"version-history":[{"count":56,"href":"https:\/\/www.ssaver.gob.mx\/ccs\/wp-json\/wp\/v2\/pages\/3275\/revisions"}],"predecessor-version":[{"id":5313,"href":"https:\/\/www.ssaver.gob.mx\/ccs\/wp-json\/wp\/v2\/pages\/3275\/revisions\/5313"}],"wp:attachment":[{"href":"https:\/\/www.ssaver.gob.mx\/ccs\/wp-json\/wp\/v2\/media?parent=3275"}],"curies":[{"name":"wp","href":"https:\/\/api.w.org\/{rel}","templated":true}]}}

CÓDIGOS DE ÉTICA PARA PROFESIONALES DE LA SALUD 2024 -2030

<div class="wp-block-group is-layout-constrained wp-container-core-group-is-layout-9517baca wp-block-group-is-layout-constrained">
<div class="wp-block-columns is-layout-flex wp-container-core-columns-is-layout-9c22b1e3 wp-block-columns-is-layout-flex">
<div class="wp-block-column is-vertically-aligned-stretch is-layout-flow wp-container-core-column-is-layout-c43c6636 wp-block-column-is-layout-flow" style="padding-right:0;padding-left:0;flex-basis:100%">
<div class="wp-block-cover wp-elements-e95c205e255cc94667cc76b2fd1a9d30 has-aspect-ratio" style="margin-top:0;margin-bottom:0;padding-top:0;padding-right:0;padding-bottom:0;padding-left:0;aspect-ratio:auto;min-height:unset;"><img decoding="async" class="wp-block-cover__image-background wp-image-5220 size-full" alt="" src="https://www.ssaver.gob.mx/tecnologias/wp-content/uploads/sites/14/2025/09/textura_areas_TI-scaled.png" style="object-position:15% 27%" data-object-fit="cover" data-object-position="15% 27%" /><span aria-hidden="true" class="wp-block-cover__background has-background-dim-100 has-background-dim" style="background-color:#720f37"></span><div class="wp-block-cover__inner-container is-layout-constrained wp-container-core-cover-is-layout-72190d31 wp-block-cover-is-layout-constrained">
<p class="has-text-align-center" style="font-size:28px"><strong>Formatos</strong></p>
</div></div>
</div>
</div>



<div class="wp-block-columns is-layout-flex wp-container-core-columns-is-layout-b2864ded wp-block-columns-is-layout-flex" style="margin-top:0;margin-bottom:0;padding-top:0;padding-bottom:0">
<div class="wp-block-column is-vertically-aligned-center has-background is-layout-flow wp-block-column-is-layout-flow" style="background:linear-gradient(180deg,rgb(233,231,225) 57%,rgba(232,230,225,0) 100%);padding-top:var(--wp--preset--spacing--40);padding-right:var(--wp--preset--spacing--70);padding-bottom:var(--wp--preset--spacing--40);padding-left:var(--wp--preset--spacing--70);flex-basis:100%">
<ul class="wp-block-list">
<li class="has-medium-font-size"><strong><a href="https://www.ssaver.gob.mx/ccs/wp-content/uploads/sites/35/2025/02/2025-CONCENTRADO-DIFUSION_DECALOGOS-_CODIGOS-DE-ETICA-1.xlsx">CONCENTRADOS DE DIFUSIÓN DE DECÁLOGOS_CÓDIGOS 2025</a></strong></li>



<li class="has-medium-font-size"><strong><a href="https://www.ssaver.gob.mx/ccs/wp-content/uploads/sites/35/2025/02/USUARIOS-2025-Lista-de-difusion-C.C.S.docx">LISTA DE DIFUSIÓN A USUARIOS 2025</a></strong></li>



<li class="has-medium-font-size"><strong><a href="https://www.ssaver.gob.mx/ccs/wp-content/uploads/sites/35/2025/02/PERSONAL-DE-SALUD-2025-Lista-de-difusion-C.C.S.docx">LISTA DE DIFUSIÓN A PERSONAL DE SALUD 2025</a></strong></li>
</ul>
</div>
</div>



<div class="wp-block-columns is-layout-flex wp-container-core-columns-is-layout-9c22b1e3 wp-block-columns-is-layout-flex">
<div class="wp-block-column is-vertically-aligned-stretch is-layout-flow wp-container-core-column-is-layout-c43c6636 wp-block-column-is-layout-flow" style="padding-right:0;padding-left:0;flex-basis:100%">
<div class="wp-block-cover wp-elements-5f9e6e35b791d0d17b5884088c555c2d has-aspect-ratio" style="margin-top:0;margin-bottom:0;padding-top:0;padding-right:0;padding-bottom:0;padding-left:0;aspect-ratio:auto;min-height:unset;"><img decoding="async" class="wp-block-cover__image-background wp-image-5220 size-full" alt="" src="https://www.ssaver.gob.mx/tecnologias/wp-content/uploads/sites/14/2025/09/textura_areas_TI-scaled.png" style="object-position:15% 27%" data-object-fit="cover" data-object-position="15% 27%" /><span aria-hidden="true" class="wp-block-cover__background has-background-dim-100 has-background-dim" style="background-color:#720f37"></span><div class="wp-block-cover__inner-container is-layout-constrained wp-container-core-cover-is-layout-72190d31 wp-block-cover-is-layout-constrained">
<p class="has-text-align-center" style="font-size:28px"><strong>Carteles</strong></p>
</div></div>
</div>
</div>



<div class="wp-block-columns is-layout-flex wp-container-core-columns-is-layout-b2864ded wp-block-columns-is-layout-flex" style="margin-top:0;margin-bottom:0;padding-top:0;padding-bottom:0">
<div class="wp-block-column is-vertically-aligned-center has-background is-layout-flow wp-block-column-is-layout-flow" style="background:linear-gradient(180deg,rgb(233,231,225) 57%,rgba(232,230,225,0) 100%);padding-top:var(--wp--preset--spacing--40);padding-right:var(--wp--preset--spacing--70);padding-bottom:var(--wp--preset--spacing--40);padding-left:var(--wp--preset--spacing--70);flex-basis:100%">
<ul class="wp-block-list">
<li class="has-medium-font-size"><strong><a href="https://www.ssaver.gob.mx/ccs/wp-content/uploads/sites/35/2025/02/Decalogo-Obligaciones-del-Profesional-de-la-Salud.pdf">DECÁLOGO DE OBLIGACIONES DE LAS Y LOS PROFESIONALES DE LA SALUD 2025</a></strong></li>



<li class="has-medium-font-size"><strong><a href="https://www.ssaver.gob.mx/ccs/wp-content/uploads/sites/35/2025/02/Decalogo-Obligaciones-del-Pacientes-1.pdf">DECÁLOGO DE OBLIGACIONES DE LAS Y LOS PACIENTES 2025</a></strong></li>



<li class="has-medium-font-size"><strong><a href="https://www.ssaver.gob.mx/ccs/wp-content/uploads/sites/35/2025/02/Decalogo-de-Derechos-Prof-Salud.pdf">DECÁLOGO DE DERECHOS DE LAS Y LOS PROFESIONALES DE LA SALUD 2025</a></strong></li>



<li class="has-medium-font-size"><strong><a href="https://www.ssaver.gob.mx/ccs/wp-content/uploads/sites/35/2025/03/Derechos-de-las-y-los-pacientes.pdf">DECÁLOGO DE DERECHOS DE LAS Y LOS PACIENTES 2025</a></strong></li>



<li class="has-medium-font-size"><strong><a href="https://www.ssaver.gob.mx/ccs/wp-content/uploads/sites/35/2025/02/Codigo-de-Etica-de-Enfermeria.pdf">CÓDIGO DE ÉTICA DE ENFERMERÍA 2025</a></strong></li>



<li class="has-medium-font-size"><a href="https://www.ssaver.gob.mx/ccs/wp-content/uploads/sites/35/2025/02/Codigo-de-Bioetica-para-el-Personal-de-Salud.pdf"><strong>CÓDIGO DE BIOÉTICA PARA EL PERSONAL DE SALUD 2025</strong></a></li>
</ul>
</div>
</div>



<div class="wp-block-columns is-layout-flex wp-container-core-columns-is-layout-9c22b1e3 wp-block-columns-is-layout-flex">
<div class="wp-block-column is-vertically-aligned-stretch is-layout-flow wp-container-core-column-is-layout-c43c6636 wp-block-column-is-layout-flow" style="padding-right:0;padding-left:0;flex-basis:100%">
<div class="wp-block-cover wp-elements-2e2f28d2d8002c2f368f1ea287d127c4 has-aspect-ratio" style="margin-top:0;margin-bottom:0;padding-top:0;padding-right:0;padding-bottom:0;padding-left:0;aspect-ratio:auto;min-height:unset;"><img decoding="async" class="wp-block-cover__image-background wp-image-5220 size-full" alt="" src="https://www.ssaver.gob.mx/tecnologias/wp-content/uploads/sites/14/2025/09/textura_areas_TI-scaled.png" style="object-position:15% 27%" data-object-fit="cover" data-object-position="15% 27%" /><span aria-hidden="true" class="wp-block-cover__background has-background-dim-100 has-background-dim" style="background-color:#720f37"></span><div class="wp-block-cover__inner-container is-layout-constrained wp-container-core-cover-is-layout-72190d31 wp-block-cover-is-layout-constrained">
<p class="has-text-align-center" style="font-size:28px"><strong>Videos promocionales</strong></p>
</div></div>
</div>
</div>



<div class="wp-block-columns is-layout-flex wp-container-core-columns-is-layout-b2864ded wp-block-columns-is-layout-flex" style="margin-top:0;margin-bottom:0;padding-top:0;padding-bottom:0">
<div class="wp-block-column is-vertically-aligned-center has-background is-layout-flow wp-block-column-is-layout-flow" style="background:linear-gradient(180deg,rgb(233,231,225) 57%,rgba(232,230,225,0) 100%);padding-top:var(--wp--preset--spacing--40);padding-right:var(--wp--preset--spacing--70);padding-bottom:var(--wp--preset--spacing--40);padding-left:var(--wp--preset--spacing--70);flex-basis:100%">
<h2 class="wp-block-heading has-text-align-center has-medium-font-size"><strong>1. DECÁLOGO DE OBLIGACIONES DE LAS Y LOS PROFESIONALES DE SALUD</strong></h2>



<figure class="wp-block-video"><video height="1080" style="aspect-ratio: 1920 / 1080;" width="1920" controls src="https://www.ssaver.gob.mx/ccs/wp-content/uploads/sites/35/2025/09/1.Obligaciones_PS_LDM.mp4"></video></figure>



<hr class="wp-block-separator has-alpha-channel-opacity" />



<h2 class="wp-block-heading has-text-align-center has-medium-font-size"><strong>2. DECÁLOGO DE OBLIGACIONES DE LAS Y LOS PACIENTES</strong></h2>



<hr class="wp-block-separator has-alpha-channel-opacity" />



<figure class="wp-block-video"><video height="1080" style="aspect-ratio: 1920 / 1080;" width="1920" controls src="https://www.ssaver.gob.mx/ccs/wp-content/uploads/sites/35/2025/09/2.Obligaciones_de_los_pacientes.mp4"></video></figure>



<hr class="wp-block-separator has-alpha-channel-opacity" />



<h2 class="wp-block-heading has-text-align-center has-medium-font-size"><strong>3. DECÁLOGO DE DERECHOS DE LAS Y LOS PROFESIONALES DE SALUD</strong></h2>



<figure class="wp-block-video"><video height="1080" style="aspect-ratio: 1920 / 1080;" width="1920" controls src="https://www.ssaver.gob.mx/ccs/wp-content/uploads/sites/35/2025/09/4.Derechos_de_los_profesionales_de_la_salud.mp4"></video></figure>



<hr class="wp-block-separator has-alpha-channel-opacity" />



<h2 class="wp-block-heading has-text-align-center has-medium-font-size"><strong>4. DECÁLOGO DE DERECHOS DE LAS Y LOS PACIENTES</strong></h2>



<figure class="wp-block-video"><video height="1080" style="aspect-ratio: 1920 / 1080;" width="1920" controls src="https://www.ssaver.gob.mx/ccs/wp-content/uploads/sites/35/2025/09/3.Derechos_de_los_pacientes.mp4"></video></figure>



<hr class="wp-block-separator has-alpha-channel-opacity" />



<h2 class="wp-block-heading has-text-align-center has-medium-font-size"><strong>5. CÓDIGO DE ÉTICA DE ENFERMERÍA</strong></h2>



<hr class="wp-block-separator has-alpha-channel-opacity" />



<figure class="wp-block-video"><video height="1080" style="aspect-ratio: 1920 / 1080;" width="1920" controls src="https://www.ssaver.gob.mx/ccs/wp-content/uploads/sites/35/2025/09/6.Codigo_de_etica_de_enfermeria.mp4"></video></figure>



<hr class="wp-block-separator has-alpha-channel-opacity" />



<h2 class="wp-block-heading has-text-align-center has-medium-font-size"><strong>6. CÓDIGO DE BIOÉTICA PARA EL PERSONAL DE SALUD</strong></h2>



<figure class="wp-block-video"><video height="1080" style="aspect-ratio: 1920 / 1080;" width="1920" controls src="https://www.ssaver.gob.mx/ccs/wp-content/uploads/sites/35/2025/09/5.Codigo_de_bioetica_personal_de_salud.mp4"></video></figure>
</div>
</div>
</div>

<p>1. DECÁLOGO DE OBLIGACIONES DE LAS Y LOS PROFESIONALES DE SALUD 2. DECÁLOGO DE OBLIGACIONES DE LAS Y LOS PACIENTES</p>
