{"id":4676,"date":"2025-06-23T14:59:01","date_gmt":"2025-06-23T20:59:01","guid":{"rendered":"https:\/\/www.ssaver.gob.mx\/ccs\/?page_id=4676"},"modified":"2026-03-23T10:11:30","modified_gmt":"2026-03-23T16:11:30","slug":"revista-digital-calidad-en-accion","status":"publish","type":"page","link":"https:\/\/www.ssaver.gob.mx\/ccs\/revista-digital-calidad-en-accion\/","title":{"rendered":"Revista Digital Calidad en Acci\u00f3n"},"content":{"rendered":"\n<div class=\"wp-block-group is-layout-constrained wp-container-core-group-is-layout-9517baca wp-block-group-is-layout-constrained\">\n<div class=\"wp-block-columns is-layout-flex wp-container-core-columns-is-layout-9c22b1e3 wp-block-columns-is-layout-flex\">\n<div class=\"wp-block-column is-vertically-aligned-stretch is-layout-flow wp-container-core-column-is-layout-c43c6636 wp-block-column-is-layout-flow\" style=\"padding-right:0;padding-left:0;flex-basis:100%\">\n<div class=\"wp-block-cover wp-elements-dd9f32a7732bacab11a16cabd230ef37 has-aspect-ratio\" style=\"margin-top:0;margin-bottom:0;padding-top:0;padding-right:0;padding-bottom:0;padding-left:0;aspect-ratio:auto;min-height:unset;\"><img decoding=\"async\" class=\"wp-block-cover__image-background wp-image-5220 size-full\" alt=\"\" src=\"https:\/\/www.ssaver.gob.mx\/tecnologias\/wp-content\/uploads\/sites\/14\/2025\/09\/textura_areas_TI-scaled.png\" style=\"object-position:15% 27%\" data-object-fit=\"cover\" data-object-position=\"15% 27%\" \/><span aria-hidden=\"true\" class=\"wp-block-cover__background has-background-dim-100 has-background-dim\" style=\"background-color:#720f37\"><\/span><div class=\"wp-block-cover__inner-container is-layout-flow wp-block-cover-is-layout-flow\">\n<p class=\"has-text-align-center\" style=\"font-size:28px\"><strong>Revista Digital Calidad en Acci\u00f3n<\/strong><\/p>\n<\/div><\/div>\n<\/div>\n<\/div>\n\n\n\n<div class=\"wp-block-columns is-layout-flex wp-container-core-columns-is-layout-b2864ded wp-block-columns-is-layout-flex\" style=\"margin-top:0;margin-bottom:0;padding-top:0;padding-bottom:0\">\n<div class=\"wp-block-column is-vertically-aligned-center is-layout-flow wp-block-column-is-layout-flow\" style=\"padding-top:var(--wp--preset--spacing--40);padding-right:var(--wp--preset--spacing--70);padding-bottom:var(--wp--preset--spacing--40);padding-left:var(--wp--preset--spacing--70);flex-basis:100%\">\n<div class=\"wp-block-buttons is-layout-flex wp-block-buttons-is-layout-flex\">\n<div class=\"wp-block-button has-custom-width wp-block-button__width-100\"><a class=\"wp-block-button__link has-background has-custom-font-size wp-element-button\" href=\"https:\/\/www.ssaver.gob.mx\/ccs\/wp-content\/uploads\/sites\/35\/2025\/12\/Calidad_en_Accion_2da_Edicion_V2_Final_c.pdf\" style=\"border-top-left-radius:16px;border-top-right-radius:16px;border-bottom-left-radius:16px;border-bottom-right-radius:16px;background-color:#782013;font-size:28px\" target=\"_blank\" rel=\"noreferrer noopener\">Revista Calidad en Acci\u00f3n 2da. Edici\u00f3n 2025&nbsp;<\/a><\/div>\n<\/div>\n\n\n\n\n\n<p>Si no la visualizas presiona <a href=\"https:\/\/www.ssaver.gob.mx\/ccs\/wp-content\/uploads\/sites\/35\/2025\/12\/Calidad_en_Accion_2da_Edicion_V2_Final_c.pdf\">aqu\u00ed<\/a><\/p>\n\n\n\n<div data-wp-interactive=\"core\/file\" class=\"wp-block-file\"><object data-wp-bind--hidden=\"!state.hasPdfPreview\" hidden class=\"wp-block-file__embed\" data=\"https:\/\/www.ssaver.gob.mx\/ccs\/wp-content\/uploads\/sites\/35\/2025\/12\/Calidad_en_Accion_2da_Edicion_V2_Final_c.pdf\" type=\"application\/pdf\" style=\"width:100%;height:600px\" aria-label=\"Incrustado de Presiona para Descargar Revista Calidad_en_Accion_2da_Edicion.\"><\/object><a id=\"wp-block-file--media-0b25ced4-8acc-4fd8-9ddc-71decfc2b1dd\" href=\"https:\/\/www.ssaver.gob.mx\/ccs\/wp-content\/uploads\/sites\/35\/2025\/12\/Calidad_en_Accion_2da_Edicion_V2_Final_c.pdf\">Presiona para Descargar Revista Calidad_en_Accion_2da_Edicion<\/a><\/div>\n\n\n\n<div class=\"wp-block-buttons is-layout-flex wp-block-buttons-is-layout-flex\">\n<div class=\"wp-block-button has-custom-width wp-block-button__width-100\"><a class=\"wp-block-button__link has-colormag-color-4-background-color has-background has-custom-font-size wp-element-button\" href=\"https:\/\/www.ssaver.gob.mx\/ccs\/wp-content\/uploads\/sites\/35\/2024\/11\/REVISTA_CALIDAD_EN_ACCION_1era_Ed_Nov.pdf\" style=\"border-top-left-radius:16px;border-top-right-radius:16px;border-bottom-left-radius:16px;border-bottom-right-radius:16px;font-size:28px\" target=\"_blank\" rel=\"noreferrer noopener\">Revista Calidad en Acci\u00f3n Edici\u00f3n 1ra. Edici\u00f3n 2024<\/a><\/div>\n<\/div>\n<\/div>\n<\/div>\n<\/div>\n","protected":false},"excerpt":{"rendered":"<p>Si no la visualizas presiona aqu\u00ed<\/p>\n","protected":false},"author":2,"featured_media":0,"parent":0,"menu_order":0,"comment_status":"closed","ping_status":"closed","template":"","meta":{"colormag_page_container_layout":"default_layout","colormag_page_sidebar_layout":"default_layout","footnotes":""},"class_list":["post-4676","page","type-page","status-publish","hentry"],"_links":{"self":[{"href":"https:\/\/www.ssaver.gob.mx\/ccs\/wp-json\/wp\/v2\/pages\/4676","targetHints":{"allow":["GET"]}}],"collection":[{"href":"https:\/\/www.ssaver.gob.mx\/ccs\/wp-json\/wp\/v2\/pages"}],"about":[{"href":"https:\/\/www.ssaver.gob.mx\/ccs\/wp-json\/wp\/v2\/types\/page"}],"author":[{"embeddable":true,"href":"https:\/\/www.ssaver.gob.mx\/ccs\/wp-json\/wp\/v2\/users\/2"}],"replies":[{"embeddable":true,"href":"https:\/\/www.ssaver.gob.mx\/ccs\/wp-json\/wp\/v2\/comments?post=4676"}],"version-history":[{"count":29,"href":"https:\/\/www.ssaver.gob.mx\/ccs\/wp-json\/wp\/v2\/pages\/4676\/revisions"}],"predecessor-version":[{"id":5316,"href":"https:\/\/www.ssaver.gob.mx\/ccs\/wp-json\/wp\/v2\/pages\/4676\/revisions\/5316"}],"wp:attachment":[{"href":"https:\/\/www.ssaver.gob.mx\/ccs\/wp-json\/wp\/v2\/media?parent=4676"}],"curies":[{"name":"wp","href":"https:\/\/api.w.org\/{rel}","templated":true}]}}

Revista Digital Calidad en Acción

<div class="wp-block-group is-layout-constrained wp-container-core-group-is-layout-9517baca wp-block-group-is-layout-constrained">
<div class="wp-block-columns is-layout-flex wp-container-core-columns-is-layout-9c22b1e3 wp-block-columns-is-layout-flex">
<div class="wp-block-column is-vertically-aligned-stretch is-layout-flow wp-container-core-column-is-layout-c43c6636 wp-block-column-is-layout-flow" style="padding-right:0;padding-left:0;flex-basis:100%">
<div class="wp-block-cover wp-elements-dd9f32a7732bacab11a16cabd230ef37 has-aspect-ratio" style="margin-top:0;margin-bottom:0;padding-top:0;padding-right:0;padding-bottom:0;padding-left:0;aspect-ratio:auto;min-height:unset;"><img decoding="async" class="wp-block-cover__image-background wp-image-5220 size-full" alt="" src="https://www.ssaver.gob.mx/tecnologias/wp-content/uploads/sites/14/2025/09/textura_areas_TI-scaled.png" style="object-position:15% 27%" data-object-fit="cover" data-object-position="15% 27%" /><span aria-hidden="true" class="wp-block-cover__background has-background-dim-100 has-background-dim" style="background-color:#720f37"></span><div class="wp-block-cover__inner-container is-layout-flow wp-block-cover-is-layout-flow">
<p class="has-text-align-center" style="font-size:28px"><strong>Revista Digital Calidad en Acción</strong></p>
</div></div>
</div>
</div>



<div class="wp-block-columns is-layout-flex wp-container-core-columns-is-layout-b2864ded wp-block-columns-is-layout-flex" style="margin-top:0;margin-bottom:0;padding-top:0;padding-bottom:0">
<div class="wp-block-column is-vertically-aligned-center is-layout-flow wp-block-column-is-layout-flow" style="padding-top:var(--wp--preset--spacing--40);padding-right:var(--wp--preset--spacing--70);padding-bottom:var(--wp--preset--spacing--40);padding-left:var(--wp--preset--spacing--70);flex-basis:100%">
<div class="wp-block-buttons is-layout-flex wp-block-buttons-is-layout-flex">
<div class="wp-block-button has-custom-width wp-block-button__width-100"><a class="wp-block-button__link has-background has-custom-font-size wp-element-button" href="https://www.ssaver.gob.mx/ccs/wp-content/uploads/sites/35/2025/12/Calidad_en_Accion_2da_Edicion_V2_Final_c.pdf" style="border-top-left-radius:16px;border-top-right-radius:16px;border-bottom-left-radius:16px;border-bottom-right-radius:16px;background-color:#782013;font-size:28px" target="_blank" rel="noreferrer noopener">Revista Calidad en Acción 2da. Edición 2025&nbsp;</a></div>
</div>





<p>Si no la visualizas presiona <a href="https://www.ssaver.gob.mx/ccs/wp-content/uploads/sites/35/2025/12/Calidad_en_Accion_2da_Edicion_V2_Final_c.pdf">aquí</a></p>



<div data-wp-interactive="core/file" class="wp-block-file"><object data-wp-bind--hidden="!state.hasPdfPreview" hidden class="wp-block-file__embed" data="https://www.ssaver.gob.mx/ccs/wp-content/uploads/sites/35/2025/12/Calidad_en_Accion_2da_Edicion_V2_Final_c.pdf" type="application/pdf" style="width:100%;height:600px" aria-label="Incrustado de Presiona para Descargar Revista Calidad_en_Accion_2da_Edicion."></object><a id="wp-block-file--media-0b25ced4-8acc-4fd8-9ddc-71decfc2b1dd" href="https://www.ssaver.gob.mx/ccs/wp-content/uploads/sites/35/2025/12/Calidad_en_Accion_2da_Edicion_V2_Final_c.pdf">Presiona para Descargar Revista Calidad_en_Accion_2da_Edicion</a></div>



<div class="wp-block-buttons is-layout-flex wp-block-buttons-is-layout-flex">
<div class="wp-block-button has-custom-width wp-block-button__width-100"><a class="wp-block-button__link has-colormag-color-4-background-color has-background has-custom-font-size wp-element-button" href="https://www.ssaver.gob.mx/ccs/wp-content/uploads/sites/35/2024/11/REVISTA_CALIDAD_EN_ACCION_1era_Ed_Nov.pdf" style="border-top-left-radius:16px;border-top-right-radius:16px;border-bottom-left-radius:16px;border-bottom-right-radius:16px;font-size:28px" target="_blank" rel="noreferrer noopener">Revista Calidad en Acción Edición 1ra. Edición 2024</a></div>
</div>
</div>
</div>
</div>

<p>Si no la visualizas presiona aquí</p>
