{"id":554,"date":"2022-10-11T19:10:25","date_gmt":"2022-10-12T00:10:25","guid":{"rendered":"https:\/\/www.ssaver.gob.mx\/ccs\/?page_id=554"},"modified":"2026-03-23T09:40:40","modified_gmt":"2026-03-23T15:40:40","slug":"comites","status":"publish","type":"page","link":"https:\/\/www.ssaver.gob.mx\/ccs\/comites\/","title":{"rendered":"COMIT\u00c9S"},"content":{"rendered":"\n<div class=\"wp-block-group is-layout-constrained wp-container-core-group-is-layout-9517baca wp-block-group-is-layout-constrained\">\n<div class=\"wp-block-columns is-layout-flex wp-container-core-columns-is-layout-9c22b1e3 wp-block-columns-is-layout-flex\">\n<div class=\"wp-block-column is-vertically-aligned-stretch is-layout-flow wp-container-core-column-is-layout-c43c6636 wp-block-column-is-layout-flow\" style=\"padding-right:0;padding-left:0;flex-basis:100%\">\n<div class=\"wp-block-cover wp-elements-a02ff9fec9de5642b3b92c39b74feae8 has-aspect-ratio\" style=\"margin-top:0;margin-bottom:0;padding-top:0;padding-right:0;padding-bottom:0;padding-left:0;aspect-ratio:auto;min-height:unset;\"><img decoding=\"async\" class=\"wp-block-cover__image-background wp-image-5220 size-full\" alt=\"\" src=\"https:\/\/www.ssaver.gob.mx\/tecnologias\/wp-content\/uploads\/sites\/14\/2025\/09\/textura_areas_TI-scaled.png\" style=\"object-position:15% 27%\" data-object-fit=\"cover\" data-object-position=\"15% 27%\" \/><span aria-hidden=\"true\" class=\"wp-block-cover__background has-background-dim-100 has-background-dim\" style=\"background-color:#720f37\"><\/span><div class=\"wp-block-cover__inner-container is-layout-flow wp-block-cover-is-layout-flow\">\n<p class=\"has-text-align-center\" style=\"font-size:28px\"><strong><strong>Comit\u00e9 Estatal de Calidad en Salud (CECAS) NORMATIVIDAD Y DOCUMENTOS<\/strong><\/strong><\/p>\n<\/div><\/div>\n<\/div>\n<\/div>\n\n\n\n<div class=\"wp-block-columns is-layout-flex wp-container-core-columns-is-layout-b2864ded wp-block-columns-is-layout-flex\" style=\"margin-top:0;margin-bottom:0;padding-top:0;padding-bottom:0\">\n<div class=\"wp-block-column is-vertically-aligned-center has-background is-layout-flow wp-block-column-is-layout-flow\" style=\"background:linear-gradient(180deg,rgb(233,231,225) 32%,rgba(232,230,225,0) 100%);padding-top:var(--wp--preset--spacing--40);padding-right:var(--wp--preset--spacing--70);padding-bottom:var(--wp--preset--spacing--40);padding-left:var(--wp--preset--spacing--70);flex-basis:100%\">\n<div class=\"wp-block-group is-layout-flow wp-block-group-is-layout-flow\">\n<div class=\"wp-block-group is-nowrap is-layout-flex wp-container-core-group-is-layout-6c531013 wp-block-group-is-layout-flex\">\n<div class=\"wp-block-group is-vertical is-layout-flex wp-container-core-group-is-layout-fe9cc265 wp-block-group-is-layout-flex\">\n<div class=\"wp-block-group is-vertical is-content-justification-left is-nowrap is-layout-flex wp-container-core-group-is-layout-970da055 wp-block-group-is-layout-flex\">\n<p class=\"has-text-align-left has-small-font-size\">Los Comit\u00e9s Estatales de Calidad en Salud coordinan y alinean los esfuerzos en el \u00e1mbito de la calidad de los servicios de salud, en los casos espec\u00edficos de las Entidades Federativas, en congruencia con la Pol\u00edtica Nacional de Calidad en Salud.<br><br>Los CECAS deben existir en todas las Entidades Federativas, como un espacio de encuentro interinstitucional para definir, compartir y avanzar, con base en los lineamientos federales, en la mejora de la calidad de los servicios de salud.<br><br>De acuerdo con el Objetivo Prioritario del Programa Sectorial 2019-2024 \u00ab2.4.1 Sistematizar la evaluaci\u00f3n de las nuevas pol\u00edticas del sector salud, en la que se considere aspectos bio\u00e9ticos, de accesibilidad, calidad, oportunidad e integralidad de los servicios prestados, as\u00ed como su impacto en la poblaci\u00f3n, considerando sus caracter\u00edsticas diferenciadas.\u00bb, la Direcci\u00f3n General de Calidad y Educaci\u00f3n en Salud incentiva la creaci\u00f3n de equipos multidisciplinarios para la mejora de la calidad y seguridad a trav\u00e9s de los Comit\u00e9s Estatales de Calidad en Salud.<\/p>\n\n\n\n<p><\/p>\n\n\n\n<h5 class=\"wp-block-heading\">Misi\u00f3n<\/h5>\n\n\n\n<p>Coordinar y alinear los esfuerzos en el \u00e1mbito de la Calidad de los Servicios de Salud, y que estas acciones sean congruentes con la Pol\u00edtica Nacional de Calidad en Salud<\/p>\n\n\n\n<p><\/p>\n\n\n\n<h5 class=\"wp-block-heading\">Visi\u00f3n<\/h5>\n\n\n\n<p>Constituirse en la instancia promotora y coordinadora del establecimiento y desarrollo de los temas de calidad en la atenci\u00f3n m\u00e9dica en el \u00e1mbito estatal para coordinar las pol\u00edticas que en materia de calidad y seguridad del paciente se realicen.<\/p>\n\n\n\n<p><\/p>\n\n\n\n<h5 class=\"wp-block-heading\">Objetivo General<\/h5>\n\n\n\n<p>Establecer los mecanismos para asegurar la efectividad y monitorear el avance de las l\u00edneas de acci\u00f3n de Calidad en Salud a nivel Interinstitucional en las Entidades Federativas<\/p>\n\n\n\n<p><\/p>\n\n\n\n<h5 class=\"wp-block-heading\">Objetivo Espec\u00edfico<\/h5>\n\n\n\n<p>Establecer un mecanismo para dar seguimiento a las reuniones efectuadas por el Comit\u00e9 de cada Entidad Federativa, as\u00ed como a los comit\u00e9s t\u00e9cnicos correspondientes<\/p>\n\n\n\n<p>Evaluar el cumplimiento y efectividad de los Comit\u00e9s en el cumplimiento de los acuerdos generados<\/p>\n\n\n\n<ul class=\"wp-block-list\">\n<li><strong><a rel=\"noreferrer noopener\" href=\"#\" target=\"_blank\"><\/a><a rel=\"noreferrer noopener\" href=\"http:\/\/calidad.salud.gob.mx\/site\/calidad\/docs\/oficio_circular163_2021.pdf\" target=\"_blank\">Oficio Circular DGCES-DG-163-2021<\/a><\/strong><\/li>\n\n\n\n<li><strong><a rel=\"noreferrer noopener\" href=\"#\" target=\"_blank\"><\/a><a rel=\"noreferrer noopener\" href=\"http:\/\/calidad.salud.gob.mx\/site\/calidad\/docs\/2022\/CECAS_presentacion.pdf\" target=\"_blank\">Presentaci\u00f3n Comit\u00e9 Estatal de Calidad en Salud<\/a><\/strong><\/li>\n\n\n\n<li><strong><a href=\"https:\/\/www.ssaver.gob.mx\/ccs\/wp-content\/uploads\/sites\/35\/2022\/11\/CECAS_informe_seguimiento.xls\" data-type=\"URL\" data-id=\"https:\/\/www.ssaver.gob.mx\/ccs\/wp-content\/uploads\/sites\/35\/2022\/11\/CECAS_informe_seguimiento.xls\" target=\"_blank\" rel=\"noreferrer noopener\">Informe de Seguimiento<\/a><\/strong><\/li>\n<\/ul>\n<\/div>\n<\/div>\n<\/div>\n<\/div>\n<\/div>\n<\/div>\n\n\n\n<div class=\"wp-block-columns is-layout-flex wp-container-core-columns-is-layout-9c22b1e3 wp-block-columns-is-layout-flex\">\n<div class=\"wp-block-column is-vertically-aligned-stretch is-layout-flow wp-container-core-column-is-layout-c43c6636 wp-block-column-is-layout-flow\" style=\"padding-right:0;padding-left:0;flex-basis:100%\">\n<div class=\"wp-block-cover wp-elements-cd2ec9ed41d9f08264807cc2429583d6 has-aspect-ratio\" style=\"margin-top:0;margin-bottom:0;padding-top:0;padding-right:0;padding-bottom:0;padding-left:0;aspect-ratio:auto;min-height:unset;\"><img decoding=\"async\" class=\"wp-block-cover__image-background wp-image-5220 size-full\" alt=\"\" src=\"https:\/\/www.ssaver.gob.mx\/tecnologias\/wp-content\/uploads\/sites\/14\/2025\/09\/textura_areas_TI-scaled.png\" style=\"object-position:15% 27%\" data-object-fit=\"cover\" data-object-position=\"15% 27%\" \/><span aria-hidden=\"true\" class=\"wp-block-cover__background has-background-dim-100 has-background-dim\" style=\"background-color:#720f37\"><\/span><div class=\"wp-block-cover__inner-container is-layout-constrained wp-container-core-cover-is-layout-72190d31 wp-block-cover-is-layout-constrained\">\n<p class=\"has-text-align-center\" style=\"font-size:28px\"><strong><strong><strong>Comit\u00e9 de Calidad y Seguridad del Paciente (COCASEP) NORMATIVIDAD Y DOCUMENTOS<\/strong><\/strong><\/strong><\/p>\n<\/div><\/div>\n<\/div>\n<\/div>\n\n\n\n<div class=\"wp-block-columns is-layout-flex wp-container-core-columns-is-layout-b2864ded wp-block-columns-is-layout-flex\" style=\"margin-top:0;margin-bottom:0;padding-top:0;padding-bottom:0\">\n<div class=\"wp-block-column is-vertically-aligned-center has-background is-layout-flow wp-block-column-is-layout-flow\" style=\"background:linear-gradient(180deg,rgb(233,231,225) 32%,rgba(232,230,225,0) 100%);padding-top:var(--wp--preset--spacing--40);padding-right:var(--wp--preset--spacing--70);padding-bottom:var(--wp--preset--spacing--40);padding-left:var(--wp--preset--spacing--70);flex-basis:100%\">\n<div class=\"wp-block-group is-layout-flow wp-block-group-is-layout-flow\">\n<p>Es necesario contar con una instancia que coordine y analice acciones en el \u00e1mbito de calidad de las unidades de salud, que favorezca la buena pr\u00e1ctica profesional, la difusi\u00f3n de avances en calidad t\u00e9cnica de los servicios m\u00e9dicos y de enfermer\u00eda, as\u00ed como la orientaci\u00f3n a los usuarios, a favor de la calidad y el trabajo permanente de revisi\u00f3n y mejora continua. Los Comit\u00e9s de Calidad y Seguridad del Paciente (COCASEP) son los \u00f3rganos responsables de llevar a cabo las estrategias para establecer mejoras de calidad.<\/p>\n\n\n\n<h5 class=\"wp-block-heading\">OBJETIVO GENERAL<\/h5>\n\n\n\n<p>Constituir y dinamizar el funcionamiento de los Comit\u00e9s de Calidad y Seguridad del Paciente tanto en hospitales como en las estructuras coordinadoras del primer nivel de salud (jurisdicciones y regiones) situando de esta manera la calidad en la agenda permanente de los prestadores de salud.<\/p>\n\n\n\n<h5 class=\"wp-block-heading\">OBJETIVOS ESPEC\u00cdFICOS<\/h5>\n\n\n\n<p>Contar con lineamientos comunes sobre integrantes, funciones y procesos de rendici\u00f3n de cuentas de los COCASEP.<\/p>\n\n\n\n<p>Apoyar y difundir las acciones que realicen los COCASEP existentes en el sector salud difundiendo experiencias de \u00e9xito.<\/p>\n\n\n\n<p>Desarrollar un programa de rector\u00eda y referencia para todos los COCASEP y de supervisi\u00f3n medici\u00f3n de impacto en materia de calidad en los acuerdos adoptados en el seno de los COCASEP.<\/p>\n\n\n\n<ul class=\"wp-block-list\">\n<li><strong><a rel=\"noreferrer noopener\" href=\"http:\/\/www.calidad.salud.gob.mx\/site\/calidad\/docs\/2022\/COCASEP_lineamientos_tecnico_operativos.pdf\" target=\"_blank\">Lineamientos T\u00e9cnicos Operativos del Comit\u00e9 de Calidad y Seguridad del Paciente<\/a><\/strong><\/li>\n\n\n\n<li><strong><a href=\"https:\/\/www.ssaver.gob.mx\/ccs\/wp-content\/uploads\/sites\/35\/2024\/01\/COCASEP_Anexo11.1_convocatoria.pdf\" target=\"_blank\" rel=\"noreferrer noopener\">Anexo 11.1&nbsp; de Convocatoria para participar en el COCASEP<\/a><\/strong><\/li>\n\n\n\n<li><strong><a href=\"https:\/\/www.ssaver.gob.mx\/ccs\/wp-content\/uploads\/sites\/35\/2024\/01\/COCASEP_Anexo11.2_acta_instalacion.docx\" target=\"_blank\" rel=\"noreferrer noopener\">Anexo 11.2&nbsp; Acta de Instalaci\u00f3n<\/a><\/strong><\/li>\n\n\n\n<li><strong><a href=\"https:\/\/www.ssaver.gob.mx\/ccs\/wp-content\/uploads\/sites\/35\/2024\/01\/COCASEP_Anexo11.3_calendarizacion.docx\" target=\"_blank\" rel=\"noreferrer noopener\">Anexo 11.3&nbsp; Calendarizaci\u00f3n de Sesiones<\/a><\/strong><\/li>\n\n\n\n<li><strong><a href=\"https:\/\/www.ssaver.gob.mx\/ccs\/wp-content\/uploads\/sites\/35\/2024\/01\/COCASEP_Anexo11.4_minuta_sesion.docx\" target=\"_blank\" rel=\"noreferrer noopener\">Anexo 11.4&nbsp; Minuta de Sesi\u00f3n<\/a><\/strong><\/li>\n\n\n\n<li><strong><a href=\"https:\/\/www.ssaver.gob.mx\/ccs\/wp-content\/uploads\/sites\/35\/2024\/01\/COCASEP_Anexo11.5_seguimiento_acuerdos.docx\" target=\"_blank\" rel=\"noreferrer noopener\">Anexo 11.5&nbsp; Seguimiento-Difusi\u00f3n de Acuerdos<\/a><\/strong><\/li>\n\n\n\n<li><strong><a href=\"https:\/\/www.ssaver.gob.mx\/ccs\/wp-content\/uploads\/sites\/35\/2024\/01\/COCASEP_Anexo11.6_memoria_anual.pdf\" target=\"_blank\" rel=\"noreferrer noopener\">Anexo 11.6&nbsp; Contenidos M\u00ednimos de la Memoria Anual<\/a><\/strong><\/li>\n\n\n\n<li><strong><a href=\"https:\/\/www.ssaver.gob.mx\/ccs\/wp-content\/uploads\/sites\/35\/2024\/01\/COCASEP_Anexo11.7_plan_mejora_continua.docx\" target=\"_blank\" rel=\"noreferrer noopener\">Anexo 11.7&nbsp; Plan de Mejora Continua de la Calidad en Salud<\/a><\/strong><\/li>\n\n\n\n<li><strong><a href=\"https:\/\/www.ssaver.gob.mx\/ccs\/wp-content\/uploads\/sites\/35\/2024\/01\/COCASEP_instructivo_llenadodel-plan-de-mejora-.pdf\" target=\"_blank\" rel=\"noreferrer noopener\">Instructivo de Llenado del Plan de Mejora Continua de la Calidad en Salud<\/a><\/strong><\/li>\n\n\n\n<li><strong><a href=\"https:\/\/www.ssaver.gob.mx\/ccs\/wp-content\/uploads\/sites\/35\/2023\/11\/HERRAMIENTA-DE-CALIDAD-EXCEL.xlsx\" target=\"_blank\" rel=\"noreferrer noopener\">Herramienta de Calidad<\/a><\/strong><\/li>\n\n\n\n<li><strong><a href=\"https:\/\/www.ssaver.gob.mx\/ccs\/wp-content\/uploads\/sites\/35\/2024\/01\/COCASEP_Anexo11.8_supervision_estatal.pdf\" target=\"_blank\" rel=\"noreferrer noopener\">Anexo 11.8&nbsp; Formato de Supervisi\u00f3n a Nivel Estatal y Jurisdiccional<\/a><\/strong><\/li>\n\n\n\n<li><strong><a href=\"https:\/\/www.ssaver.gob.mx\/ccs\/wp-content\/uploads\/sites\/35\/2024\/01\/COCASEP_Anexo11.9_supervision_establecimientos.pdf\" target=\"_blank\" rel=\"noreferrer noopener\">Anexo 11.9&nbsp; Supervisi\u00f3n a Nivel Establecimiento de Salud<\/a><\/strong><\/li>\n<\/ul>\n<\/div>\n<\/div>\n<\/div>\n<\/div>\n","protected":false},"excerpt":{"rendered":"<p>Los Comit\u00e9s Estatales de Calidad en Salud coordinan y alinean los esfuerzos en el \u00e1mbito de la calidad de los<\/p>\n","protected":false},"author":5,"featured_media":0,"parent":0,"menu_order":1,"comment_status":"closed","ping_status":"closed","template":"","meta":{"colormag_page_container_layout":"default_layout","colormag_page_sidebar_layout":"default_layout","footnotes":""},"class_list":["post-554","page","type-page","status-publish","hentry"],"_links":{"self":[{"href":"https:\/\/www.ssaver.gob.mx\/ccs\/wp-json\/wp\/v2\/pages\/554","targetHints":{"allow":["GET"]}}],"collection":[{"href":"https:\/\/www.ssaver.gob.mx\/ccs\/wp-json\/wp\/v2\/pages"}],"about":[{"href":"https:\/\/www.ssaver.gob.mx\/ccs\/wp-json\/wp\/v2\/types\/page"}],"author":[{"embeddable":true,"href":"https:\/\/www.ssaver.gob.mx\/ccs\/wp-json\/wp\/v2\/users\/5"}],"replies":[{"embeddable":true,"href":"https:\/\/www.ssaver.gob.mx\/ccs\/wp-json\/wp\/v2\/comments?post=554"}],"version-history":[{"count":22,"href":"https:\/\/www.ssaver.gob.mx\/ccs\/wp-json\/wp\/v2\/pages\/554\/revisions"}],"predecessor-version":[{"id":5288,"href":"https:\/\/www.ssaver.gob.mx\/ccs\/wp-json\/wp\/v2\/pages\/554\/revisions\/5288"}],"wp:attachment":[{"href":"https:\/\/www.ssaver.gob.mx\/ccs\/wp-json\/wp\/v2\/media?parent=554"}],"curies":[{"name":"wp","href":"https:\/\/api.w.org\/{rel}","templated":true}]}}