{"id":563,"date":"2022-10-11T19:16:07","date_gmt":"2022-10-12T00:16:07","guid":{"rendered":"https:\/\/www.ssaver.gob.mx\/ccs\/?page_id=563"},"modified":"2026-03-23T09:49:45","modified_gmt":"2026-03-23T15:49:45","slug":"construyendo-ciudadania-en-salud-aval-ciudadano","status":"publish","type":"page","link":"https:\/\/www.ssaver.gob.mx\/ccs\/construyendo-ciudadania-en-salud-aval-ciudadano\/","title":{"rendered":"AVAL CIUDADANO \u00abCONSTRUIR CIUDADAN\u00cdA EN SALUD\u00bb"},"content":{"rendered":"\n<div class=\"wp-block-group is-layout-constrained wp-container-core-group-is-layout-9517baca wp-block-group-is-layout-constrained\">\n<div class=\"wp-block-columns is-layout-flex wp-container-core-columns-is-layout-9c22b1e3 wp-block-columns-is-layout-flex\">\n<div class=\"wp-block-column is-vertically-aligned-stretch is-layout-flow wp-container-core-column-is-layout-c43c6636 wp-block-column-is-layout-flow\" style=\"padding-right:0;padding-left:0;flex-basis:100%\">\n<div class=\"wp-block-cover wp-elements-e254eb02dba959e8b765bcc89efb9d5c has-aspect-ratio\" style=\"margin-top:0;margin-bottom:0;padding-top:0;padding-right:0;padding-bottom:0;padding-left:0;aspect-ratio:auto;min-height:unset;\"><img decoding=\"async\" class=\"wp-block-cover__image-background wp-image-5220 size-full\" alt=\"\" src=\"https:\/\/www.ssaver.gob.mx\/tecnologias\/wp-content\/uploads\/sites\/14\/2025\/09\/textura_areas_TI-scaled.png\" style=\"object-position:15% 27%\" data-object-fit=\"cover\" data-object-position=\"15% 27%\" \/><span aria-hidden=\"true\" class=\"wp-block-cover__background has-background-dim-100 has-background-dim\" style=\"background-color:#720f37\"><\/span><div class=\"wp-block-cover__inner-container is-layout-constrained wp-container-core-cover-is-layout-72190d31 wp-block-cover-is-layout-constrained\">\n<p class=\"has-text-align-center\" style=\"font-size:28px\"><strong>Normatividad y documentos<\/strong><\/p>\n<\/div><\/div>\n<\/div>\n<\/div>\n\n\n\n<div class=\"wp-block-columns is-layout-flex wp-container-core-columns-is-layout-b2864ded wp-block-columns-is-layout-flex\" style=\"margin-top:0;margin-bottom:0;padding-top:0;padding-bottom:0\">\n<div class=\"wp-block-column is-vertically-aligned-center has-background is-layout-flow wp-block-column-is-layout-flow\" style=\"background:linear-gradient(180deg,rgb(233,231,225) 32%,rgba(232,230,225,0) 100%);padding-top:var(--wp--preset--spacing--40);padding-right:var(--wp--preset--spacing--70);padding-bottom:var(--wp--preset--spacing--40);padding-left:var(--wp--preset--spacing--70);flex-basis:100%\">\n<ul class=\"wp-block-list\">\n<li><strong><a rel=\"noreferrer noopener\" href=\"http:\/\/www.gob.mx\/salud\/acciones-y-programas\/proposito-objetivos-y-funciones-del-aval-ciudadano\" target=\"_blank\">Prop\u00f3sito, Objetivos y Funciones del Aval Ciudadano<\/a><\/strong><\/li>\n\n\n\n<li><strong><a rel=\"noreferrer noopener\" href=\"http:\/\/calidad.salud.gob.mx\/site\/calidad\/aval_ciudadano_avance_por_entidad.html\" target=\"_blank\">Avance por Entidad<\/a><\/strong><\/li>\n\n\n\n<li><strong><a rel=\"noreferrer noopener\" href=\"http:\/\/calidad.salud.gob.mx\/site\/calidad\/aval_ciudadano_resultados.html\" target=\"_blank\">Resultados<\/a><\/strong><\/li>\n\n\n\n<li><strong><a rel=\"noreferrer noopener\" href=\"https:\/\/dgces.salud.gob.mx\/encuesta\/aval_2022\/\" target=\"_blank\">Encuesta la Voz de los Avales Ciudadanos<\/a><\/strong><\/li>\n\n\n\n<li><strong><a rel=\"noreferrer noopener\" href=\"http:\/\/calidad.salud.gob.mx\/site\/calidad\/docs\/2022\/aval_ciudadano_guia_operativa.pdf\" target=\"_blank\">Gu\u00eda Operativa de Aval Ciudadano<\/a><\/strong><\/li>\n\n\n\n<li><strong><a rel=\"noreferrer noopener\" href=\"http:\/\/calidad.salud.gob.mx\/site\/calidad\/docs\/2022\/aval_ciudadano_capacitacion.pdf\" target=\"_blank\">Presentaci\u00f3n para la Capacitaci\u00f3n de Avales Ciudadanos<\/a><\/strong><\/li>\n\n\n\n<li><strong><a rel=\"noreferrer noopener\" href=\"http:\/\/calidad.salud.gob.mx\/site\/calidad\/docs\/2022\/aval_ciudadano_diptico.pdf\" target=\"_blank\">D\u00edptico de Aval Ciudadano<\/a><\/strong><\/li>\n\n\n\n<li><strong><a rel=\"noreferrer noopener\" href=\"http:\/\/calidad.salud.gob.mx\/site\/calidad\/docs\/2022\/aval_ciudadano_carta_derechos.pdf\" target=\"_blank\">Carta de los Derechos Generales y Responsabilidades de los Pacientes<\/a><\/strong><\/li>\n\n\n\n<li><strong><a rel=\"noreferrer noopener\" href=\"http:\/\/calidad.salud.gob.mx\/site\/calidad\/docs\/2022\/aval_ciudadano_cartel.pdf\" target=\"_blank\">Cartel del Aval Ciudadano<\/a><\/strong><\/li>\n\n\n\n<li><strong><a rel=\"noreferrer noopener\" href=\"http:\/\/calidad.salud.gob.mx\/site\/calidad\/docs\/2022\/aval_ciudadano_codigo_conducta.pdf\" target=\"_blank\">C\u00f3digo de Conducta de Aval Ciudadano<\/a><\/strong><\/li>\n<\/ul>\n<\/div>\n<\/div>\n\n\n\n<div class=\"wp-block-columns is-layout-flex wp-container-core-columns-is-layout-9c22b1e3 wp-block-columns-is-layout-flex\">\n<div class=\"wp-block-column is-vertically-aligned-stretch is-layout-flow wp-container-core-column-is-layout-c43c6636 wp-block-column-is-layout-flow\" style=\"padding-right:0;padding-left:0;flex-basis:100%\">\n<div class=\"wp-block-cover wp-elements-2db531f20c2f1b313255d3a9cda2b884 has-aspect-ratio\" style=\"margin-top:0;margin-bottom:0;padding-top:0;padding-right:0;padding-bottom:0;padding-left:0;aspect-ratio:auto;min-height:unset;\"><img decoding=\"async\" class=\"wp-block-cover__image-background wp-image-5220 size-full\" alt=\"\" src=\"https:\/\/www.ssaver.gob.mx\/tecnologias\/wp-content\/uploads\/sites\/14\/2025\/09\/textura_areas_TI-scaled.png\" style=\"object-position:15% 27%\" data-object-fit=\"cover\" data-object-position=\"15% 27%\" \/><span aria-hidden=\"true\" class=\"wp-block-cover__background has-background-dim-100 has-background-dim\" style=\"background-color:#720f37\"><\/span><div class=\"wp-block-cover__inner-container is-layout-constrained wp-container-core-cover-is-layout-72190d31 wp-block-cover-is-layout-constrained\">\n<p class=\"has-text-align-center\" style=\"font-size:28px\"><strong>Formatos Monitoreo Ciudadano<\/strong><\/p>\n\n\n\n<ul style=\"padding-top:var(--wp--preset--spacing--40);padding-right:var(--wp--preset--spacing--70);padding-bottom:var(--wp--preset--spacing--40);padding-left:var(--wp--preset--spacing--70)\" class=\"wp-block-list has-colormag-color-2-background-color has-background\">\n<li><strong><a href=\"https:\/\/www.ssaver.gob.mx\/ccs\/wp-content\/uploads\/sites\/35\/2026\/02\/SESTAD_formatos_establecimientos_atencion_medica-2026.zip\" target=\"_blank\" rel=\"noreferrer noopener\">Formatos de la Encuesta y Concentrado de Satisfacci\u00f3n, Trato Adecuado y Digno.<\/a><\/strong><\/li>\n\n\n\n<li><strong><a href=\"https:\/\/www.ssaver.gob.mx\/ccs\/wp-content\/uploads\/sites\/35\/2025\/07\/Formato-para-el-Monitoreo-Ciudadano_Servicios-de-Salud.pdf\">Formato para el Monitoreo Ciudadano<\/a><\/strong><\/li>\n\n\n\n<li><strong><a href=\"https:\/\/www.ssaver.gob.mx\/ccs\/wp-content\/uploads\/sites\/35\/2025\/07\/aval_ciudadano_carta_compromiso.pdf\" target=\"_blank\" rel=\"noreferrer noopener\">Carta Compromiso al Ciudadano<\/a><\/strong><\/li>\n\n\n\n<li><a href=\"https:\/\/www.ssaver.gob.mx\/ccs\/wp-content\/uploads\/sites\/35\/2024\/08\/Anexo-5-Formato-de-Supervision-al-Aval-Ciudadano.pdf\" target=\"_blank\" rel=\"noreferrer noopener\"><strong>Formato (PDF) de Supervisi\u00f3n a Avales Ciudadanos (Gu\u00eda Operativa 2021 4a. Edici\u00f3n)<\/strong><\/a><\/li>\n\n\n\n<li><strong><a href=\"https:\/\/www.ssaver.gob.mx\/ccs\/wp-content\/uploads\/sites\/35\/2024\/08\/Anexo-5-Formato-de-Supervision-al-Aval-Ciudadano.doc\" target=\"_blank\" rel=\"noreferrer noopener\">Formato EDITABLE (Word) de Supervisi\u00f3n a Avales Ciudadanos (Gu\u00eda Operativa 2021 4a. Edici\u00f3n)<\/a><\/strong><\/li>\n\n\n\n<li><strong><a href=\"https:\/\/www.ssaver.gob.mx\/ccs\/wp-content\/uploads\/sites\/35\/2024\/08\/EJEMPLO-Formato-de-Supervision-al-Aval-Ciudadano.pdf\" target=\"_blank\" rel=\"noreferrer noopener\">EJEMPLO Formato de Supervisi\u00f3n al Aval Ciudadano<\/a><\/strong><\/li>\n\n\n\n<li><\/li>\n\n\n\n<li><\/li>\n<\/ul>\n<\/div><\/div>\n<\/div>\n<\/div>\n\n\n\n<div class=\"wp-block-columns is-layout-flex wp-container-core-columns-is-layout-9c22b1e3 wp-block-columns-is-layout-flex\">\n<div class=\"wp-block-column is-vertically-aligned-stretch is-layout-flow wp-container-core-column-is-layout-c43c6636 wp-block-column-is-layout-flow\" style=\"padding-right:0;padding-left:0;flex-basis:100%\">\n<div class=\"wp-block-cover wp-elements-eec437f7a381e5aa3a32139a91c7a3c8 has-aspect-ratio\" style=\"margin-top:0;margin-bottom:0;padding-top:0;padding-right:0;padding-bottom:0;padding-left:0;aspect-ratio:auto;min-height:unset;\"><img decoding=\"async\" class=\"wp-block-cover__image-background wp-image-5220 size-full\" alt=\"\" src=\"https:\/\/www.ssaver.gob.mx\/tecnologias\/wp-content\/uploads\/sites\/14\/2025\/09\/textura_areas_TI-scaled.png\" style=\"object-position:15% 27%\" data-object-fit=\"cover\" data-object-position=\"15% 27%\" \/><span aria-hidden=\"true\" class=\"wp-block-cover__background has-background-dim-100 has-background-dim\" style=\"background-color:#720f37\"><\/span><div class=\"wp-block-cover__inner-container is-layout-constrained wp-container-core-cover-is-layout-72190d31 wp-block-cover-is-layout-constrained\">\n<p class=\"has-text-align-center\" style=\"font-size:28px\"><strong>Solicitud de movimientos en el SIRAVAL para Jurisdicciones Sanitarias<\/strong><\/p>\n<\/div><\/div>\n<\/div>\n<\/div>\n\n\n\n<div class=\"wp-block-columns is-layout-flex wp-container-core-columns-is-layout-b2864ded wp-block-columns-is-layout-flex\" style=\"margin-top:0;margin-bottom:0;padding-top:0;padding-bottom:0\">\n<div class=\"wp-block-column is-vertically-aligned-center has-background is-layout-flow wp-block-column-is-layout-flow\" style=\"background:linear-gradient(180deg,rgb(233,231,225) 32%,rgba(232,230,225,0) 100%);padding-top:var(--wp--preset--spacing--40);padding-right:var(--wp--preset--spacing--70);padding-bottom:var(--wp--preset--spacing--40);padding-left:var(--wp--preset--spacing--70);flex-basis:100%\">\n<ul class=\"wp-block-list\">\n<li><a href=\"https:\/\/www.ssaver.gob.mx\/ccs\/wp-content\/uploads\/sites\/35\/2026\/03\/Instructivo-de-Llenado_-FSAAC-01_2026.docx\" target=\"_blank\" rel=\"noreferrer noopener\"><strong>Instructivo de llenado_FSAAC-01_2026.<\/strong><\/a><\/li>\n\n\n\n<li><strong><a href=\"https:\/\/www.ssaver.gob.mx\/ccs\/wp-content\/uploads\/sites\/35\/2026\/03\/Instructivo-de-Llenado_-FSAAC-02_2026.docx\" target=\"_blank\" rel=\"noreferrer noopener\">Instructivo de Llenado_FSACC-02_2026<\/a><\/strong><\/li>\n\n\n\n<li><strong><a href=\"https:\/\/www.ssaver.gob.mx\/ccs\/wp-content\/uploads\/sites\/35\/2026\/03\/Solicitud-alta-Aval-A-Titulo-Individual_FSAAC-01-2026.docx\" target=\"_blank\" rel=\"noreferrer noopener\">Solicitud-alta-Aval-A-Titulo_FSAAC-01 2026<\/a><\/strong><\/li>\n\n\n\n<li><strong><a href=\"https:\/\/www.ssaver.gob.mx\/ccs\/wp-content\/uploads\/sites\/35\/2026\/03\/Solicitud-alta-Aval-Organizacion_Agrupacion_FSAAC-02-2026.docx\" target=\"_blank\" rel=\"noreferrer noopener\">Solicitud-alta-Aval-Organizaci\u00f3n_Agrupaci\u00f3n_FSAAC-02 2026. <\/a><\/strong><\/li>\n<\/ul>\n<\/div>\n<\/div>\n\n\n\n<div class=\"wp-block-columns is-layout-flex wp-container-core-columns-is-layout-b2864ded wp-block-columns-is-layout-flex\" style=\"margin-top:0;margin-bottom:0;padding-top:0;padding-bottom:0\">\n<div class=\"wp-block-column is-vertically-aligned-center has-background is-layout-flow wp-block-column-is-layout-flow\" style=\"background:linear-gradient(180deg,rgb(233,231,225) 32%,rgba(232,230,225,0) 100%);padding-top:var(--wp--preset--spacing--40);padding-right:var(--wp--preset--spacing--70);padding-bottom:var(--wp--preset--spacing--40);padding-left:var(--wp--preset--spacing--70);flex-basis:100%\">\n<div class=\"wp-block-buttons alignfull is-content-justification-center is-layout-flex wp-container-core-buttons-is-layout-a89b3969 wp-block-buttons-is-layout-flex\">\n<div class=\"wp-block-button\"><a class=\"wp-block-button__link has-colormag-color-6-background-color has-background wp-element-button\" href=\"https:\/\/drive.google.com\/drive\/u\/6\/folders\/12IvK18IZ6yzbB5Nufuesc4Ao5y4eFQPM\" style=\"border-radius:20px\">Aviso de Privacidad Integral Aval Ciudadano<\/a><\/div>\n\n\n\n<div class=\"wp-block-button\"><a class=\"wp-block-button__link has-colormag-color-6-background-color has-background wp-element-button\" href=\"https:\/\/drive.google.com\/drive\/u\/6\/folders\/1WJlpWVgl7sLT382EFL49KI-NbgIJZxxr\" style=\"border-radius:20px\">Aviso de Privacidad Simplificado Aval Ciudadano<\/a><\/div>\n<\/div>\n<\/div>\n<\/div>\n<\/div>\n","protected":false},"excerpt":{"rendered":"","protected":false},"author":5,"featured_media":0,"parent":0,"menu_order":0,"comment_status":"closed","ping_status":"closed","template":"","meta":{"colormag_page_container_layout":"default_layout","colormag_page_sidebar_layout":"default_layout","footnotes":""},"class_list":["post-563","page","type-page","status-publish","hentry"],"_links":{"self":[{"href":"https:\/\/www.ssaver.gob.mx\/ccs\/wp-json\/wp\/v2\/pages\/563","targetHints":{"allow":["GET"]}}],"collection":[{"href":"https:\/\/www.ssaver.gob.mx\/ccs\/wp-json\/wp\/v2\/pages"}],"about":[{"href":"https:\/\/www.ssaver.gob.mx\/ccs\/wp-json\/wp\/v2\/types\/page"}],"author":[{"embeddable":true,"href":"https:\/\/www.ssaver.gob.mx\/ccs\/wp-json\/wp\/v2\/users\/5"}],"replies":[{"embeddable":true,"href":"https:\/\/www.ssaver.gob.mx\/ccs\/wp-json\/wp\/v2\/comments?post=563"}],"version-history":[{"count":73,"href":"https:\/\/www.ssaver.gob.mx\/ccs\/wp-json\/wp\/v2\/pages\/563\/revisions"}],"predecessor-version":[{"id":5296,"href":"https:\/\/www.ssaver.gob.mx\/ccs\/wp-json\/wp\/v2\/pages\/563\/revisions\/5296"}],"wp:attachment":[{"href":"https:\/\/www.ssaver.gob.mx\/ccs\/wp-json\/wp\/v2\/media?parent=563"}],"curies":[{"name":"wp","href":"https:\/\/api.w.org\/{rel}","templated":true}]}}

AVAL CIUDADANO «CONSTRUIR CIUDADANÍA EN SALUD»

<div class="wp-block-group is-layout-constrained wp-container-core-group-is-layout-9517baca wp-block-group-is-layout-constrained">
<div class="wp-block-columns is-layout-flex wp-container-core-columns-is-layout-9c22b1e3 wp-block-columns-is-layout-flex">
<div class="wp-block-column is-vertically-aligned-stretch is-layout-flow wp-container-core-column-is-layout-c43c6636 wp-block-column-is-layout-flow" style="padding-right:0;padding-left:0;flex-basis:100%">
<div class="wp-block-cover wp-elements-e254eb02dba959e8b765bcc89efb9d5c has-aspect-ratio" style="margin-top:0;margin-bottom:0;padding-top:0;padding-right:0;padding-bottom:0;padding-left:0;aspect-ratio:auto;min-height:unset;"><img decoding="async" class="wp-block-cover__image-background wp-image-5220 size-full" alt="" src="https://www.ssaver.gob.mx/tecnologias/wp-content/uploads/sites/14/2025/09/textura_areas_TI-scaled.png" style="object-position:15% 27%" data-object-fit="cover" data-object-position="15% 27%" /><span aria-hidden="true" class="wp-block-cover__background has-background-dim-100 has-background-dim" style="background-color:#720f37"></span><div class="wp-block-cover__inner-container is-layout-constrained wp-container-core-cover-is-layout-72190d31 wp-block-cover-is-layout-constrained">
<p class="has-text-align-center" style="font-size:28px"><strong>Normatividad y documentos</strong></p>
</div></div>
</div>
</div>



<div class="wp-block-columns is-layout-flex wp-container-core-columns-is-layout-b2864ded wp-block-columns-is-layout-flex" style="margin-top:0;margin-bottom:0;padding-top:0;padding-bottom:0">
<div class="wp-block-column is-vertically-aligned-center has-background is-layout-flow wp-block-column-is-layout-flow" style="background:linear-gradient(180deg,rgb(233,231,225) 32%,rgba(232,230,225,0) 100%);padding-top:var(--wp--preset--spacing--40);padding-right:var(--wp--preset--spacing--70);padding-bottom:var(--wp--preset--spacing--40);padding-left:var(--wp--preset--spacing--70);flex-basis:100%">
<ul class="wp-block-list">
<li><strong><a rel="noreferrer noopener" href="http://www.gob.mx/salud/acciones-y-programas/proposito-objetivos-y-funciones-del-aval-ciudadano" target="_blank">Propósito, Objetivos y Funciones del Aval Ciudadano</a></strong></li>



<li><strong><a rel="noreferrer noopener" href="http://calidad.salud.gob.mx/site/calidad/aval_ciudadano_avance_por_entidad.html" target="_blank">Avance por Entidad</a></strong></li>



<li><strong><a rel="noreferrer noopener" href="http://calidad.salud.gob.mx/site/calidad/aval_ciudadano_resultados.html" target="_blank">Resultados</a></strong></li>



<li><strong><a rel="noreferrer noopener" href="https://dgces.salud.gob.mx/encuesta/aval_2022/" target="_blank">Encuesta la Voz de los Avales Ciudadanos</a></strong></li>



<li><strong><a rel="noreferrer noopener" href="http://calidad.salud.gob.mx/site/calidad/docs/2022/aval_ciudadano_guia_operativa.pdf" target="_blank">Guía Operativa de Aval Ciudadano</a></strong></li>



<li><strong><a rel="noreferrer noopener" href="http://calidad.salud.gob.mx/site/calidad/docs/2022/aval_ciudadano_capacitacion.pdf" target="_blank">Presentación para la Capacitación de Avales Ciudadanos</a></strong></li>



<li><strong><a rel="noreferrer noopener" href="http://calidad.salud.gob.mx/site/calidad/docs/2022/aval_ciudadano_diptico.pdf" target="_blank">Díptico de Aval Ciudadano</a></strong></li>



<li><strong><a rel="noreferrer noopener" href="http://calidad.salud.gob.mx/site/calidad/docs/2022/aval_ciudadano_carta_derechos.pdf" target="_blank">Carta de los Derechos Generales y Responsabilidades de los Pacientes</a></strong></li>



<li><strong><a rel="noreferrer noopener" href="http://calidad.salud.gob.mx/site/calidad/docs/2022/aval_ciudadano_cartel.pdf" target="_blank">Cartel del Aval Ciudadano</a></strong></li>



<li><strong><a rel="noreferrer noopener" href="http://calidad.salud.gob.mx/site/calidad/docs/2022/aval_ciudadano_codigo_conducta.pdf" target="_blank">Código de Conducta de Aval Ciudadano</a></strong></li>
</ul>
</div>
</div>



<div class="wp-block-columns is-layout-flex wp-container-core-columns-is-layout-9c22b1e3 wp-block-columns-is-layout-flex">
<div class="wp-block-column is-vertically-aligned-stretch is-layout-flow wp-container-core-column-is-layout-c43c6636 wp-block-column-is-layout-flow" style="padding-right:0;padding-left:0;flex-basis:100%">
<div class="wp-block-cover wp-elements-2db531f20c2f1b313255d3a9cda2b884 has-aspect-ratio" style="margin-top:0;margin-bottom:0;padding-top:0;padding-right:0;padding-bottom:0;padding-left:0;aspect-ratio:auto;min-height:unset;"><img decoding="async" class="wp-block-cover__image-background wp-image-5220 size-full" alt="" src="https://www.ssaver.gob.mx/tecnologias/wp-content/uploads/sites/14/2025/09/textura_areas_TI-scaled.png" style="object-position:15% 27%" data-object-fit="cover" data-object-position="15% 27%" /><span aria-hidden="true" class="wp-block-cover__background has-background-dim-100 has-background-dim" style="background-color:#720f37"></span><div class="wp-block-cover__inner-container is-layout-constrained wp-container-core-cover-is-layout-72190d31 wp-block-cover-is-layout-constrained">
<p class="has-text-align-center" style="font-size:28px"><strong>Formatos Monitoreo Ciudadano</strong></p>



<ul style="padding-top:var(--wp--preset--spacing--40);padding-right:var(--wp--preset--spacing--70);padding-bottom:var(--wp--preset--spacing--40);padding-left:var(--wp--preset--spacing--70)" class="wp-block-list has-colormag-color-2-background-color has-background">
<li><strong><a href="https://www.ssaver.gob.mx/ccs/wp-content/uploads/sites/35/2026/02/SESTAD_formatos_establecimientos_atencion_medica-2026.zip" target="_blank" rel="noreferrer noopener">Formatos de la Encuesta y Concentrado de Satisfacción, Trato Adecuado y Digno.</a></strong></li>



<li><strong><a href="https://www.ssaver.gob.mx/ccs/wp-content/uploads/sites/35/2025/07/Formato-para-el-Monitoreo-Ciudadano_Servicios-de-Salud.pdf">Formato para el Monitoreo Ciudadano</a></strong></li>



<li><strong><a href="https://www.ssaver.gob.mx/ccs/wp-content/uploads/sites/35/2025/07/aval_ciudadano_carta_compromiso.pdf" target="_blank" rel="noreferrer noopener">Carta Compromiso al Ciudadano</a></strong></li>



<li><a href="https://www.ssaver.gob.mx/ccs/wp-content/uploads/sites/35/2024/08/Anexo-5-Formato-de-Supervision-al-Aval-Ciudadano.pdf" target="_blank" rel="noreferrer noopener"><strong>Formato (PDF) de Supervisión a Avales Ciudadanos (Guía Operativa 2021 4a. Edición)</strong></a></li>



<li><strong><a href="https://www.ssaver.gob.mx/ccs/wp-content/uploads/sites/35/2024/08/Anexo-5-Formato-de-Supervision-al-Aval-Ciudadano.doc" target="_blank" rel="noreferrer noopener">Formato EDITABLE (Word) de Supervisión a Avales Ciudadanos (Guía Operativa 2021 4a. Edición)</a></strong></li>



<li><strong><a href="https://www.ssaver.gob.mx/ccs/wp-content/uploads/sites/35/2024/08/EJEMPLO-Formato-de-Supervision-al-Aval-Ciudadano.pdf" target="_blank" rel="noreferrer noopener">EJEMPLO Formato de Supervisión al Aval Ciudadano</a></strong></li>



<li></li>



<li></li>
</ul>
</div></div>
</div>
</div>



<div class="wp-block-columns is-layout-flex wp-container-core-columns-is-layout-9c22b1e3 wp-block-columns-is-layout-flex">
<div class="wp-block-column is-vertically-aligned-stretch is-layout-flow wp-container-core-column-is-layout-c43c6636 wp-block-column-is-layout-flow" style="padding-right:0;padding-left:0;flex-basis:100%">
<div class="wp-block-cover wp-elements-eec437f7a381e5aa3a32139a91c7a3c8 has-aspect-ratio" style="margin-top:0;margin-bottom:0;padding-top:0;padding-right:0;padding-bottom:0;padding-left:0;aspect-ratio:auto;min-height:unset;"><img decoding="async" class="wp-block-cover__image-background wp-image-5220 size-full" alt="" src="https://www.ssaver.gob.mx/tecnologias/wp-content/uploads/sites/14/2025/09/textura_areas_TI-scaled.png" style="object-position:15% 27%" data-object-fit="cover" data-object-position="15% 27%" /><span aria-hidden="true" class="wp-block-cover__background has-background-dim-100 has-background-dim" style="background-color:#720f37"></span><div class="wp-block-cover__inner-container is-layout-constrained wp-container-core-cover-is-layout-72190d31 wp-block-cover-is-layout-constrained">
<p class="has-text-align-center" style="font-size:28px"><strong>Solicitud de movimientos en el SIRAVAL para Jurisdicciones Sanitarias</strong></p>
</div></div>
</div>
</div>



<div class="wp-block-columns is-layout-flex wp-container-core-columns-is-layout-b2864ded wp-block-columns-is-layout-flex" style="margin-top:0;margin-bottom:0;padding-top:0;padding-bottom:0">
<div class="wp-block-column is-vertically-aligned-center has-background is-layout-flow wp-block-column-is-layout-flow" style="background:linear-gradient(180deg,rgb(233,231,225) 32%,rgba(232,230,225,0) 100%);padding-top:var(--wp--preset--spacing--40);padding-right:var(--wp--preset--spacing--70);padding-bottom:var(--wp--preset--spacing--40);padding-left:var(--wp--preset--spacing--70);flex-basis:100%">
<ul class="wp-block-list">
<li><a href="https://www.ssaver.gob.mx/ccs/wp-content/uploads/sites/35/2026/03/Instructivo-de-Llenado_-FSAAC-01_2026.docx" target="_blank" rel="noreferrer noopener"><strong>Instructivo de llenado_FSAAC-01_2026.</strong></a></li>



<li><strong><a href="https://www.ssaver.gob.mx/ccs/wp-content/uploads/sites/35/2026/03/Instructivo-de-Llenado_-FSAAC-02_2026.docx" target="_blank" rel="noreferrer noopener">Instructivo de Llenado_FSACC-02_2026</a></strong></li>



<li><strong><a href="https://www.ssaver.gob.mx/ccs/wp-content/uploads/sites/35/2026/03/Solicitud-alta-Aval-A-Titulo-Individual_FSAAC-01-2026.docx" target="_blank" rel="noreferrer noopener">Solicitud-alta-Aval-A-Titulo_FSAAC-01 2026</a></strong></li>



<li><strong><a href="https://www.ssaver.gob.mx/ccs/wp-content/uploads/sites/35/2026/03/Solicitud-alta-Aval-Organizacion_Agrupacion_FSAAC-02-2026.docx" target="_blank" rel="noreferrer noopener">Solicitud-alta-Aval-Organización_Agrupación_FSAAC-02 2026. </a></strong></li>
</ul>
</div>
</div>



<div class="wp-block-columns is-layout-flex wp-container-core-columns-is-layout-b2864ded wp-block-columns-is-layout-flex" style="margin-top:0;margin-bottom:0;padding-top:0;padding-bottom:0">
<div class="wp-block-column is-vertically-aligned-center has-background is-layout-flow wp-block-column-is-layout-flow" style="background:linear-gradient(180deg,rgb(233,231,225) 32%,rgba(232,230,225,0) 100%);padding-top:var(--wp--preset--spacing--40);padding-right:var(--wp--preset--spacing--70);padding-bottom:var(--wp--preset--spacing--40);padding-left:var(--wp--preset--spacing--70);flex-basis:100%">
<div class="wp-block-buttons alignfull is-content-justification-center is-layout-flex wp-container-core-buttons-is-layout-a89b3969 wp-block-buttons-is-layout-flex">
<div class="wp-block-button"><a class="wp-block-button__link has-colormag-color-6-background-color has-background wp-element-button" href="https://drive.google.com/drive/u/6/folders/12IvK18IZ6yzbB5Nufuesc4Ao5y4eFQPM" style="border-radius:20px">Aviso de Privacidad Integral Aval Ciudadano</a></div>



<div class="wp-block-button"><a class="wp-block-button__link has-colormag-color-6-background-color has-background wp-element-button" href="https://drive.google.com/drive/u/6/folders/1WJlpWVgl7sLT382EFL49KI-NbgIJZxxr" style="border-radius:20px">Aviso de Privacidad Simplificado Aval Ciudadano</a></div>
</div>
</div>
</div>
</div>
