{"id":1374,"date":"2025-04-03T09:32:00","date_gmt":"2025-04-03T15:32:00","guid":{"rendered":"https:\/\/www.ssaver.gob.mx\/ceca\/?page_id=1374"},"modified":"2026-03-19T11:37:45","modified_gmt":"2026-03-19T17:37:45","slug":"uneme-cecosama-centros-comunitarios-de-salud-mental-y-adicciones","status":"publish","type":"page","link":"https:\/\/www.ssaver.gob.mx\/ceca\/uneme-cecosama-centros-comunitarios-de-salud-mental-y-adicciones\/","title":{"rendered":"Unidades de Especialidades M\u00e9dicas &#8211; Centros Comunitarios de Salud Mental y Adicciones (UNEMES &#8211; CECOSAMAS)"},"content":{"rendered":"\n<div class=\"wp-block-group is-layout-constrained wp-container-core-group-is-layout-9517baca wp-block-group-is-layout-constrained\">\n<div class=\"wp-block-columns is-layout-flex wp-container-core-columns-is-layout-28f84493 wp-block-columns-is-layout-flex\">\n<div class=\"wp-block-column is-vertically-aligned-center is-layout-flow wp-block-column-is-layout-flow\" style=\"flex-basis:70%\">\n<div class=\"wp-block-columns is-layout-flex wp-container-core-columns-is-layout-9c22b1e3 wp-block-columns-is-layout-flex\">\n<div class=\"wp-block-column is-vertically-aligned-stretch is-layout-flow wp-container-core-column-is-layout-c43c6636 wp-block-column-is-layout-flow\" style=\"padding-right:0;padding-left:0;flex-basis:100%\">\n<div class=\"wp-block-cover wp-elements-251c62313e52ac5a7fafe2639e6240d4 has-aspect-ratio\" style=\"margin-top:0;margin-bottom:0;padding-top:0;padding-right:0;padding-bottom:0;padding-left:0;aspect-ratio:auto;min-height:unset;\"><img decoding=\"async\" class=\"wp-block-cover__image-background wp-image-5220 size-full\" alt=\"\" src=\"https:\/\/www.ssaver.gob.mx\/tecnologias\/wp-content\/uploads\/sites\/14\/2025\/09\/textura_areas_TI-scaled.png\" style=\"object-position:15% 27%\" data-object-fit=\"cover\" data-object-position=\"15% 27%\" \/><span aria-hidden=\"true\" class=\"wp-block-cover__background has-background-dim-100 has-background-dim\" style=\"background-color:#720f37\"><\/span><div class=\"wp-block-cover__inner-container is-layout-constrained wp-container-core-cover-is-layout-72190d31 wp-block-cover-is-layout-constrained\">\n<p class=\"has-text-align-center\" style=\"font-size:28px\"><strong>Unidades de Especialidades M\u00e9dicas &#8211; Centros Comunitarios de Salud Mental y Adicciones (UNEMES &#8211; CECOSAMAS)<\/strong><\/p>\n<\/div><\/div>\n<\/div>\n<\/div>\n\n\n\n<div class=\"wp-block-columns is-layout-flex wp-container-core-columns-is-layout-b2864ded wp-block-columns-is-layout-flex\" style=\"margin-top:0;margin-bottom:0;padding-top:0;padding-bottom:0\">\n<div class=\"wp-block-column is-vertically-aligned-center has-background is-layout-flow wp-block-column-is-layout-flow\" style=\"background:linear-gradient(180deg,rgb(233,231,225) 32%,rgba(232,230,225,0) 100%);padding-top:var(--wp--preset--spacing--40);padding-right:var(--wp--preset--spacing--40);padding-bottom:var(--wp--preset--spacing--40);padding-left:var(--wp--preset--spacing--40);flex-basis:100%\">\n<hr class=\"wp-block-separator aligncenter has-text-color has-alpha-channel-opacity has-background is-style-wide\" style=\"margin-top:var(--wp--preset--spacing--20);margin-bottom:var(--wp--preset--spacing--20);background-color:#d6af4d;color:#d6af4d\" \/>\n\n\n\n<p class=\"has-black-color has-text-color has-medium-font-size\"><strong>\u00bfQu\u00e9 son las UNEMES &#8211; CECOSAMAS?<\/strong><\/p>\n\n\n\n<figure class=\"wp-block-image size-large\"><img loading=\"lazy\" decoding=\"async\" width=\"1024\" height=\"279\" src=\"https:\/\/www.ssaver.gob.mx\/ceca\/wp-content\/uploads\/sites\/17\/2025\/04\/CECOSAMA-1024x279.png\" alt=\"\" class=\"wp-image-1504\" srcset=\"https:\/\/www.ssaver.gob.mx\/ceca\/wp-content\/uploads\/sites\/17\/2025\/04\/CECOSAMA-1024x279.png 1024w, https:\/\/www.ssaver.gob.mx\/ceca\/wp-content\/uploads\/sites\/17\/2025\/04\/CECOSAMA-300x82.png 300w, https:\/\/www.ssaver.gob.mx\/ceca\/wp-content\/uploads\/sites\/17\/2025\/04\/CECOSAMA-768x209.png 768w, https:\/\/www.ssaver.gob.mx\/ceca\/wp-content\/uploads\/sites\/17\/2025\/04\/CECOSAMA-1536x418.png 1536w, https:\/\/www.ssaver.gob.mx\/ceca\/wp-content\/uploads\/sites\/17\/2025\/04\/CECOSAMA-2048x558.png 2048w\" sizes=\"auto, (max-width: 1024px) 100vw, 1024px\" \/><\/figure>\n\n\n\n<p class=\"has-black-color has-text-color\"><strong>Los Centros Comunitarios de Salud Mental y Adicciones (CECOSAMA)<\/strong>&nbsp;son unidades que brindan servicios gratuitos, dirigidos a prevenir y atender el uso y abuso de sustancias psicoactivas y diversas condiciones de salud mental.<\/p>\n\n\n\n<p class=\"has-black-color has-text-color\">Los antes Centros de Atenci\u00f3n Primaria en Adicciones (CAPA), reestructuran sus servicios para <strong>centrarse en la atenci\u00f3n desde una perspectiva de Atenci\u00f3n Primaria en la Salud (APS), con base en un modelo de salud mental comunitaria<\/strong>, lo cual los posiciona como el coraz\u00f3n del modelo de atenci\u00f3n de la salud mental y las adicciones centrado en la comunidad, fomentando la promoci\u00f3n y prevenci\u00f3n de la salud, asegurando la continuidad de los cuidados de las personas, familias y colectividades con problemas psicosociales y\/o trastornos mentales en cada territorio; con la participaci\u00f3n protag\u00f3nica de la propia comunidad, cambiando su nombre a&nbsp;<strong>Centros Comunitarios de Salud Mental y Adicciones.&nbsp;<\/strong><\/p>\n\n\n\n<p class=\"has-black-color has-text-color\">Los Centros Comunitarios realizan actividades para la&nbsp;<strong>atenci\u00f3n ambulatoria en el primer nivel de salud de personas con trastornos adictivos leves y moderados, pero adem\u00e1s fortalece la atenci\u00f3n de los trastornos mentales prioritarios (Depresi\u00f3n, Ansiedad, Comportamientos de autolesi\u00f3n y suicidio) ,<\/strong>&nbsp;donde el equipo que los conforman ser\u00e1n responsables de dar atenci\u00f3n y seguimiento, adem\u00e1s de promover la recuperaci\u00f3n de las personas con trastornos psiqui\u00e1tricos referidos por el segundo nivel, contribuyendo al fortalecimiento t\u00e9cnico de los establecimientos del primer nivel de atenci\u00f3n y la activaci\u00f3n de la red social y comunitaria del territorio.<\/p>\n\n\n\n<p class=\"has-medium-font-size\"><strong>\u00bfCu\u00e1l es el objetivo de los CECOSAMAS? <\/strong><\/p>\n\n\n\n<p>El objetivo principal de los Centros Comunitarios es ofrecer a la comunidad un modelo de intervenci\u00f3n para l<strong>a atenci\u00f3n del consumo de sustancias y los trastornos prioritarios de salud mental, que contemple desde la prevenci\u00f3n, la promoci\u00f3n de la salud y el tratamiento ambulatorio,<\/strong> basado en los derechos humanos, las determinantes sociales de la salud y el curso de vida, as\u00ed como la adecuada referencia a instituciones m\u00e1s especializadas cuando se requiera.<\/p>\n\n\n\n<figure class=\"wp-block-image aligncenter size-large is-resized\"><img loading=\"lazy\" decoding=\"async\" width=\"1024\" height=\"614\" src=\"https:\/\/www.ssaver.gob.mx\/ceca\/wp-content\/uploads\/sites\/17\/2025\/04\/Recurso-1@4x-1024x614.png\" alt=\"\" class=\"wp-image-1502\" style=\"width:587px;height:auto\" srcset=\"https:\/\/www.ssaver.gob.mx\/ceca\/wp-content\/uploads\/sites\/17\/2025\/04\/Recurso-1@4x-1024x614.png 1024w, https:\/\/www.ssaver.gob.mx\/ceca\/wp-content\/uploads\/sites\/17\/2025\/04\/Recurso-1@4x-300x180.png 300w, https:\/\/www.ssaver.gob.mx\/ceca\/wp-content\/uploads\/sites\/17\/2025\/04\/Recurso-1@4x-768x461.png 768w, https:\/\/www.ssaver.gob.mx\/ceca\/wp-content\/uploads\/sites\/17\/2025\/04\/Recurso-1@4x-1536x921.png 1536w, https:\/\/www.ssaver.gob.mx\/ceca\/wp-content\/uploads\/sites\/17\/2025\/04\/Recurso-1@4x-2048x1228.png 2048w, https:\/\/www.ssaver.gob.mx\/ceca\/wp-content\/uploads\/sites\/17\/2025\/04\/Recurso-1@4x-184x109.png 184w\" sizes=\"auto, (max-width: 1024px) 100vw, 1024px\" \/><\/figure>\n\n\n\n<p class=\"has-medium-font-size\" style=\"font-style:normal;font-weight:700\">\u00bfQu\u00e9 servicios ofrecen las UNEMES &#8211; CECOSAMAS? <\/p>\n\n\n\n<ul class=\"wp-block-list\">\n<li><strong>Prevenci\u00f3n:<\/strong> El objetivo de las acciones preventivas es informar a la poblaci\u00f3n acerca de los efectos, riesgos y consecuencias del uso de sustancias adictivas, de las estrategias para prevenir el consumo, as\u00ed como de los servicios especializados para la atenci\u00f3n de las adicciones y de condiciones de salud mental.<\/li>\n\n\n\n<li><strong>Tratamiento<\/strong>: El objetivo del tratamiento es ayudar a los usuarios de sustancias adictivas y a sus familiares a desarrollar y aplicar estrategias para modificar la conducta de consumo y los problemas derivados.<\/li>\n<\/ul>\n\n\n\n<p>La cartera de servicios contiene el conjunto de servicios que se proporcionan al usuario con el fin de proteger, promover, restaurar y mantener su salud f\u00edsica y mental. Comprende las actividades preventivas, de tratamiento y de rehabilitaci\u00f3n integral a la salud mental y consumo de sustancias.<\/p>\n\n\n\n<p><strong>Atenci\u00f3n en salud mental y consumo de sustancias.<\/strong><\/p>\n\n\n\n<ul class=\"wp-block-list\">\n<li> Detecci\u00f3n temprana<\/li>\n\n\n\n<li>Diagn\u00f3stico integral<\/li>\n\n\n\n<li>Tratamiento<\/li>\n\n\n\n<li>Gestor\u00eda Intercultura<\/li>\n\n\n\n<li>Atenci\u00f3n psicol\u00f3gica<\/li>\n\n\n\n<li>Atenci\u00f3n m\u00e9dica<\/li>\n\n\n\n<li>Intervenciones psicosociales<\/li>\n\n\n\n<li>Intervenci\u00f3n grupal<\/li>\n\n\n\n<li>Intervenci\u00f3n a distancia <\/li>\n\n\n\n<li>Atenci\u00f3n a personas en conflicto con la ley en apoyo al sistema de justicia<\/li>\n\n\n\n<li>Visitas domiciliares<\/li>\n\n\n\n<li>Referencia y contrarreferencia dentro de la Rey Integrada <\/li>\n\n\n\n<li>Rehabilitaci\u00f3n psicosocial <\/li>\n<\/ul>\n\n\n\n<p class=\"has-large-font-size\" style=\"font-style:normal;font-weight:700\">Programas de intervenci\u00f3n <\/p>\n\n\n\n<figure class=\"wp-block-image size-large\"><img loading=\"lazy\" decoding=\"async\" width=\"1024\" height=\"585\" src=\"https:\/\/www.ssaver.gob.mx\/ceca\/wp-content\/uploads\/sites\/17\/2025\/05\/IMAGEN--1024x585.jpg\" alt=\"\" class=\"wp-image-1614\" srcset=\"https:\/\/www.ssaver.gob.mx\/ceca\/wp-content\/uploads\/sites\/17\/2025\/05\/IMAGEN--1024x585.jpg 1024w, https:\/\/www.ssaver.gob.mx\/ceca\/wp-content\/uploads\/sites\/17\/2025\/05\/IMAGEN--300x171.jpg 300w, https:\/\/www.ssaver.gob.mx\/ceca\/wp-content\/uploads\/sites\/17\/2025\/05\/IMAGEN--768x439.jpg 768w, https:\/\/www.ssaver.gob.mx\/ceca\/wp-content\/uploads\/sites\/17\/2025\/05\/IMAGEN--1536x878.jpg 1536w, https:\/\/www.ssaver.gob.mx\/ceca\/wp-content\/uploads\/sites\/17\/2025\/05\/IMAGEN-.jpg 1855w\" sizes=\"auto, (max-width: 1024px) 100vw, 1024px\" \/><\/figure>\n\n\n\n<p><strong>Actividades comunitarias <\/strong><br>Incluye actividades orientadas a la promoci\u00f3n, prevenci\u00f3n y tamizaje, a trav\u00e9s de pl\u00e1ticas y talleres. <\/p>\n\n\n\n<ul class=\"wp-block-list\">\n<li> Promoci\u00f3n y prevenci\u00f3n de la Salud Mental<\/li>\n\n\n\n<li>Aplicaci\u00f3n de Instrumentos de tamizaje<\/li>\n\n\n\n<li>Vinculaci\u00f3n comunitaria a trav\u00e9s de: Clubes de lectura, Clubes por La Paz, Redes Comunitarias<\/li>\n<\/ul>\n\n\n\n<p><strong>Actividades de ense\u00f1anza, capacitaci\u00f3n y promoci\u00f3n de la investigaci\u00f3n <\/strong><br>Otorgar capacitaci\u00f3n continua<\/p>\n\n\n\n<ul class=\"wp-block-list\">\n<li>Vinculaci\u00f3n con instituciones acad\u00e9micas para la promoci\u00f3n de la investigaci\u00f3n <\/li>\n\n\n\n<li>Otorgar capacitaci\u00f3n a monitores<\/li>\n\n\n\n<li>Coordinaci\u00f3n del programa de Servicio social multidisciplinario<\/li>\n<\/ul>\n\n\n\n<figure class=\"wp-block-image aligncenter size-large\"><img loading=\"lazy\" decoding=\"async\" width=\"791\" height=\"1024\" src=\"https:\/\/www.ssaver.gob.mx\/ceca\/wp-content\/uploads\/sites\/17\/2022\/11\/DIRECTORIO-UNEME-CECOSAMAS-2025-791x1024.png\" alt=\"\" class=\"wp-image-1391\" srcset=\"https:\/\/www.ssaver.gob.mx\/ceca\/wp-content\/uploads\/sites\/17\/2022\/11\/DIRECTORIO-UNEME-CECOSAMAS-2025-791x1024.png 791w, https:\/\/www.ssaver.gob.mx\/ceca\/wp-content\/uploads\/sites\/17\/2022\/11\/DIRECTORIO-UNEME-CECOSAMAS-2025-232x300.png 232w, https:\/\/www.ssaver.gob.mx\/ceca\/wp-content\/uploads\/sites\/17\/2022\/11\/DIRECTORIO-UNEME-CECOSAMAS-2025-768x994.png 768w, https:\/\/www.ssaver.gob.mx\/ceca\/wp-content\/uploads\/sites\/17\/2022\/11\/DIRECTORIO-UNEME-CECOSAMAS-2025-1187x1536.png 1187w, https:\/\/www.ssaver.gob.mx\/ceca\/wp-content\/uploads\/sites\/17\/2022\/11\/DIRECTORIO-UNEME-CECOSAMAS-2025-1583x2048.png 1583w\" sizes=\"auto, (max-width: 791px) 100vw, 791px\" \/><\/figure>\n\n\n\n<p><strong>Coordinadora de las Unidades de Especialidades M\u00e9dicas &#8211; Centros Comunitarios de Salud Mental y Adicciones<\/strong><br>Psic. Karla Estefan\u00eda Olmos Aguilar &nbsp;<br>Email: karlaaguilar14.sesver@gmail.com<br>Direcci\u00f3n: Calle Xalape\u00f1os Ilustres No. 3 L-20. Zona Centro; Xalpa, Ver. C.P. 91000<br>Tel: (228) 840-37-17<\/p>\n\n\n\n<p><\/p>\n<\/div>\n<\/div>\n<\/div>\n\n\n\n<div class=\"wp-block-column is-vertically-aligned-top is-layout-flow wp-container-core-column-is-layout-92d440f1 wp-block-column-is-layout-flow\" style=\"padding-top:0;padding-bottom:0;flex-basis:30%\">\n<div class=\"wp-block-columns are-vertically-aligned-top has-background is-layout-flex wp-container-core-columns-is-layout-b5d2ac3b wp-block-columns-is-layout-flex\" style=\"border-radius:26px;background-color:#f4f4ef;margin-top:0;margin-bottom:0;padding-top:0;padding-right:var(--wp--preset--spacing--60);padding-bottom:0;padding-left:var(--wp--preset--spacing--60)\">\n<div class=\"wp-block-column is-vertically-aligned-top is-layout-flow wp-block-column-is-layout-flow\" style=\"border-radius:26px;flex-basis:100%\">\n<p class=\"has-text-align-center has-text-color\" style=\"color:#5b4c0d;margin-top:var(--wp--preset--spacing--20);margin-bottom:var(--wp--preset--spacing--20);font-size:22px\"><strong>Mapas Interactivos<\/strong><\/p>\n\n\n\n<hr class=\"wp-block-separator has-text-color has-alpha-channel-opacity has-background is-style-wide\" style=\"margin-top:var(--wp--preset--spacing--20);margin-bottom:var(--wp--preset--spacing--20);background-color:#d8bf31;color:#d8bf31\" \/>\n\n\n\n<div class=\"wp-block-buttons is-layout-flex wp-container-core-buttons-is-layout-7bbf5824 wp-block-buttons-is-layout-flex\">\n<div class=\"wp-block-button has-custom-width wp-block-button__width-100\"><a class=\"wp-block-button__link has-background wp-element-button\" href=\"https:\/\/www.ssaver.gob.mx\/ceca\/2025\/03\/26\/806\/\" style=\"border-radius:16px;background-color:#560808\" target=\"_blank\" rel=\"noreferrer noopener\"><strong>MAPA DE SUSTANCIAS PSICOACTIVAS<\/strong><\/a><\/div>\n\n\n\n<div class=\"wp-block-button has-custom-width wp-block-button__width-100\"><a class=\"wp-block-button__link has-background wp-element-button\" href=\"https:\/\/incobss.ssaver.gob.mx\/Ceca\/MapaSuicidios\" style=\"border-radius:16px;background-color:#560808\" target=\"_blank\" rel=\"noreferrer noopener\"><strong>MAPA DE SUICIDIOS<\/strong><\/a><\/div>\n<\/div>\n\n\n\n<p class=\"has-text-align-center has-text-color\" style=\"color:#5b4c0d;margin-top:var(--wp--preset--spacing--20);margin-bottom:var(--wp--preset--spacing--20);font-size:22px\"><strong>Enlaces Externos<\/strong><\/p>\n\n\n\n<hr class=\"wp-block-separator has-text-color has-alpha-channel-opacity has-background is-style-wide\" style=\"margin-top:var(--wp--preset--spacing--20);margin-bottom:var(--wp--preset--spacing--20);background-color:#d8bf31;color:#d8bf31\" \/>\n\n\n\n<div class=\"wp-block-columns is-layout-flex wp-container-core-columns-is-layout-33233fb6 wp-block-columns-is-layout-flex\" style=\"margin-top:var(--wp--preset--spacing--20);margin-bottom:var(--wp--preset--spacing--20)\">\n<div class=\"wp-block-column is-layout-flow wp-block-column-is-layout-flow\">\n<ul class=\"wp-block-list\">\n<li class=\"has-text-color has-link-color wp-elements-3ccde5164a8d1e3c7240be75f3df819f\" style=\"color:#7a1737;font-size:17px\"><strong><a href=\"https:\/\/www.gob.mx\/conasama\/documentos\/directorio-nacional-de-unidades-de-especialidades-medicas-uneme-cecosama\" target=\"_blank\" rel=\"noreferrer noopener\">Directorio Nacional de las UNEME-CECOSAMA<\/a><\/strong><\/li>\n\n\n\n<li style=\"font-size:17px\"><strong>Estudios de investigaci\u00f3n<\/strong>\n<ul class=\"wp-block-list\">\n<li class=\"has-text-color has-link-color wp-elements-c86957d926b6e0394d142a604e0bd83b\" style=\"color:#7a1737;font-size:17px\"><strong><a href=\"https:\/\/www.gob.mx\/conasama\/documentos\/estudio-sobre-el-uso-de-cannabis-y-sus-derivados-en-poblacion-mexicana-378886?\" target=\"_blank\" rel=\"noreferrer noopener\">Estudio sobre el uso de Cannabis y sus derivados en poblaci\u00f3n mexicana<\/a><\/strong><\/li>\n<\/ul>\n<\/li>\n\n\n\n<li style=\"font-size:17px\"><strong>Informes T\u00e9cnicos<\/strong>\n<ul class=\"wp-block-list\">\n<li class=\"has-text-color has-link-color wp-elements-e5a58878165d3c7dc4a53fea79eaea16\" style=\"color:#7a1737;font-size:17px\"><strong><a href=\"https:\/\/www.gob.mx\/salud\/conadic\/documentos\/informe-de-la-demanda-y-oferta-de-fentanilo-en-mexico-generalidades-y-situacion-actual\" target=\"_blank\" rel=\"noreferrer noopener\"><\/a><a href=\"https:\/\/www.gob.mx\/conasama\/documentos\/informe-de-la-demanda-y-oferta-de-fentanilo-en-mexico-generalidades-y-situacion-actual-378889?state=published\" target=\"_blank\" rel=\"noreferrer noopener\">Informe de la Demanda y Oferta de Fentanilo en M\u00e9xico: generalidades y situaci\u00f3n actual<\/a><\/strong><\/li>\n\n\n\n<li class=\"has-text-color has-link-color wp-elements-f771c653918665f055b1358295b212a0\" style=\"color:#7a1737;font-size:17px\"><strong><a href=\"https:\/\/www.gob.mx\/salud\/conadic\/documentos\/informe-de-la-demanda-y-oferta-de-fentanilo-en-mexico-generalidades-y-situacion-actual\" target=\"_blank\" rel=\"noreferrer noopener\"><\/a><\/strong><a href=\"https:\/\/www.gob.mx\/conasama\/documentos\/informe-sobre-la-situacion-de-la-salud-mental-y-el-consumo-de-sustancias-en-mexico\" target=\"_blank\" rel=\"noreferrer noopener\"><strong>Informe sobre la Situaci\u00f3n de la salud mental y el consumo de sustancias en M\u00e9xico<\/strong><\/a><\/li>\n<\/ul>\n<\/li>\n\n\n\n<li style=\"font-size:17px\"><strong>Alertas<\/strong>\n<ul class=\"wp-block-list\">\n<li class=\"has-text-color has-link-color wp-elements-49a3eb46eb1a82fbf6870880c3df22a9\" style=\"color:#7a1737;font-size:17px\"><strong><a href=\"https:\/\/www.gob.mx\/conasama\/documentos\/alerta-para-personal-de-salud-y-primeros-respondientes-de-ciudades-fronterizas-de-mexico-378888?state=published\" target=\"_blank\" rel=\"noreferrer noopener\">Alerta para personal de salud y primeros respondientes de ciudades fronterizas de M\u00e9xico<\/a><\/strong><\/li>\n<\/ul>\n<\/li>\n<\/ul>\n<\/div>\n<\/div>\n\n\n\n<hr class=\"wp-block-separator has-text-color has-alpha-channel-opacity has-background is-style-wide\" style=\"margin-top:var(--wp--preset--spacing--40);margin-bottom:var(--wp--preset--spacing--40);background-color:#d8bf31;color:#d8bf31\" \/>\n\n\n\n<ul style=\"margin-top:var(--wp--preset--spacing--20);margin-bottom:var(--wp--preset--spacing--20)\" class=\"wp-block-list\">\n<li class=\"has-text-color has-link-color wp-elements-00905b323a33ded73da15dcd638e3283\" style=\"color:#7a1737;margin-top:var(--wp--preset--spacing--20);margin-bottom:var(--wp--preset--spacing--20);font-size:17px\"><strong><a href=\"https:\/\/www.ssaver.gob.mx\/ceca\/repositorio-de-datos\/\" target=\"_blank\" rel=\"noreferrer noopener\">Repositorio de Datos<\/a><\/strong><\/li>\n<\/ul>\n<\/div>\n<\/div>\n<\/div>\n<\/div>\n<\/div>\n","protected":false},"excerpt":{"rendered":"<p>\u00bfQu\u00e9 son las UNEMES &#8211; CECOSAMAS? Los Centros Comunitarios de Salud Mental y Adicciones (CECOSAMA)&nbsp;son unidades que brindan servicios gratuitos,<\/p>\n","protected":false},"author":63,"featured_media":0,"parent":0,"menu_order":0,"comment_status":"closed","ping_status":"closed","template":"","meta":{"colormag_page_container_layout":"default_layout","colormag_page_sidebar_layout":"default_layout","footnotes":""},"class_list":["post-1374","page","type-page","status-publish","hentry"],"_links":{"self":[{"href":"https:\/\/www.ssaver.gob.mx\/ceca\/wp-json\/wp\/v2\/pages\/1374","targetHints":{"allow":["GET"]}}],"collection":[{"href":"https:\/\/www.ssaver.gob.mx\/ceca\/wp-json\/wp\/v2\/pages"}],"about":[{"href":"https:\/\/www.ssaver.gob.mx\/ceca\/wp-json\/wp\/v2\/types\/page"}],"author":[{"embeddable":true,"href":"https:\/\/www.ssaver.gob.mx\/ceca\/wp-json\/wp\/v2\/users\/63"}],"replies":[{"embeddable":true,"href":"https:\/\/www.ssaver.gob.mx\/ceca\/wp-json\/wp\/v2\/comments?post=1374"}],"version-history":[{"count":21,"href":"https:\/\/www.ssaver.gob.mx\/ceca\/wp-json\/wp\/v2\/pages\/1374\/revisions"}],"predecessor-version":[{"id":2376,"href":"https:\/\/www.ssaver.gob.mx\/ceca\/wp-json\/wp\/v2\/pages\/1374\/revisions\/2376"}],"wp:attachment":[{"href":"https:\/\/www.ssaver.gob.mx\/ceca\/wp-json\/wp\/v2\/media?parent=1374"}],"curies":[{"name":"wp","href":"https:\/\/api.w.org\/{rel}","templated":true}]}}