{"id":316,"date":"2026-02-23T14:06:05","date_gmt":"2026-02-23T20:06:05","guid":{"rendered":"https:\/\/www.ssaver.gob.mx\/cecan\/?page_id=316"},"modified":"2026-02-25T11:20:32","modified_gmt":"2026-02-25T17:20:32","slug":"medicina-nuclear","status":"publish","type":"page","link":"https:\/\/www.ssaver.gob.mx\/cecan\/servicios_ofertados\/catalogo-de-servicios-medicos\/medicina-nuclear\/","title":{"rendered":"Medicina Nuclear"},"content":{"rendered":"\n<div class=\"wp-block-columns is-layout-flex wp-container-core-columns-is-layout-9c22b1e3 wp-block-columns-is-layout-flex\">\n<div class=\"wp-block-column is-layout-flow wp-block-column-is-layout-flow\" style=\"padding-right:0;padding-left:0;flex-basis:15%\"><\/div>\n\n\n\n<div class=\"wp-block-column is-vertically-aligned-stretch is-layout-constrained wp-container-core-column-is-layout-affacae6 wp-block-column-is-layout-constrained\" style=\"padding-right:0;padding-left:0;flex-basis:70%\">\n<div class=\"wp-block-cover wp-elements-f37cd9f8b3e9c3f91d0b3a8f25a7a5bb has-aspect-ratio\" style=\"margin-top:0;margin-bottom:0;padding-top:0;padding-right:0;padding-bottom:0;padding-left:0;aspect-ratio:auto;min-height:unset;\"><img decoding=\"async\" class=\"wp-block-cover__image-background wp-image-5220 size-full\" alt=\"\" src=\"https:\/\/www.ssaver.gob.mx\/tecnologias\/wp-content\/uploads\/sites\/14\/2025\/09\/textura_areas_TI-scaled.png\" style=\"object-position:15% 27%\" data-object-fit=\"cover\" data-object-position=\"15% 27%\" \/><span aria-hidden=\"true\" class=\"wp-block-cover__background has-background-dim-100 has-background-dim\" style=\"background-color:#720f37\"><\/span><div class=\"wp-block-cover__inner-container is-layout-constrained wp-container-core-cover-is-layout-72190d31 wp-block-cover-is-layout-constrained\">\n<p class=\"has-text-align-center\" style=\"font-size:28px\">Medicina Nuclear<\/p>\n<\/div><\/div>\n<\/div>\n\n\n\n<div class=\"wp-block-column is-layout-flow wp-block-column-is-layout-flow\" style=\"padding-right:0;padding-left:0;flex-basis:15%\"><\/div>\n<\/div>\n\n\n\n<div class=\"wp-block-columns is-layout-flex wp-container-core-columns-is-layout-b2864ded wp-block-columns-is-layout-flex\" style=\"margin-top:0;margin-bottom:0;padding-top:0;padding-bottom:0\">\n<div class=\"wp-block-column is-layout-flow wp-block-column-is-layout-flow\" style=\"flex-basis:15%\"><\/div>\n\n\n\n<div class=\"wp-block-column is-vertically-aligned-center has-background is-layout-flow wp-block-column-is-layout-flow\" style=\"background:linear-gradient(180deg,rgb(233,231,225) 57%,rgba(232,230,225,0) 100%);padding-top:var(--wp--preset--spacing--40);padding-right:var(--wp--preset--spacing--70);padding-bottom:var(--wp--preset--spacing--40);padding-left:var(--wp--preset--spacing--70);flex-basis:70%\">\n<figure class=\"wp-block-image size-full is-resized\"><img loading=\"lazy\" decoding=\"async\" width=\"1021\" height=\"644\" src=\"https:\/\/www.ssaver.gob.mx\/cecan\/wp-content\/uploads\/sites\/51\/2026\/02\/image.png\" alt=\"\" class=\"wp-image-325\" style=\"aspect-ratio:1.5853963083604778;width:439px;height:auto\" srcset=\"https:\/\/www.ssaver.gob.mx\/cecan\/wp-content\/uploads\/sites\/51\/2026\/02\/image.png 1021w, https:\/\/www.ssaver.gob.mx\/cecan\/wp-content\/uploads\/sites\/51\/2026\/02\/image-300x189.png 300w, https:\/\/www.ssaver.gob.mx\/cecan\/wp-content\/uploads\/sites\/51\/2026\/02\/image-768x484.png 768w\" sizes=\"auto, (max-width: 1021px) 100vw, 1021px\" \/><\/figure>\n\n\n\n<p><strong>En el Departamento de Medicina Nuclear: <\/strong>Los Servicios de Medicina Nuclear del Centro Estatal de Cancerolog\u00eda (CECAN) es un \u00e1rea especializada en diagn\u00f3stico y tratamiento mediante el uso de radiof\u00e1rmacos, que permiten evaluar la funci\u00f3n de \u00f3rganos y detectar enfermedades a nivel molecular. Brinda atenci\u00f3n principalmente a pacientes oncol\u00f3gicos, as\u00ed como a poblaci\u00f3n pedi\u00e1trica y adultos que requieren estudios funcionales avanzados. Nuestro equipo multidisciplinario trabaja con altos est\u00e1ndares de seguridad radiol\u00f3gica y calidad, contribuyendo a una atenci\u00f3n integral y precisa.<\/p>\n\n\n\n<p><strong>Ofrecemos los Servicios : <\/strong>Estudios Diagn\u00f3sticos:<br>Gammagraf\u00eda con iPSMA (SPECT) \u2013 Diagn\u00f3stico, estadificaci\u00f3n y seguimiento del c\u00e1ncer de pr\u00f3stata.<br>Gammagraf\u00eda para b\u00fasqueda de sangrado de tubo digestivo \u2013 Identificaci\u00f3n de hemorragias activas.<br>Gammagraf\u00eda renal con 99mTc-MAG3 o 99mTc-DTPA \u2013 Evaluaci\u00f3n de la funci\u00f3n renal y del flujo sangu\u00edneo renal.<br>Gammagraf\u00eda renal cortical con 99mTc-DMSA \u2013 An\u00e1lisis de la morfolog\u00eda y viabilidad del par\u00e9nquima renal.<br>Gammagraf\u00eda \u00f3sea con 99mTc-DPD \u2013 Detecci\u00f3n de met\u00e1stasis \u00f3seas, fracturas ocultas y enfermedades metab\u00f3licas \u00f3seas.<br>Gammagraf\u00eda paratiroidea \u2013 Diagn\u00f3stico de adenomas o hiperplasia paratiroidea.<br>Gammagraf\u00eda tiroidea \u2013 Evaluaci\u00f3n funcional y morfol\u00f3gica de la gl\u00e1ndula tiroides.<br>Gammagraf\u00eda hepatobiliar \u2013 An\u00e1lisis de la funci\u00f3n hepatoc\u00edtica y del flujo biliar.<br>Gammagraf\u00eda para b\u00fasqueda de mucosa g\u00e1strica ect\u00f3pica \u2013 Diagn\u00f3stico de divert\u00edculo de Meckel.<br>Rastreo con 131I-MIBG \u2013 Diagn\u00f3stico y seguimiento de tumores neuroendocrinos como feocromocitoma y neuroblastoma.<br>Rastreo tiroideo con 131I (radioyodo) \u2013 Evaluaci\u00f3n postoperatoria y seguimiento en c\u00e1ncer diferenciado de tiroides.<br>Gammagraf\u00eda con ubiquicidina \u2013 Identificaci\u00f3n de procesos infecciosos activos.<br>Gammagraf\u00eda de vaciamiento g\u00e1strico (l\u00edquidos o s\u00f3lidos) \u2013 Evaluaci\u00f3n del tr\u00e1nsito y motilidad g\u00e1strica.<br>Gammagraf\u00eda de gl\u00e1ndulas salivales \u2013 Evaluaci\u00f3n funcional en patolog\u00edas como s\u00edndrome de Sj\u00f6gren.<br>Ventriculograf\u00eda radioisot\u00f3pica de equilibrio (MUGA) \u2013 Valoraci\u00f3n de la funci\u00f3n ventricular izquierda.<br>B\u00fasqueda de ganglio centinela (gammagraf\u00eda linf\u00e1tica) \u2013 Evaluaci\u00f3n prequir\u00fargica del drenaje linf\u00e1tico.<br>Rastreo corporal total con 131I (radioyodo) \u2013 Seguimiento en c\u00e1ncer diferenciado de tiroides y neuroblastoma.<br>Rastreo corporal total con 131I-MIBG \u2013 Seguimiento de pacientes con tumores neuroendocrinos o neuroblastoma.<\/p>\n\n\n\n<p><strong>Requisitos para ser atendido: <\/strong>Presentarse con el siguiente material y documentos:<br>Solicitud original del estudio solicitado.<br>Recibo de tr\u00e1mite contable.<br>1 copia de la tarjeta de citas.<br>2 copias de CURP.<br>1 CD-RW nuevo (NO DVD).<br>1 sobre manila.<br>1 litro de agua natural.<br>2 pa\u00f1ales desechables (solo en caso de pacientes pedi\u00e1tricos o con incontinencia urinaria).<\/p>\n\n\n\n<p>Indicaciones generales para estudios de gammagraf\u00eda<br>Presentarse 15 minutos antes de la hora programada.<br>Se cuenta con una tolerancia m\u00e1xima de 15 minutos; posterior a este tiempo el estudio ser\u00e1 cancelado y deber\u00e1 reprogramarse.<br>Acudir con ropa c\u00f3moda, sin objetos met\u00e1licos y llevar un cambio de ropa.<br>Presentarse con un acompa\u00f1ante mayor de edad; en caso contrario, el estudio no podr\u00e1 realizarse.<br>Evitar agendar otros estudios m\u00e9dicos el mismo d\u00eda.<\/p>\n\n\n\n<p>Dra. Paola Vallejo Armenta, Jefa de servicio de Medicina Nuclear \/ (228) 843 35 94 AL 99 Ext. 5105 o 5110<\/p>\n\n\n\n<p><\/p>\n<\/div>\n\n\n\n<div class=\"wp-block-column is-layout-flow wp-block-column-is-layout-flow\" style=\"flex-basis:15%\"><\/div>\n<\/div>\n\n\n\n<p><\/p>\n","protected":false},"excerpt":{"rendered":"<p>En el Departamento de Medicina Nuclear: Los Servicios de Medicina Nuclear del Centro Estatal de Cancerolog\u00eda (CECAN) es un \u00e1rea<\/p>\n","protected":false},"author":74,"featured_media":0,"parent":243,"menu_order":0,"comment_status":"closed","ping_status":"closed","template":"","meta":{"colormag_page_container_layout":"default_layout","colormag_page_sidebar_layout":"default_layout","footnotes":""},"class_list":["post-316","page","type-page","status-publish","hentry"],"_links":{"self":[{"href":"https:\/\/www.ssaver.gob.mx\/cecan\/wp-json\/wp\/v2\/pages\/316","targetHints":{"allow":["GET"]}}],"collection":[{"href":"https:\/\/www.ssaver.gob.mx\/cecan\/wp-json\/wp\/v2\/pages"}],"about":[{"href":"https:\/\/www.ssaver.gob.mx\/cecan\/wp-json\/wp\/v2\/types\/page"}],"author":[{"embeddable":true,"href":"https:\/\/www.ssaver.gob.mx\/cecan\/wp-json\/wp\/v2\/users\/74"}],"replies":[{"embeddable":true,"href":"https:\/\/www.ssaver.gob.mx\/cecan\/wp-json\/wp\/v2\/comments?post=316"}],"version-history":[{"count":5,"href":"https:\/\/www.ssaver.gob.mx\/cecan\/wp-json\/wp\/v2\/pages\/316\/revisions"}],"predecessor-version":[{"id":329,"href":"https:\/\/www.ssaver.gob.mx\/cecan\/wp-json\/wp\/v2\/pages\/316\/revisions\/329"}],"up":[{"embeddable":true,"href":"https:\/\/www.ssaver.gob.mx\/cecan\/wp-json\/wp\/v2\/pages\/243"}],"wp:attachment":[{"href":"https:\/\/www.ssaver.gob.mx\/cecan\/wp-json\/wp\/v2\/media?parent=316"}],"curies":[{"name":"wp","href":"https:\/\/api.w.org\/{rel}","templated":true}]}}