{"id":275,"date":"2025-11-13T13:03:05","date_gmt":"2025-11-13T19:03:05","guid":{"rendered":"https:\/\/www.ssaver.gob.mx\/centroestatalcontralasadicciones\/?page_id=275"},"modified":"2026-02-10T12:06:19","modified_gmt":"2026-02-10T18:06:19","slug":"cuspide","status":"publish","type":"page","link":"https:\/\/www.ssaver.gob.mx\/centroestatalcontralasadicciones\/","title":{"rendered":"C\u00faspide"},"content":{"rendered":"\n<div class=\"wp-block-cover aligncenter is-light\"><img decoding=\"async\" class=\"wp-block-cover__image-background wp-image-3404 size-full\" alt=\"\" src=\"https:\/\/www.ssaver.gob.mx\/funcionario\/wp-content\/uploads\/sites\/3\/2025\/07\/Textura-varias_page-0003-1.jpg\" data-object-fit=\"cover\"\/><span aria-hidden=\"true\" class=\"wp-block-cover__background has-background-dim\" style=\"background-color:#efedea\"><\/span><div class=\"wp-block-cover__inner-container is-layout-flow wp-block-cover-is-layout-flow\">\n<div class=\"wp-block-columns are-vertically-aligned-center is-layout-flex wp-container-core-columns-is-layout-28f84493 wp-block-columns-is-layout-flex\">\n<div class=\"wp-block-column is-vertically-aligned-center is-layout-flow wp-block-column-is-layout-flow\" style=\"flex-basis:15%\"><\/div>\n\n\n\n<div class=\"wp-block-column is-vertically-aligned-center is-layout-flow wp-block-column-is-layout-flow\" style=\"flex-basis:70%\">\n<div class=\"wp-block-columns is-layout-flex wp-container-core-columns-is-layout-28f84493 wp-block-columns-is-layout-flex\">\n<div class=\"wp-block-column is-layout-flow wp-block-column-is-layout-flow\" style=\"padding-right:0;padding-left:0;flex-basis:100%\">\n<div class=\"wp-block-columns is-layout-flex wp-container-core-columns-is-layout-59e203da wp-block-columns-is-layout-flex\" style=\"padding-right:0;padding-left:0\">\n<div class=\"wp-block-column has-background is-layout-flow wp-block-column-is-layout-flow\" style=\"border-style:none;border-width:0px;border-radius:26px;background-color:#f2f0e5;padding-top:var(--wp--preset--spacing--50);padding-right:var(--wp--preset--spacing--50);padding-bottom:var(--wp--preset--spacing--50);padding-left:var(--wp--preset--spacing--50);flex-basis:100%\">\n<div class=\"wp-block-columns is-layout-flex wp-container-core-columns-is-layout-28f84493 wp-block-columns-is-layout-flex\">\n<div class=\"wp-block-column is-vertically-aligned-center is-layout-flow wp-block-column-is-layout-flow\" style=\"flex-basis:33.33%\">\n<figure class=\"wp-block-image aligncenter size-full is-resized\" style=\"margin-top:var(--wp--preset--spacing--60);margin-bottom:var(--wp--preset--spacing--60)\"><img loading=\"lazy\" decoding=\"async\" width=\"1836\" height=\"1648\" src=\"https:\/\/www.ssaver.gob.mx\/centroestatalcontralasadicciones\/wp-content\/uploads\/sites\/44\/2025\/03\/Nueva-Imagen-Cuspide-01.png\" alt=\"\" class=\"wp-image-195\" style=\"width:279px;height:auto\" srcset=\"https:\/\/www.ssaver.gob.mx\/centroestatalcontralasadicciones\/wp-content\/uploads\/sites\/44\/2025\/03\/Nueva-Imagen-Cuspide-01.png 1836w, https:\/\/www.ssaver.gob.mx\/centroestatalcontralasadicciones\/wp-content\/uploads\/sites\/44\/2025\/03\/Nueva-Imagen-Cuspide-01-300x269.png 300w, https:\/\/www.ssaver.gob.mx\/centroestatalcontralasadicciones\/wp-content\/uploads\/sites\/44\/2025\/03\/Nueva-Imagen-Cuspide-01-1024x919.png 1024w, https:\/\/www.ssaver.gob.mx\/centroestatalcontralasadicciones\/wp-content\/uploads\/sites\/44\/2025\/03\/Nueva-Imagen-Cuspide-01-768x689.png 768w, https:\/\/www.ssaver.gob.mx\/centroestatalcontralasadicciones\/wp-content\/uploads\/sites\/44\/2025\/03\/Nueva-Imagen-Cuspide-01-1536x1379.png 1536w\" sizes=\"auto, (max-width: 1836px) 100vw, 1836px\" \/><\/figure>\n<\/div>\n\n\n\n<div class=\"wp-block-column is-vertically-aligned-center is-layout-flow wp-block-column-is-layout-flow\" style=\"flex-basis:66.66%\">\n<p class=\"has-text-align-center has-text-color has-background has-link-color has-medium-font-size wp-elements-60707b3a83198789d55c695affd83d48\" style=\"border-radius:26px;color:#7a1737;background-color:#f2f0e5\">El <strong><em>Centro Estatal Contra las Adicciones C\u00faspide <\/em><\/strong>tenemos <strong><em>21 a\u00f1os de experiencia<\/em><\/strong>, enfocados en brindar tratamientos, atenci\u00f3n y acompa\u00f1amiento con los m\u00e1s altos niveles de profesionalismo, compromiso y un trato digno para el paciente y su familia. <strong><br>\u00bfNECESITAS AYUDA?  \u00a1TE ACOMPA\u00d1AMOS EN TU PROCESO!<\/strong><br> RECONOCIMIENTO CONADIC <strong>|<\/strong> No. RCEN-VER-001-2022<\/p>\n<\/div>\n<\/div>\n<\/div>\n<\/div>\n<\/div>\n<\/div>\n\n\n\n<div style=\"height:14px\" aria-hidden=\"true\" class=\"wp-block-spacer\"><\/div>\n\n\n\n<hr class=\"wp-block-separator aligncenter has-text-color has-alpha-channel-opacity has-background is-style-wide\" style=\"margin-top:var(--wp--preset--spacing--20);margin-bottom:var(--wp--preset--spacing--20);background-color:#dac195;color:#dac195\"\/>\n\n\n\n<p class=\"has-text-align-center has-text-color has-link-color has-large-font-size wp-elements-22ef81d9e948f505be9e2cb7371e94ea\" style=\"color:#6a1212;margin-top:var(--wp--preset--spacing--20);margin-bottom:var(--wp--preset--spacing--20)\"><strong>SECCIONES<\/strong><\/p>\n\n\n\n<hr class=\"wp-block-separator aligncenter has-text-color has-alpha-channel-opacity has-background is-style-wide\" style=\"margin-top:var(--wp--preset--spacing--20);margin-bottom:var(--wp--preset--spacing--20);background-color:#dac195;color:#dac195\"\/>\n\n\n\n<div class=\"wp-block-columns is-layout-flex wp-container-core-columns-is-layout-28f84493 wp-block-columns-is-layout-flex\">\n<div class=\"wp-block-column is-layout-flow wp-block-column-is-layout-flow\" style=\"flex-basis:33.3%\">\n<a href=\"https:\/\/www.ssaver.gob.mx\/centroestatalcontralasadicciones\/quienes-somos\/\" target=\"_blank\" rel=\"noopener noreferrer\" class=\"banner-container\">\n  <div class=\"banner-left\">\n    <img decoding=\"async\" src=\"https:\/\/www.ssaver.gob.mx\/cecan\/wp-content\/uploads\/sites\/51\/2025\/11\/cecan_icono_2.png\" class=\"base\" alt=\"Bot\u00f3n para abrir sitio CECAN\">\n    <img decoding=\"async\" src=\"https:\/\/www.ssaver.gob.mx\/cecan\/wp-content\/uploads\/sites\/51\/2025\/11\/cecan_icono_1.png\" class=\"hover\" alt=\"\">\n  <\/div>\n  <div class=\"banner-right\">\n    <span style=\"font-size: 16px;font-weight: bold\">QUIENES SOMOS<\/span>\n  <\/div>\n<\/a>\n<\/div>\n\n\n\n<div class=\"wp-block-column is-layout-flow wp-block-column-is-layout-flow\" style=\"flex-basis:33.3%\">\n<a href=\"https:\/\/www.ssaver.gob.mx\/centroestatalcontralasadicciones\/nuestras-instalaciones\/\" target=\"_blank\" rel=\"noopener noreferrer\" class=\"banner-container\">\n  <div class=\"banner-left\">\n    <img decoding=\"async\" src=\"https:\/\/www.ssaver.gob.mx\/cecan\/wp-content\/uploads\/sites\/51\/2025\/11\/s_ofertados_1.png\" class=\"base\" alt=\"Bot\u00f3n para abrir sitio Servicios Ofertados\">\n    <img decoding=\"async\" src=\"https:\/\/www.ssaver.gob.mx\/cecan\/wp-content\/uploads\/sites\/51\/2025\/11\/s_ofertados_2.png\" class=\"hover\" alt=\"\">\n  <\/div>\n  <div class=\"banner-right\">\n    <span style=\"font-size: 16px;font-weight: bold\">NUESTRAS <br>INSTALACIONES<\/span>\n  <\/div>\n<\/a>\n<\/div>\n\n\n\n<div class=\"wp-block-column is-layout-flow wp-block-column-is-layout-flow\" style=\"flex-basis:33.3%\">\n<a href=\"https:\/\/www.ssaver.gob.mx\/ceca\/enlaces-externos\/\" target=\"_blank\" rel=\"noopener noreferrer\" class=\"banner-container\">\n  <div class=\"banner-left\">\n    <img decoding=\"async\" src=\"https:\/\/www.ssaver.gob.mx\/centroestatalcontralasadicciones\/wp-content\/uploads\/sites\/44\/2025\/11\/Enlaces_externos_1.png\" class=\"base\" alt=\"Bot\u00f3n para abrir sitio Enlaces Externos\">\n    <img decoding=\"async\" src=\"https:\/\/www.ssaver.gob.mx\/ceca\/wp-content\/uploads\/sites\/17\/2025\/11\/Enlaces_externos_2.png\" class=\"hover\" alt=\"\">\n  <\/div>\n  <div class=\"banner-right\">\n    <span style=\"font-size: 16px;font-weight: bold\">ENLACES<br>EXTERNOS<\/span>\n  <\/div>\n<\/a>\n<\/div>\n<\/div>\n\n\n\n<div class=\"wp-block-columns is-layout-flex wp-container-core-columns-is-layout-28f84493 wp-block-columns-is-layout-flex\">\n<div class=\"wp-block-column is-layout-flow wp-block-column-is-layout-flow\" style=\"flex-basis:33.3%\">\n<a href=\"https:\/\/www.ssaver.gob.mx\/centroestatalcontralasadicciones\/requisitos-y-costos\/\" target=\"_blank\" rel=\"noopener noreferrer\" class=\"banner-container\">\n  <div class=\"banner-left\">\n    <img decoding=\"async\" src=\"https:\/\/www.ssaver.gob.mx\/cecan\/wp-content\/uploads\/sites\/51\/2025\/11\/d_y_obligaciones_2.png\" class=\"base\" alt=\"Bot\u00f3n para abrir sitio Derechos y Obligaciones\">\n    <img decoding=\"async\" src=\"https:\/\/www.ssaver.gob.mx\/cecan\/wp-content\/uploads\/sites\/51\/2025\/11\/Pagina-5.png\" class=\"hover\" alt=\"\">\n  <\/div>\n  <div class=\"banner-right\">\n    <span style=\"font-size: 16px;font-weight: bold\">REQUISITOS<br>Y COSTOS<\/span>\n  <\/div>\n<\/a>\n<\/div>\n\n\n\n<div class=\"wp-block-column is-layout-flow wp-block-column-is-layout-flow\" style=\"flex-basis:33.3%\">\n<a href=\"https:\/\/www.ssaver.gob.mx\/centroestatalcontralasadicciones\/programa-residencial\/\" target=\"_blank\" rel=\"noopener noreferrer\" class=\"banner-container\">\n  <div class=\"banner-left\">\n    <img decoding=\"async\" src=\"https:\/\/www.ssaver.gob.mx\/cecan\/wp-content\/uploads\/sites\/51\/2025\/11\/transparencia_1.png\" class=\"base\" alt=\"Bot\u00f3n para abrir sitio Transparencia\">\n    <img decoding=\"async\" src=\"https:\/\/www.ssaver.gob.mx\/cecan\/wp-content\/uploads\/sites\/51\/2025\/11\/transparencia_2.png\" class=\"hover\" alt=\"\">\n  <\/div>\n  <div class=\"banner-right\">\n    <span style=\"font-size: 16px;font-weight: bold\">PROGRAMA<br>RESIDENCIAL<\/span>\n  <\/div>\n<\/a>\n<\/div>\n\n\n\n<div class=\"wp-block-column is-layout-flow wp-block-column-is-layout-flow\" style=\"flex-basis:33.3%\">\n<a href=\"https:\/\/www.ssaver.gob.mx\/ceca\/mapas-interactivos\/\" target=\"_blank\" rel=\"noopener noreferrer\" class=\"banner-container\">\n  <div class=\"banner-left\">\n    <img decoding=\"async\" src=\"https:\/\/www.ssaver.gob.mx\/centroestatalcontralasadicciones\/wp-content\/uploads\/sites\/44\/2025\/11\/Mapa_interactivo_1.png\" class=\"base\" alt=\"Bot\u00f3n para abrir sitio Mapas Interactivos\">\n    <img decoding=\"async\" src=\"https:\/\/www.ssaver.gob.mx\/centroestatalcontralasadicciones\/wp-content\/uploads\/sites\/44\/2025\/11\/Mapa_interactivo_2.png\" class=\"hover\" alt=\"\">\n  <\/div>\n  <div class=\"banner-right\">\n    <span style=\"font-size: 16px;font-weight: bold\">MAPAS<br>INTERACTIVOS<\/span>\n  <\/div>\n<\/a>\n<\/div>\n<\/div>\n\n\n\n<div style=\"height:14px\" aria-hidden=\"true\" class=\"wp-block-spacer\"><\/div>\n<\/div>\n\n\n\n<div class=\"wp-block-column is-vertically-aligned-center is-layout-flow wp-block-column-is-layout-flow\" style=\"flex-basis:15%\"><\/div>\n<\/div>\n<\/div><\/div>\n","protected":false},"excerpt":{"rendered":"","protected":false},"author":2,"featured_media":0,"parent":0,"menu_order":0,"comment_status":"closed","ping_status":"closed","template":"","meta":{"colormag_page_container_layout":"default_layout","colormag_page_sidebar_layout":"default_layout","footnotes":""},"class_list":["post-275","page","type-page","status-publish","hentry"],"_links":{"self":[{"href":"https:\/\/www.ssaver.gob.mx\/centroestatalcontralasadicciones\/wp-json\/wp\/v2\/pages\/275","targetHints":{"allow":["GET"]}}],"collection":[{"href":"https:\/\/www.ssaver.gob.mx\/centroestatalcontralasadicciones\/wp-json\/wp\/v2\/pages"}],"about":[{"href":"https:\/\/www.ssaver.gob.mx\/centroestatalcontralasadicciones\/wp-json\/wp\/v2\/types\/page"}],"author":[{"embeddable":true,"href":"https:\/\/www.ssaver.gob.mx\/centroestatalcontralasadicciones\/wp-json\/wp\/v2\/users\/2"}],"replies":[{"embeddable":true,"href":"https:\/\/www.ssaver.gob.mx\/centroestatalcontralasadicciones\/wp-json\/wp\/v2\/comments?post=275"}],"version-history":[{"count":18,"href":"https:\/\/www.ssaver.gob.mx\/centroestatalcontralasadicciones\/wp-json\/wp\/v2\/pages\/275\/revisions"}],"predecessor-version":[{"id":342,"href":"https:\/\/www.ssaver.gob.mx\/centroestatalcontralasadicciones\/wp-json\/wp\/v2\/pages\/275\/revisions\/342"}],"wp:attachment":[{"href":"https:\/\/www.ssaver.gob.mx\/centroestatalcontralasadicciones\/wp-json\/wp\/v2\/media?parent=275"}],"curies":[{"name":"wp","href":"https:\/\/api.w.org\/{rel}","templated":true}]}}