{"id":65,"date":"2025-02-26T11:33:09","date_gmt":"2025-02-26T17:33:09","guid":{"rendered":"https:\/\/www.ssaver.gob.mx\/centroestatalcontralasadicciones\/?page_id=65"},"modified":"2026-03-19T10:58:31","modified_gmt":"2026-03-19T16:58:31","slug":"quienes-somos","status":"publish","type":"page","link":"https:\/\/www.ssaver.gob.mx\/centroestatalcontralasadicciones\/quienes-somos\/","title":{"rendered":"Quienes somos"},"content":{"rendered":"\n<div class=\"wp-block-group is-layout-constrained wp-container-core-group-is-layout-9517baca wp-block-group-is-layout-constrained\">\n<div class=\"wp-block-columns is-layout-flex wp-container-core-columns-is-layout-9c22b1e3 wp-block-columns-is-layout-flex\">\n<div class=\"wp-block-column is-vertically-aligned-stretch is-layout-flow wp-container-core-column-is-layout-c43c6636 wp-block-column-is-layout-flow\" style=\"padding-right:0;padding-left:0;flex-basis:100%\">\n<div class=\"wp-block-cover wp-elements-43cf3dc2267a6f79d9b7720a5ea8d982 has-aspect-ratio\" style=\"margin-top:0;margin-bottom:0;padding-top:0;padding-right:0;padding-bottom:0;padding-left:0;aspect-ratio:auto;min-height:unset;\"><img decoding=\"async\" class=\"wp-block-cover__image-background wp-image-5220 size-full\" alt=\"\" src=\"https:\/\/www.ssaver.gob.mx\/tecnologias\/wp-content\/uploads\/sites\/14\/2025\/09\/textura_areas_TI-scaled.png\" style=\"object-position:15% 27%\" data-object-fit=\"cover\" data-object-position=\"15% 27%\" \/><span aria-hidden=\"true\" class=\"wp-block-cover__background has-background-dim-100 has-background-dim\" style=\"background-color:#720f37\"><\/span><div class=\"wp-block-cover__inner-container is-layout-constrained wp-container-core-cover-is-layout-72190d31 wp-block-cover-is-layout-constrained\">\n<p class=\"has-text-align-center\" style=\"font-size:28px\"><strong>Quienes somos<\/strong><\/p>\n<\/div><\/div>\n<\/div>\n<\/div>\n\n\n\n<div class=\"wp-block-columns is-layout-flex wp-container-core-columns-is-layout-b2864ded wp-block-columns-is-layout-flex\" style=\"margin-top:0;margin-bottom:0;padding-top:0;padding-bottom:0\">\n<div class=\"wp-block-column is-vertically-aligned-center has-background is-layout-flow wp-block-column-is-layout-flow\" style=\"background:linear-gradient(180deg,rgb(233,231,225) 57%,rgba(232,230,225,0) 100%);padding-top:var(--wp--preset--spacing--40);padding-right:var(--wp--preset--spacing--70);padding-bottom:var(--wp--preset--spacing--40);padding-left:var(--wp--preset--spacing--70);flex-basis:100%\">\n<hr class=\"wp-block-separator aligncenter has-text-color has-alpha-channel-opacity has-background is-style-wide\" style=\"background-color:#d8bf31;color:#d8bf31\" \/>\n\n\n\n<p class=\"has-medium-font-size\">\u201cC\u00faspide\u201d, pertenece a los Servicios de Salud de Veracruz del <strong><em>GOBIERNO DEL ESTADO DE VERACRUZ<\/em><\/strong>, es la <strong>PRIMERA <\/strong>instituci\u00f3n de rehabilitaci\u00f3n en materia de adicciones y la <strong><em>\u00daNICA <\/em><\/strong>en el estado, por su infraestructura y modelo de tratamiento.<\/p>\n\n\n\n<p class=\"has-medium-font-size\">Brindamos atenci\u00f3n profesional a personas con consumo de sustancias psicoactivas que desean rehabilitarse, garantizando una atenci\u00f3n personalizada, absoluta discreci\u00f3n y resultados exitosos que les permiten reintegrarse a la sociedad, escuela, trabajo y familia.<\/p>\n\n\n\n<p class=\"has-medium-font-size\">Somos un equipo multidisciplinario e interdisciplinario de profesionales dedicados a proveer las herramientas necesarias para la rehabilitaci\u00f3n. (m\u00e9dico, psiquiatra, psic\u00f3logos, personal de enfermer\u00eda, trabajo social y educaci\u00f3n f\u00edsica).<\/p>\n<\/div>\n<\/div>\n<\/div>\n","protected":false},"excerpt":{"rendered":"<p>\u201cC\u00faspide\u201d, pertenece a los Servicios de Salud de Veracruz del GOBIERNO DEL ESTADO DE VERACRUZ, es la PRIMERA instituci\u00f3n de<\/p>\n","protected":false},"author":3,"featured_media":0,"parent":0,"menu_order":0,"comment_status":"closed","ping_status":"closed","template":"","meta":{"colormag_page_container_layout":"default_layout","colormag_page_sidebar_layout":"default_layout","footnotes":""},"class_list":["post-65","page","type-page","status-publish","hentry"],"_links":{"self":[{"href":"https:\/\/www.ssaver.gob.mx\/centroestatalcontralasadicciones\/wp-json\/wp\/v2\/pages\/65","targetHints":{"allow":["GET"]}}],"collection":[{"href":"https:\/\/www.ssaver.gob.mx\/centroestatalcontralasadicciones\/wp-json\/wp\/v2\/pages"}],"about":[{"href":"https:\/\/www.ssaver.gob.mx\/centroestatalcontralasadicciones\/wp-json\/wp\/v2\/types\/page"}],"author":[{"embeddable":true,"href":"https:\/\/www.ssaver.gob.mx\/centroestatalcontralasadicciones\/wp-json\/wp\/v2\/users\/3"}],"replies":[{"embeddable":true,"href":"https:\/\/www.ssaver.gob.mx\/centroestatalcontralasadicciones\/wp-json\/wp\/v2\/comments?post=65"}],"version-history":[{"count":3,"href":"https:\/\/www.ssaver.gob.mx\/centroestatalcontralasadicciones\/wp-json\/wp\/v2\/pages\/65\/revisions"}],"predecessor-version":[{"id":347,"href":"https:\/\/www.ssaver.gob.mx\/centroestatalcontralasadicciones\/wp-json\/wp\/v2\/pages\/65\/revisions\/347"}],"wp:attachment":[{"href":"https:\/\/www.ssaver.gob.mx\/centroestatalcontralasadicciones\/wp-json\/wp\/v2\/media?parent=65"}],"curies":[{"name":"wp","href":"https:\/\/api.w.org\/{rel}","templated":true}]}}

<div class="wp-block-group is-layout-constrained wp-container-core-group-is-layout-9517baca wp-block-group-is-layout-constrained">
<div class="wp-block-columns is-layout-flex wp-container-core-columns-is-layout-9c22b1e3 wp-block-columns-is-layout-flex">
<div class="wp-block-column is-vertically-aligned-stretch is-layout-flow wp-container-core-column-is-layout-c43c6636 wp-block-column-is-layout-flow" style="padding-right:0;padding-left:0;flex-basis:100%">
<div class="wp-block-cover wp-elements-43cf3dc2267a6f79d9b7720a5ea8d982 has-aspect-ratio" style="margin-top:0;margin-bottom:0;padding-top:0;padding-right:0;padding-bottom:0;padding-left:0;aspect-ratio:auto;min-height:unset;"><img decoding="async" class="wp-block-cover__image-background wp-image-5220 size-full" alt="" src="https://www.ssaver.gob.mx/tecnologias/wp-content/uploads/sites/14/2025/09/textura_areas_TI-scaled.png" style="object-position:15% 27%" data-object-fit="cover" data-object-position="15% 27%" /><span aria-hidden="true" class="wp-block-cover__background has-background-dim-100 has-background-dim" style="background-color:#720f37"></span><div class="wp-block-cover__inner-container is-layout-constrained wp-container-core-cover-is-layout-72190d31 wp-block-cover-is-layout-constrained">
<p class="has-text-align-center" style="font-size:28px"><strong>Quienes somos</strong></p>
</div></div>
</div>
</div>



<div class="wp-block-columns is-layout-flex wp-container-core-columns-is-layout-b2864ded wp-block-columns-is-layout-flex" style="margin-top:0;margin-bottom:0;padding-top:0;padding-bottom:0">
<div class="wp-block-column is-vertically-aligned-center has-background is-layout-flow wp-block-column-is-layout-flow" style="background:linear-gradient(180deg,rgb(233,231,225) 57%,rgba(232,230,225,0) 100%);padding-top:var(--wp--preset--spacing--40);padding-right:var(--wp--preset--spacing--70);padding-bottom:var(--wp--preset--spacing--40);padding-left:var(--wp--preset--spacing--70);flex-basis:100%">
<hr class="wp-block-separator aligncenter has-text-color has-alpha-channel-opacity has-background is-style-wide" style="background-color:#d8bf31;color:#d8bf31" />



<p class="has-medium-font-size">“Cúspide”, pertenece a los Servicios de Salud de Veracruz del <strong><em>GOBIERNO DEL ESTADO DE VERACRUZ</em></strong>, es la <strong>PRIMERA </strong>institución de rehabilitación en materia de adicciones y la <strong><em>ÚNICA </em></strong>en el estado, por su infraestructura y modelo de tratamiento.</p>



<p class="has-medium-font-size">Brindamos atención profesional a personas con consumo de sustancias psicoactivas que desean rehabilitarse, garantizando una atención personalizada, absoluta discreción y resultados exitosos que les permiten reintegrarse a la sociedad, escuela, trabajo y familia.</p>



<p class="has-medium-font-size">Somos un equipo multidisciplinario e interdisciplinario de profesionales dedicados a proveer las herramientas necesarias para la rehabilitación. (médico, psiquiatra, psicólogos, personal de enfermería, trabajo social y educación física).</p>
</div>
</div>
</div>

<p>“Cúspide”, pertenece a los Servicios de Salud de Veracruz del GOBIERNO DEL ESTADO DE VERACRUZ, es la PRIMERA institución de</p>
