{"id":518,"date":"2022-06-23T11:58:00","date_gmt":"2022-06-23T16:58:00","guid":{"rendered":"https:\/\/www.ssaver.gob.mx\/cets\/?page_id=518"},"modified":"2025-11-21T11:55:19","modified_gmt":"2025-11-21T17:55:19","slug":"tipos-de-donacion","status":"publish","type":"page","link":"https:\/\/www.ssaver.gob.mx\/cets\/promocion\/tipos-de-donacion\/","title":{"rendered":"Tipos de donaci\u00f3n"},"content":{"rendered":"\n<div class=\"wp-block-columns is-layout-flex wp-container-core-columns-is-layout-9c22b1e3 wp-block-columns-is-layout-flex\">\n<div class=\"wp-block-column is-layout-flow wp-block-column-is-layout-flow\" style=\"padding-right:0;padding-left:0;flex-basis:15%\"><\/div>\n\n\n\n<div class=\"wp-block-column is-vertically-aligned-stretch is-layout-constrained wp-container-core-column-is-layout-affacae6 wp-block-column-is-layout-constrained\" style=\"padding-right:0;padding-left:0;flex-basis:70%\">\n<div class=\"wp-block-cover wp-elements-287ceb052fc5fbc8602506a14d4d6932 has-aspect-ratio\" style=\"margin-top:0;margin-bottom:0;padding-top:0;padding-right:0;padding-bottom:0;padding-left:0;aspect-ratio:auto;min-height:unset;\"><img decoding=\"async\" class=\"wp-block-cover__image-background wp-image-5220 size-full\" alt=\"\" src=\"https:\/\/www.ssaver.gob.mx\/tecnologias\/wp-content\/uploads\/sites\/14\/2025\/09\/textura_areas_TI-scaled.png\" style=\"object-position:15% 27%\" data-object-fit=\"cover\" data-object-position=\"15% 27%\"\/><span aria-hidden=\"true\" class=\"wp-block-cover__background has-background-dim-100 has-background-dim\" style=\"background-color:#720f37\"><\/span><div class=\"wp-block-cover__inner-container is-layout-constrained wp-container-core-cover-is-layout-72190d31 wp-block-cover-is-layout-constrained\">\n<p class=\"has-text-align-center\" style=\"font-size:28px\"><strong>Tipos de donaci\u00f3n<\/strong><\/p>\n<\/div><\/div>\n<\/div>\n\n\n\n<div class=\"wp-block-column is-layout-flow wp-block-column-is-layout-flow\" style=\"padding-right:0;padding-left:0;flex-basis:15%\"><\/div>\n<\/div>\n\n\n\n<div class=\"wp-block-columns is-layout-flex wp-container-core-columns-is-layout-b2864ded wp-block-columns-is-layout-flex\" style=\"margin-top:0;margin-bottom:0;padding-top:0;padding-bottom:0\">\n<div class=\"wp-block-column is-layout-flow wp-block-column-is-layout-flow\" style=\"flex-basis:15%\"><\/div>\n\n\n\n<div class=\"wp-block-column is-vertically-aligned-center has-background is-layout-flow wp-block-column-is-layout-flow\" style=\"background:linear-gradient(180deg,rgb(233,231,225) 32%,rgba(232,230,225,0) 100%);padding-top:var(--wp--preset--spacing--40);padding-right:var(--wp--preset--spacing--70);padding-bottom:var(--wp--preset--spacing--40);padding-left:var(--wp--preset--spacing--70);flex-basis:70%\">\n<hr class=\"wp-block-separator aligncenter has-text-color has-alpha-channel-opacity has-background is-style-wide\" style=\"margin-top:var(--wp--preset--spacing--20);margin-bottom:var(--wp--preset--spacing--20);background-color:#d6af4d;color:#d6af4d\"\/>\n\n\n\n<div class=\"wp-block-columns is-layout-flex wp-container-core-columns-is-layout-28f84493 wp-block-columns-is-layout-flex\">\n<div class=\"wp-block-column is-layout-flow wp-block-column-is-layout-flow\">\n<p class=\"has-medium-font-size\"><strong>VOLUNTARIO Y ALTRUISTA<\/strong><\/p>\n\n\n\n<hr class=\"wp-block-separator has-text-color has-alpha-channel-opacity has-background is-style-wide\" style=\"background-color:#d8bf31;color:#d8bf31\"\/>\n\n\n\n<p class=\"has-medium-font-size\">Es la persona que proporciona su sangre o componentes sangu\u00edneos sin la intenci\u00f3n de beneficiar a una persona en particular, motivada \u00fanicamente por sentimientos humanitarios y de solidaridad, sin esperar retribuci\u00f3n alguna a cambio y sin que medie una solicitud espec\u00edfica por parte de personal de salud, amigos o familiares. Este tipo de donaci\u00f3n garantiza la seguridad transfusional.<\/p>\n\n\n\n<p class=\"has-medium-font-size\"><strong>FAMILIAR O DE REPOSICI\u00d3N<\/strong><\/p>\n\n\n\n<hr class=\"wp-block-separator has-text-color has-alpha-channel-opacity has-background is-style-wide\" style=\"background-color:#d8bf31;color:#d8bf31\"\/>\n\n\n\n<p class=\"has-medium-font-size\">Persona que proporciona su sangre o componentes sangu\u00edneos a favor de un paciente, en respuesta a una solicitud espec\u00edfica por parte del personal de salud, familiares o amigos del paciente.<\/p>\n<\/div>\n\n\n\n<div class=\"wp-block-column is-layout-flow wp-block-column-is-layout-flow\">\n<p class=\"has-medium-font-size\"><strong>AUT\u00d3LOGA<\/strong><\/p>\n\n\n\n<hr class=\"wp-block-separator has-text-color has-alpha-channel-opacity has-background is-style-wide\" style=\"background-color:#d8bf31;color:#d8bf31\"\/>\n\n\n\n<p class=\"has-medium-font-size\">Es la persona que proporciona sangre para uso exclusivo en s\u00ed misma, cuando se anticipa el requerimiento transfusional y se desarrolla un plan de donaci\u00f3n.<\/p>\n\n\n\n<p class=\"has-medium-font-size\"><strong>DESIGNADO<\/strong><\/p>\n\n\n\n<hr class=\"wp-block-separator has-text-color has-alpha-channel-opacity has-background is-style-wide\" style=\"background-color:#d8bf31;color:#d8bf31\"\/>\n\n\n\n<p class=\"has-medium-font-size\">La persona en la que existe una clara indicaci\u00f3n m\u00e9dica para el uso de su sangre o componentes sangu\u00edneos en un paciente determinado.<\/p>\n\n\n\n<p class=\"has-medium-font-size\"><strong>DIRIGIDO<\/strong><\/p>\n\n\n\n<hr class=\"wp-block-separator has-text-color has-alpha-channel-opacity has-background is-style-wide\" style=\"background-color:#d8bf31;color:#d8bf31\"\/>\n\n\n\n<p class=\"has-medium-font-size\">Es la persona que por su voluntad pretende que su sangre o componentes de \u00e9sta sean utilizados en alg\u00fan paciente determinado.<\/p>\n<\/div>\n<\/div>\n<\/div>\n\n\n\n<div class=\"wp-block-column is-layout-flow wp-block-column-is-layout-flow\" style=\"flex-basis:15%\"><\/div>\n<\/div>\n","protected":false},"excerpt":{"rendered":"<p>VOLUNTARIO Y ALTRUISTA Es la persona que proporciona su sangre o componentes sangu\u00edneos sin la intenci\u00f3n de beneficiar a una<\/p>\n","protected":false},"author":2,"featured_media":0,"parent":516,"menu_order":1,"comment_status":"closed","ping_status":"closed","template":"","meta":{"colormag_page_container_layout":"default_layout","colormag_page_sidebar_layout":"default_layout","footnotes":""},"class_list":["post-518","page","type-page","status-publish","hentry"],"_links":{"self":[{"href":"https:\/\/www.ssaver.gob.mx\/cets\/wp-json\/wp\/v2\/pages\/518","targetHints":{"allow":["GET"]}}],"collection":[{"href":"https:\/\/www.ssaver.gob.mx\/cets\/wp-json\/wp\/v2\/pages"}],"about":[{"href":"https:\/\/www.ssaver.gob.mx\/cets\/wp-json\/wp\/v2\/types\/page"}],"author":[{"embeddable":true,"href":"https:\/\/www.ssaver.gob.mx\/cets\/wp-json\/wp\/v2\/users\/2"}],"replies":[{"embeddable":true,"href":"https:\/\/www.ssaver.gob.mx\/cets\/wp-json\/wp\/v2\/comments?post=518"}],"version-history":[{"count":4,"href":"https:\/\/www.ssaver.gob.mx\/cets\/wp-json\/wp\/v2\/pages\/518\/revisions"}],"predecessor-version":[{"id":1647,"href":"https:\/\/www.ssaver.gob.mx\/cets\/wp-json\/wp\/v2\/pages\/518\/revisions\/1647"}],"up":[{"embeddable":true,"href":"https:\/\/www.ssaver.gob.mx\/cets\/wp-json\/wp\/v2\/pages\/516"}],"wp:attachment":[{"href":"https:\/\/www.ssaver.gob.mx\/cets\/wp-json\/wp\/v2\/media?parent=518"}],"curies":[{"name":"wp","href":"https:\/\/api.w.org\/{rel}","templated":true}]}}