{"id":477,"date":"2022-06-17T13:06:52","date_gmt":"2022-06-17T18:06:52","guid":{"rendered":"https:\/\/www.ssaver.gob.mx\/contabilidad\/?page_id=477"},"modified":"2026-04-07T18:45:43","modified_gmt":"2026-04-08T00:45:43","slug":"oficina-de-glosa","status":"publish","type":"page","link":"https:\/\/www.ssaver.gob.mx\/contabilidad\/oficina-de-glosa\/","title":{"rendered":"Oficina de Glosa"},"content":{"rendered":"\n<div class=\"wp-block-columns is-layout-flex wp-container-core-columns-is-layout-28f84493 wp-block-columns-is-layout-flex\">\n<div class=\"wp-block-column is-layout-flow wp-block-column-is-layout-flow\" style=\"flex-basis:20%\"><\/div>\n\n\n\n<div class=\"wp-block-column is-layout-flow wp-block-column-is-layout-flow\" style=\"flex-basis:60%\">\n<p class=\"has-text-align-center has-text-color has-background has-large-font-size\" style=\"color:#7a6f44;background-color:#dedad0\">Oficina de Glosa<\/p>\n\n\n\n<div class=\"wp-block-columns is-layout-flex wp-container-core-columns-is-layout-28f84493 wp-block-columns-is-layout-flex\">\n<div class=\"wp-block-column is-layout-flow wp-block-column-is-layout-flow\">\n<p class=\"has-text-align-center has-white-color has-text-color has-background has-medium-font-size\" style=\"background-color:#9d861e\"><strong>UNIDADES APLICATIVAS<\/strong><\/p>\n\n\n\n<ul style=\"color:#916904\" class=\"wp-block-list has-text-color has-medium-font-size\">\n<li style=\"font-size:26px\"><a href=\"https:\/\/www.ssaver.gob.mx\/contabilidad\/wp-content\/uploads\/sites\/6\/2024\/02\/U.A._01_OFICIO_5315_CIRCULAR_1973_INSTRUCTIVO_PARA_EL_MANEJO_DE_FONDO_REVOLVENTE_AGOSTO_2019.pdf\" target=\"_blank\" rel=\"noreferrer noopener\">Oficio 5315 Circular 1973 Instructivo para el manejo de fondo revolvente.<\/a><\/li>\n\n\n\n<li style=\"font-size:26px\"><a href=\"https:\/\/www.ssaver.gob.mx\/contabilidad\/wp-content\/uploads\/sites\/6\/2024\/02\/U.A._02_INSTRUCTIVO_PARA_EL_MANEJO_DE_FONDO_REVOLVENTE_AGOSTO_2019.pdf\" target=\"_blank\" rel=\"noreferrer noopener\">Instructivo para el manejo de fondo revolvente.<\/a><\/li>\n\n\n\n<li style=\"font-size:26px\"><a href=\"https:\/\/www.ssaver.gob.mx\/contabilidad\/wp-content\/uploads\/sites\/6\/2024\/02\/U.A._03_LINEAMIENTOS_PARA_LA_SOLICITUD_USO_Y_COMPROBACION_DE_RECURSOS_DEL_FONDO_DE_CAJA_CHICA_2022.pdf\" target=\"_blank\" rel=\"noreferrer noopener\">Lineamientos para la solicitud, uso y comprobaci\u00f3n de recursos del fondo de caja chica 2022.<\/a><\/li>\n\n\n\n<li style=\"font-size:26px\"><a href=\"https:\/\/www.ssaver.gob.mx\/contabilidad\/wp-content\/uploads\/sites\/6\/2025\/10\/OFICIO-NO.-SESVER.DA_.-7887.2025-CIRCULAR-NO.-SESVER.DA_.-1614.2025-LINEAMIENTOS-PARA-VIATICOS-Y-PASAJES-DIR-ADMVA.pdf\">Oficio NO. SESVER.DA. 7887.2025 CIRCULAR NO. SESVER.DA. 1614.2025 Lineamientos para Vi\u00e1ticos y Pasajes<\/a><\/li>\n\n\n\n<li style=\"font-size:26px\"><a href=\"https:\/\/www.ssaver.gob.mx\/contabilidad\/wp-content\/uploads\/sites\/6\/2025\/10\/LINEAMIENTOS-ESPECIFICOS-PARA-LA-ASIGNACION-DE-COMISIONES-DE-TRABAJO-TRAMITE-Y-CONTROL-DE-VIATICOS-Y-PASAJES-EN-EL-OPD-SERVICIOS-DE-SALUD-DE-VERACRUZ.pdf\">Lineamientos Espec\u00edficos para la Asignaci\u00f3n de Comisiones de Trabajo, Tr\u00e1mite y Control de Vi\u00e1ticos y Pasajes en el Organismo P\u00fablico Descentralizado Servicios de Salud de Veracruz<\/a><\/li>\n\n\n\n<li style=\"font-size:26px\"><a href=\"https:\/\/www.ssaver.gob.mx\/contabilidad\/wp-content\/uploads\/sites\/6\/2026\/04\/OFICIO-NO.-SESVER-DA-1744-2026.pdf\">Oficio No. SESVER\/DA\/1744\/2026<\/a><\/li>\n<\/ul>\n<\/div>\n\n\n\n<div class=\"wp-block-column is-layout-flow wp-block-column-is-layout-flow\">\n<p class=\"has-text-align-center has-white-color has-text-color has-background has-medium-font-size\" style=\"background-color:#9d861e\"><strong>UNIDADES ADMINISTRATIVAS<\/strong><\/p>\n\n\n\n<ul style=\"color:#916904\" class=\"wp-block-list has-text-color has-medium-font-size\">\n<li style=\"font-size:26px\"><a href=\"https:\/\/www.ssaver.gob.mx\/contabilidad\/wp-content\/uploads\/sites\/6\/2025\/06\/OFICIO-SESVER.DA_.-4666.2025-CIRCULAR-SESVER.DA_.-0965.2025-LINEAMIENTOS-PARA-FONDOS-REVOLVENTE-SUJETOS-A-COMPROBAR-Y-PAGO-DIRECTO-A-PROVEEDORES.pdf\" target=\"_blank\" rel=\"noreferrer noopener\">Oficio No. SESVER. DA. 4666.2025 Circular 0965.2025 Lineamientos para Fondos Revolventes Sujetos a Comprobar y Pago directo a Proveedores.<\/a><\/li>\n\n\n\n<li style=\"font-size:26px\"><a href=\"https:\/\/www.ssaver.gob.mx\/contabilidad\/wp-content\/uploads\/sites\/6\/2025\/06\/LINEAMIENTOS-ESPECIFICOS-PARA-LA-SOLICITUD-Y-COMPROBACION-DE-LOS-FONDOS-REVOLVENTES-SUJETOS-A-COMPROBAR-Y-PAGO-DIRECTO-A-PROVEEDORES.pdf\" target=\"_blank\" rel=\"noreferrer noopener\">Lineamientos espec\u00edficos para la solicitud y comprobaci\u00f3n de los fondos revolventes, sujetos a comprobar y pago directo a proveedores.<\/a><\/li>\n\n\n\n<li style=\"font-size:26px\"><a href=\"https:\/\/www.ssaver.gob.mx\/contabilidad\/wp-content\/uploads\/sites\/6\/2025\/10\/OFICIO-NO.-SESVER.DA_.-7887.2025-CIRCULAR-NO.-SESVER.DA_.-1614.2025-LINEAMIENTOS-PARA-VIATICOS-Y-PASAJES-DIR-ADMVA.pdf\">Oficio NO. SESVER.DA. 7887.2025 CIRCULAR NO. SESVER.DA. 1614.2025 Lineamientos para Vi\u00e1ticos y Pasajes<\/a><\/li>\n\n\n\n<li style=\"font-size:26px\"><a href=\"https:\/\/www.ssaver.gob.mx\/contabilidad\/wp-content\/uploads\/sites\/6\/2025\/10\/LINEAMIENTOS-ESPECIFICOS-PARA-LA-ASIGNACION-DE-COMISIONES-DE-TRABAJO-TRAMITE-Y-CONTROL-DE-VIATICOS-Y-PASAJES-EN-EL-OPD-SERVICIOS-DE-SALUD-DE-VERACRUZ.pdf\" target=\"_blank\" rel=\"noreferrer noopener\">Lineamientos Espec\u00edficos para la Asignaci\u00f3n de Comisiones de Trabajo, Tr\u00e1mite y Control de Vi\u00e1ticos y Pasajes en el Organismo P\u00fablico Descentralizado Servicios de Salud de Veracruz<\/a><\/li>\n\n\n\n<li style=\"font-size:26px\"><a href=\"https:\/\/www.ssaver.gob.mx\/contabilidad\/wp-content\/uploads\/sites\/6\/2026\/04\/CIRCULAR-SESVER-DA-0382-2026-OFICIO-SESVER-DA-1418-2026.pdf\" target=\"_blank\" rel=\"noreferrer noopener\">Circular No. SESVER\/DA\/0382\/2026 Oficio No. SESVER\/DA\/1418\/2026<\/a><\/li>\n\n\n\n<li style=\"font-size:26px\"><a href=\"https:\/\/www.ssaver.gob.mx\/contabilidad\/wp-content\/uploads\/sites\/6\/2026\/04\/PLIEGO-DE-COMISION-2026.xlsx\" target=\"_blank\" rel=\"noreferrer noopener\">Pliego de Comisi\u00f3n 2026<\/a><\/li>\n<\/ul>\n<\/div>\n<\/div>\n<\/div>\n\n\n\n<div class=\"wp-block-column is-layout-flow wp-block-column-is-layout-flow\" style=\"flex-basis:20%\"><\/div>\n<\/div>\n","protected":false},"excerpt":{"rendered":"<p>Oficina de Glosa UNIDADES APLICATIVAS UNIDADES ADMINISTRATIVAS<\/p>\n","protected":false},"author":3,"featured_media":0,"parent":0,"menu_order":7,"comment_status":"closed","ping_status":"closed","template":"","meta":{"colormag_page_container_layout":"default_layout","colormag_page_sidebar_layout":"default_layout","footnotes":""},"class_list":["post-477","page","type-page","status-publish","hentry"],"_links":{"self":[{"href":"https:\/\/www.ssaver.gob.mx\/contabilidad\/wp-json\/wp\/v2\/pages\/477","targetHints":{"allow":["GET"]}}],"collection":[{"href":"https:\/\/www.ssaver.gob.mx\/contabilidad\/wp-json\/wp\/v2\/pages"}],"about":[{"href":"https:\/\/www.ssaver.gob.mx\/contabilidad\/wp-json\/wp\/v2\/types\/page"}],"author":[{"embeddable":true,"href":"https:\/\/www.ssaver.gob.mx\/contabilidad\/wp-json\/wp\/v2\/users\/3"}],"replies":[{"embeddable":true,"href":"https:\/\/www.ssaver.gob.mx\/contabilidad\/wp-json\/wp\/v2\/comments?post=477"}],"version-history":[{"count":40,"href":"https:\/\/www.ssaver.gob.mx\/contabilidad\/wp-json\/wp\/v2\/pages\/477\/revisions"}],"predecessor-version":[{"id":1337,"href":"https:\/\/www.ssaver.gob.mx\/contabilidad\/wp-json\/wp\/v2\/pages\/477\/revisions\/1337"}],"wp:attachment":[{"href":"https:\/\/www.ssaver.gob.mx\/contabilidad\/wp-json\/wp\/v2\/media?parent=477"}],"curies":[{"name":"wp","href":"https:\/\/api.w.org\/{rel}","templated":true}]}}