{"id":551,"date":"2022-07-11T12:54:12","date_gmt":"2022-07-11T17:54:12","guid":{"rendered":"https:\/\/www.ssaver.gob.mx\/direccionjuridica\/?page_id=551"},"modified":"2026-03-25T12:14:46","modified_gmt":"2026-03-25T18:14:46","slug":"leyes-estatales","status":"publish","type":"page","link":"https:\/\/www.ssaver.gob.mx\/direccionjuridica\/normatividad-estatal\/leyes-estatales\/","title":{"rendered":"Leyes Estatales"},"content":{"rendered":"\n<hr class=\"wp-block-separator has-text-color has-alpha-channel-opacity has-background is-style-wide\" style=\"background-color:#d8bf31;color:#d8bf31\" \/>\n\n\n\n<div class=\"wp-block-group is-layout-constrained wp-container-core-group-is-layout-2ba5b490 wp-block-group-is-layout-constrained\">\n<div class=\"wp-block-columns is-layout-flex wp-container-core-columns-is-layout-28f84493 wp-block-columns-is-layout-flex\">\n<div class=\"wp-block-column is-layout-flow wp-block-column-is-layout-flow\">\n<div class=\"wp-block-cover has-aspect-ratio\" style=\"margin-top:0;margin-bottom:0;padding-top:0;padding-bottom:0;aspect-ratio:auto;min-height:unset;\"><img decoding=\"async\" class=\"wp-block-cover__image-background wp-image-3976 size-full\" alt=\"\" src=\"https:\/\/www.ssaver.gob.mx\/funcionario\/wp-content\/uploads\/sites\/3\/2025\/10\/micrositios_encabezado_textura_-scaled.png\" data-object-fit=\"cover\" \/><span aria-hidden=\"true\" class=\"wp-block-cover__background has-background-dim-100 has-background-dim\" style=\"background-color:#720f37\"><\/span><div class=\"wp-block-cover__inner-container is-layout-constrained wp-block-cover-is-layout-constrained\">\n<p class=\"has-text-align-center\" style=\"font-size:28px\"><strong>Leyes Estatales<\/strong><\/p>\n<\/div><\/div>\n<\/div>\n<\/div>\n\n\n\n<div class=\"wp-block-columns has-background is-layout-flex wp-container-core-columns-is-layout-28f84493 wp-block-columns-is-layout-flex\" style=\"background:linear-gradient(180deg,rgb(233,231,225) 56%,rgba(232,230,225,0) 100%)\">\n<div class=\"wp-block-column is-layout-flow wp-block-column-is-layout-flow\">\n<ul class=\"wp-block-list has-medium-font-size\">\n<li class=\"has-text-color has-link-color wp-elements-9e75abf4fd0682744111c1a1601172c0\" style=\"color:#7a1737\"><strong><a href=\"https:\/\/www.legisver.gob.mx\/leyes\/LeyesPDF\/LAMVLVIOLENCIA07032025.pdf\" data-type=\"link\" data-id=\"https:\/\/legisver.gob.mx\/leyes\/LeyesPDF\/LAMVLV15112021F2.pdf\">Ley de Acceso de las Mujeres a una Vida Libre de Violencia para el Estado de Veracruz<\/a><\/strong><\/li>\n\n\n\n<li class=\"has-text-color has-link-color wp-elements-d3a47b196279974de6a0fe9d9564e7da\" style=\"color:#7a1737\"><a href=\"https:\/\/www.legisver.gob.mx\/leyes\/LeyesPDF\/LEYDEADQUISICIONES04022025.pdf\" data-type=\"link\" data-id=\"https:\/\/www.legisver.gob.mx\/leyes\/LeyesPDF\/LAAAEBMEV291118.pdf\"><strong>Ley de Adquisiciones, Arrendamientos, Administraci\u00f3n y Enajenaci\u00f3n de Bienes Muebles del Estado de Veracruz<\/strong><\/a><\/li>\n\n\n\n<li class=\"has-text-color has-link-color wp-elements-f921cff932c0de6b9fae1ee47c5a94ac\" style=\"color:#7a1737\"><strong><a href=\"https:\/\/www.legisver.gob.mx\/leyes\/LeyesPDF\/LMIGRANTES051018.pdf\" data-type=\"link\" data-id=\"https:\/\/www.legisver.gob.mx\/leyes\/LeyesPDF\/LMIGRANTES051018.pdf\">Ley de Atenci\u00f3n a Personas Migrantes y sus Familias para el Estado de Veracruz<\/a><\/strong><\/li>\n\n\n\n<li class=\"has-text-color has-link-color wp-elements-729e4ee1e1e2b36a70e34c16da6ec98d\" style=\"color:#7a1737\"><strong><a href=\"https:\/\/www.legisver.gob.mx\/leyes\/LeyesPDF\/LAUSTERIDAD28012025CC1.pdf\">Ley de Austeridad para el Estado de Veracruz de Ignacio de la Llave<\/a><\/strong><\/li>\n\n\n\n<li class=\"has-text-color has-link-color wp-elements-6212dd23646843dbcca2e7cbae332400\" style=\"color:#7a1737\"><a href=\"https:\/\/www.legisver.gob.mx\/leyes\/LeyesPDF\/BIENES130411.pdf\"><strong>Ley de Bienes del Estado<\/strong><\/a><\/li>\n\n\n\n<li class=\"has-text-color has-link-color wp-elements-fc8a311f028cdc960d462e1991b5ca0a\" style=\"color:#7a1737\"><strong><a href=\"https:\/\/www.legisver.gob.mx\/leyes\/LeyesPDF\/LCOORDINACIONFISCAL26122024.pdf\">Ley de Coordinaci\u00f3n Fiscal para el Estado y los Municipios de Veracruz<\/a><\/strong><\/li>\n\n\n\n<li class=\"has-text-color has-link-color wp-elements-44ada0ea7c4375f12f7f2519c7116bb2\" style=\"color:#7a1737\"><strong><a href=\"https:\/\/www.legisver.gob.mx\/leyes\/LeyesPDF\/LDIJ10092020.pdf\">Ley de Desarrollo Integral de la Juventud<\/a><\/strong><\/li>\n\n\n\n<li class=\"has-text-color has-link-color wp-elements-da1a29183a9b72fc6de10ee21b8affe0\" style=\"color:#7a1737\"><strong><a href=\"https:\/\/www.legisver.gob.mx\/leyes\/LeyesPDF\/LeyDocAdmvosEHist.pdf\">Ley de Documentos Administrativos e Hist\u00f3ricos del Estado de Veracruz<\/a><\/strong><\/li>\n\n\n\n<li class=\"has-text-color has-link-color wp-elements-609bd812b1a735c51c71c030da7f2293\" style=\"color:#7a1737\"><strong><a href=\"https:\/\/www.legisver.gob.mx\/leyes\/LeyesPDF\/LEYDEFISCALIZACIONSUPERIOR29042025.pdf\">Ley de Fiscalizaci\u00f3n Superior y Rendici\u00f3n de Cuentas del Estado de Veracruz<\/a><\/strong><\/li>\n\n\n\n<li class=\"has-text-color has-link-color wp-elements-493153f8f51cf5a03e227fc2250dc638\" style=\"color:#7a1737\"><a href=\"https:\/\/www.legisver.gob.mx\/leyes\/LeyesPDF\/LEYDEINGRESOS2025.pdf\"><strong>Ley de Ingresos para el Ejercicio Fiscal 2025<\/strong><\/a><\/li>\n\n\n\n<li class=\"has-text-color has-link-color wp-elements-47c5c2175bd8d8456cfbb8dac96daaba\" style=\"color:#7a1737\"><strong><a href=\"https:\/\/www.legisver.gob.mx\/leyes\/LeyesPDF\/LCEDH26012021.pdf\">Ley de la Comisi\u00f3n Estatal de Derechos Humanos para el Estado de Veracruz<\/a><\/strong><\/li>\n\n\n\n<li class=\"has-text-color has-link-color wp-elements-7b90f360dd01b8c9971c08805d0f4f0e\" style=\"color:#7a1737\"><strong><a href=\"https:\/\/www.legisver.gob.mx\/leyes\/LeyesPDF\/GACETA29-08-07.pdf\">Ley de la Gaceta Oficial del Gobierno del Estado de Veracruz<\/a><\/strong><\/li>\n\n\n\n<li class=\"has-text-color has-link-color wp-elements-64e198a4c008615ba931eb2fe12584ee\" style=\"color:#7a1737\"><strong><a href=\"https:\/\/www.legisver.gob.mx\/leyes\/LeyesPDF\/LDPMEV12062020.pdf\">Ley de los Derechos de las Personas Mayores para el Estado de Veracruz<\/a><\/strong><\/li>\n\n\n\n<li class=\"has-text-color has-link-color wp-elements-91d67a80dd4e1c74dbe314c403643372\" style=\"color:#7a1737\"><strong><a href=\"https:\/\/www.legisver.gob.mx\/leyes\/LeyesPDF\/LDNNA07032025F.pdf\">Ley de los Derechos de Ni\u00f1as, Ni\u00f1os y Adolescentes para el Estado de Veracruz<\/a><\/strong><\/li>\n\n\n\n<li class=\"has-text-color has-link-color wp-elements-7b76d94b1e1e2e229eb4151c2242b6a8\" style=\"color:#7a1737\"><strong><a href=\"https:\/\/www.legisver.gob.mx\/leyes\/LeyesPDF\/LMREVFE120819.pdf\">Ley de Mejora Regulatoria para el Estado de Veracruz<\/a><\/strong><\/li>\n\n\n\n<li class=\"has-text-color has-link-color wp-elements-120edc09e38222459d1a9674a9c43428\" style=\"color:#7a1737\"><strong><a href=\"http:\/\/LEYDEOBRASPUBLICASYSERVICIOSRELACIONADOSCONELLAS14082025\">Ley de Obras P\u00fablicas y Servicios Relacionados con Ellas del Estado de Veracruz<\/a><\/strong><\/li>\n\n\n\n<li class=\"has-text-color has-link-color wp-elements-970d2277d1cbb87bd9554c2e89431f20\" style=\"color:#7a1737\"><strong><a href=\"https:\/\/www.legisver.gob.mx\/leyes\/LeyesPDF\/LPLANEACION281218.pdf\">Ley de Planeaci\u00f3n del Estado de Veracruz de Ignacio de la Llave<\/a><\/strong><\/li>\n\n\n\n<li class=\"has-text-color has-link-color wp-elements-0df72a7d635899b2f66ecbf285361cb0\" style=\"color:#7a1737\"><strong><a href=\"https:\/\/www.legisver.gob.mx\/leyes\/LeyesPDF\/LPREMIOS27022020.pdf\">Ley de Premios del Estado de Veracruz<\/a><\/strong><\/li>\n\n\n\n<li class=\"has-text-color has-link-color wp-elements-ac74f094ba8b6a014a304575c220470b\" style=\"color:#7a1737\"><a href=\"https:\/\/www.legisver.gob.mx\/leyes\/LeyesPDF\/LPAAVFVTO01082024.pdf\" data-type=\"link\" data-id=\"https:\/\/www.legisver.gob.mx\/leyes\/LeyesPDF\/LAPVF23092020.pdf\"><strong>Ley de Prevenci\u00f3n, Atenci\u00f3n y Asistencia de la Violencia Familiar en el Estado de Veracruz<\/strong><\/a><\/li>\n\n\n\n<li class=\"has-text-color has-link-color wp-elements-c074dfd5fef55b57ce9a17214c29ddcc\" style=\"color:#7a1737\"><strong><a href=\"https:\/\/www.legisver.gob.mx\/leyes\/LeyesPDF\/LEY%20DE%20PREVENCI%c3%93N%20SOCIAL%20DE%20LA%20VIOLENCIA%2004-03-2021%20FE.pdf\">Ley de Prevenci\u00f3n Social de la Violencia y la Delincuencia del Estado de Veracruz<\/a><\/strong><\/li>\n\n\n\n<li class=\"has-text-color has-link-color wp-elements-ba14a909ff58bc7db8453fb4afc705a8\" style=\"color:#7a1737\"><strong><a href=\"https:\/\/www.legisver.gob.mx\/leyes\/LeyesPDF\/LEY_DE_PROTECCION_CIVIL_Y_LA_REDUCCION_DE_RIESGOS_DE_DESASTRES_15-10-2025.pdf\">Ley de Protecci\u00f3n Civil y la Reducci\u00f3n de Riesgo de Desastres<\/a><\/strong><\/li>\n\n\n\n<li class=\"has-text-color has-link-color wp-elements-75e010304ba974052bccd2cfaaf66c0f\" style=\"color:#7a1737\"><strong><a href=\"https:\/\/www.legisver.gob.mx\/leyes\/LeyesPDF\/LPROTECCI%C3%93NDATOSPERSONALESTO30062025.pdf\">Ley de Protecci\u00f3n de Datos Personales en posesi\u00f3n de los sujetos obligados para el Estado<\/a><\/strong><\/li>\n\n\n\n<li class=\"has-text-color has-link-color wp-elements-47c9230ffbc06d017af5fc48f82f9984\" style=\"color:#7a1737\"><strong><a href=\"https:\/\/www.legisver.gob.mx\/leyes\/LeyesPDF\/RESPONSABILIDADPATRIMONIAL20122022.pdf\">Ley de Responsabilidad Patrimonial de la Administraci\u00f3n P\u00fablica Estatal y Municipal<\/a><\/strong><\/li>\n\n\n\n<li class=\"has-text-color has-link-color wp-elements-c05468fdef8ad15430fcbfe20862d052\" style=\"color:#7a1737\"><strong><a href=\"https:\/\/www.legisver.gob.mx\/leyes\/LeyesPDF\/LRADMINISTRATIVAS20122022.pdf\">Ley de Responsabilidades Administrativas para el Estado de Veracruz<\/a><\/strong><\/li>\n\n\n\n<li class=\"has-text-color has-link-color wp-elements-aa0ba759a1239ca64b427d2d6e9c5445\" style=\"color:#7a1737\"><strong><a href=\"https:\/\/www.legisver.gob.mx\/leyes\/LeyesPDF\/LSALUD04022020F2.pdf\">Ley de Salud del Estado de Veracruz de Ignacio de la Llave<\/a><\/strong><\/li>\n\n\n\n<li class=\"has-text-color has-link-color wp-elements-82a78086e82445eac41129e55ed4b6ac\" style=\"color:#7a1737\"><strong><a href=\"https:\/\/www.legisver.gob.mx\/leyes\/LeyesPDF\/LTRANSPARENCIATO30062025.pdf\" target=\"_blank\" rel=\"noreferrer noopener\">Ley de Transparencia y Acceso a la Informaci\u00f3n P\u00fablica para el Estado de Veracruz<\/a><\/strong><\/li>\n\n\n\n<li class=\"has-text-color has-link-color wp-elements-06ab4c2730bd8c520792d5c915d7eae6\" style=\"color:#7a1737\"><strong><a href=\"https:\/\/www.legisver.gob.mx\/leyes\/LeyesPDF\/LEY%20DE%20VOLUNTAD%20ANTICIPADA%20PARA%20EL%20ESTADO%20DE%20VERACRUZ%20DE%20IGNACIO%20DE%20LA%20LLAVE%2020-11-18.pdf\">Ley de Voluntad Anticipada para el Estado de Veracruz<\/a><\/strong><\/li>\n\n\n\n<li class=\"has-text-color has-link-color wp-elements-2d5bd26a0bd961cf79f4463bd4e88928\" style=\"color:#7a1737\"><strong><a href=\"https:\/\/www.legisver.gob.mx\/leyes\/LeyesPDF\/LRPP230508.pdf\">Ley del Registro P\u00fablico de la Propiedad para el Estado<\/a><\/strong><\/li>\n\n\n\n<li class=\"has-text-color has-link-color wp-elements-54a2867eb63dc39e92167b6c3d61fafc\" style=\"color:#7a1737\"><strong><a href=\"https:\/\/www.legisver.gob.mx\/leyes\/LeyesPDF\/LSEANTICORRUPCION20122022.pdf\">Ley del Sistema Estatal Anticorrupci\u00f3n<\/a><\/strong><\/li>\n\n\n\n<li class=\"has-text-color has-link-color wp-elements-38926d48f04644853e9d4a8b52767999\" style=\"color:#7a1737\"><strong><a href=\"https:\/\/www.legisver.gob.mx\/leyes\/LeyesPDF\/LEYORGANICADELPODEREJECUTIVO07112025F.pdf\" target=\"_blank\" rel=\"noreferrer noopener\">Ley Org\u00e1nica del Poder Ejecutivo del Estado de Veracruz<\/a><\/strong><\/li>\n\n\n\n<li class=\"has-text-color has-link-color wp-elements-01c0547ba0fe9d43630aa563d535dbc0\" style=\"color:#7a1737\"><strong><a href=\"https:\/\/www.legisver.gob.mx\/leyes\/LeyesPDF\/LOPJUDICIAL29012025FE.pdf\">Ley Org\u00e1nica del Poder Judicial del Estado de Veracruz<\/a><\/strong><\/li>\n\n\n\n<li class=\"has-text-color has-link-color wp-elements-fb653819a2a5b3892bc36a3f3ef38d5b\" style=\"color:#7a1737\"><strong><a href=\"https:\/\/www.legisver.gob.mx\/leyes\/LeyesPDF\/LOTJUSTICIAADMINISTRATIVAEVERA19072023.pdf\">Ley Org\u00e1nica del Tribunal de Justicia Administrativa del Estado de Veracruz<\/a><\/strong><\/li>\n\n\n\n<li class=\"has-text-color has-link-color wp-elements-0b78c824834e631714a1ad760160f345\" style=\"color:#7a1737\"><strong><a href=\"https:\/\/www.legisver.gob.mx\/leyes\/LeyesPDF\/ALBERGUES240912.pdf\">Ley para el funcionamiento y operaci\u00f3n de Albergues, Centros Asistenciales y sus similares del Estado de Veracruz<\/a><\/strong><\/li>\n\n\n\n<li class=\"has-text-color has-link-color wp-elements-e694a54b7ecf3f444101eec687748c77\" style=\"color:#7a1737\"><strong><a href=\"https:\/\/www.legisver.gob.mx\/leyes\/LeyesPDF\/LVIH181217.pdf\">Ley para enfrentar la epidemia VIH-SIDA en el Estado de Veracruz<\/a><\/strong><\/li>\n\n\n\n<li class=\"has-text-color has-link-color wp-elements-aee63518de067ba7cb34b505c8099f03\" style=\"color:#7a1737\"><strong><a href=\"https:\/\/www.legisver.gob.mx\/leyes\/LeyesPDF\/LAUTISTA200818.pdf\">Ley para la Atenci\u00f3n, Intervenci\u00f3n, Protecci\u00f3n e Inclusi\u00f3n de las Personas con Trastorno del Espectro Autista para el Estado de Veracruz<\/a><\/strong><\/li>\n\n\n\n<li class=\"has-text-color has-link-color wp-elements-63e1831d1b6ecd249b07b505421821a7\" style=\"color:#7a1737\"><strong><a href=\"https:\/\/www.legisver.gob.mx\/leyes\/LeyesPDF\/LDEA30062020.pdf\">Ley para la Declaratoria Especial de Ausencia por Desaparici\u00f3n de Personas para el Estado de Veracruz<\/a><\/strong><\/li>\n\n\n\n<li class=\"has-text-color has-link-color wp-elements-6f7b8ad042dc094db889864252accb92\" style=\"color:#7a1737\"><strong><a href=\"https:\/\/www.legisver.gob.mx\/leyes\/LeyesPDF\/LENTRERECEP161017.pdf\">Ley para la Entrega y Recepci\u00f3n del Poder Ejecutivo y la Administraci\u00f3n P\u00fablica Municipal<\/a><\/strong><\/li>\n\n\n\n<li class=\"has-text-color has-link-color wp-elements-13d2b8040c96963e1ca95f242da8c313\" style=\"color:#7a1737\"><strong><a href=\"https:\/\/www.legisver.gob.mx\/leyes\/LeyesPDF\/LIMH10092020.pdf\">Ley para la Igualdad entre Mujeres y Hombres para el Estado de Veracruz<\/a><\/strong><\/li>\n\n\n\n<li class=\"has-text-color has-link-color wp-elements-d45cc08bb309890643c1a5e99b4b7cbb\" style=\"color:#7a1737\"><strong><a href=\"https:\/\/www.legisver.gob.mx\/leyes\/LeyesPDF\/LIPDISCAPACIDAD08062023.pdf\">Ley para la integraci\u00f3n de las personas con discapacidad del Estado de Veracruz<\/a><\/strong><\/li>\n\n\n\n<li class=\"has-text-color has-link-color wp-elements-ff4e49abe7de114255d5ff946cbe6e56\" style=\"color:#7a1737\"><strong><a href=\"https:\/\/www.legisver.gob.mx\/leyes\/LeyesPDF\/CANMAMA190116.pdf\">Ley para la Prevenci\u00f3n y Atenci\u00f3n del C\u00e1ncer de Mama del Estado de Veracruz<\/a><\/strong><\/li>\n\n\n\n<li class=\"has-text-color has-link-color wp-elements-ca702178b9062315d42620b734d80d91\" style=\"color:#7a1737\"><strong><a href=\"https:\/\/www.legisver.gob.mx\/leyes\/LeyesPDF\/LPCDENGUE04022020.pdf\">Ley para la Prevenci\u00f3n y Control del Dengue para el Estado de Veracruz<\/a><\/strong><\/li>\n\n\n\n<li class=\"has-text-color has-link-color wp-elements-994fe9e353d89c3a6058ad18775e45ba\" style=\"color:#7a1737\"><strong><a href=\"https:\/\/www.legisver.gob.mx\/leyes\/LeyesPDF\/LPNOFUMADORES04022020.pdf\">Ley para la Protecci\u00f3n de los No Fumadores del Estado de Veracruz<\/a><\/strong><\/li>\n\n\n\n<li class=\"has-text-color has-link-color wp-elements-d1321190cfa20f0ea85950076467b49a\" style=\"color:#7a1737\"><strong><a href=\"https:\/\/www.legisver.gob.mx\/leyes\/LeyesPDF\/TRATAPERSONAS090513.pdf\">Ley para Prevenir, Sancionar y Erradicar los Delitos en Materia de Trata de Personas y para la Protecci\u00f3n y Asistencia a las V\u00edctimas de estos Delitos del Estado de Veracruz<\/a><\/strong><\/li>\n\n\n\n<li class=\"has-text-color has-link-color wp-elements-9295dcdaec0c392ce96f3fd472485223\" style=\"color:#7a1737\"><strong><a href=\"https:\/\/www.legisver.gob.mx\/leyes\/LeyesPDF\/LPEDE160818.pdf\">Ley para prevenir y eliminar la Discriminaci\u00f3n en el Estado de Veracruz<\/a><\/strong><\/li>\n\n\n\n<li class=\"has-text-color has-link-color wp-elements-8f9a34ee8907f46392826581df951361\" style=\"color:#7a1737\"><strong><a href=\"https:\/\/www.legisver.gob.mx\/leyes\/LeyesPDF\/LeyCreaOrgPubDesc.pdf\">Ley que Crea el Organismo P\u00fablico Descentralizado Servicios de Salud de Veracruz<\/a><\/strong><\/li>\n\n\n\n<li class=\"has-text-color has-link-color wp-elements-5f874acea3a60f99b86c89de9e6689bf\" style=\"color:#7a1737\"><strong><a href=\"https:\/\/www.legisver.gob.mx\/leyes\/LeyesPDF\/LSSEAS230818.pdf\">Ley sobre el Sistema Estatal de Asistencia Social<\/a><\/strong><\/li>\n\n\n\n<li class=\"has-text-color has-link-color wp-elements-5ea8f59f489b55a99d47a6f18228071c\" style=\"color:#7a1737\"><strong><a href=\"https:\/\/www.legisver.gob.mx\/leyes\/LeyesPDF\/LRCONSTRUCCIONESPP16082021.pdf\">Ley que Regula las Construcciones P\u00fablicas y Privadas del Estado de Veracruz de Ignacio de la Llave<\/a><\/strong><a rel=\"noreferrer noopener\" href=\"https:\/\/www.legisver.gob.mx\/leyes\/LeyesPDF\/CONSTITUCION18112021.pdf\" target=\"_blank\"><\/a><\/li>\n\n\n\n<li class=\"has-text-color has-link-color wp-elements-bdf82109a7fe2916e1481b4a753b3a28\" style=\"color:#7a1737\"><a href=\"https:\/\/www.ssaver.gob.mx\/direccionjuridica\/wp-content\/uploads\/sites\/19\/2025\/12\/LEY-NUMERO-276-DE-INGRESOS-DEL-GOBIERNO-DEL-ESTADO-DE-VERACRUZ.pdf\"><strong>Ley N\u00famero 276 de Ingresos del Gobierno del Estado de Veracruz<\/strong><\/a><a href=\"https:\/\/www.legisver.gob.mx\/leyes\/LeyesPDF\/CONSTITUCION18112021.pdf\" target=\"_blank\" rel=\"noreferrer noopener\"><\/a><\/li>\n<\/ul>\n<\/div>\n<\/div>\n<\/div>\n","protected":false},"excerpt":{"rendered":"","protected":false},"author":2,"featured_media":0,"parent":531,"menu_order":6,"comment_status":"closed","ping_status":"closed","template":"","meta":{"colormag_page_container_layout":"default_layout","colormag_page_sidebar_layout":"default_layout","footnotes":""},"class_list":["post-551","page","type-page","status-publish","hentry"],"_links":{"self":[{"href":"https:\/\/www.ssaver.gob.mx\/direccionjuridica\/wp-json\/wp\/v2\/pages\/551","targetHints":{"allow":["GET"]}}],"collection":[{"href":"https:\/\/www.ssaver.gob.mx\/direccionjuridica\/wp-json\/wp\/v2\/pages"}],"about":[{"href":"https:\/\/www.ssaver.gob.mx\/direccionjuridica\/wp-json\/wp\/v2\/types\/page"}],"author":[{"embeddable":true,"href":"https:\/\/www.ssaver.gob.mx\/direccionjuridica\/wp-json\/wp\/v2\/users\/2"}],"replies":[{"embeddable":true,"href":"https:\/\/www.ssaver.gob.mx\/direccionjuridica\/wp-json\/wp\/v2\/comments?post=551"}],"version-history":[{"count":69,"href":"https:\/\/www.ssaver.gob.mx\/direccionjuridica\/wp-json\/wp\/v2\/pages\/551\/revisions"}],"predecessor-version":[{"id":1701,"href":"https:\/\/www.ssaver.gob.mx\/direccionjuridica\/wp-json\/wp\/v2\/pages\/551\/revisions\/1701"}],"up":[{"embeddable":true,"href":"https:\/\/www.ssaver.gob.mx\/direccionjuridica\/wp-json\/wp\/v2\/pages\/531"}],"wp:attachment":[{"href":"https:\/\/www.ssaver.gob.mx\/direccionjuridica\/wp-json\/wp\/v2\/media?parent=551"}],"curies":[{"name":"wp","href":"https:\/\/api.w.org\/{rel}","templated":true}]}}