{"id":555,"date":"2022-07-11T12:59:18","date_gmt":"2022-07-11T17:59:18","guid":{"rendered":"https:\/\/www.ssaver.gob.mx\/direccionjuridica\/?page_id=555"},"modified":"2026-03-31T12:37:16","modified_gmt":"2026-03-31T18:37:16","slug":"codigos-estatales","status":"publish","type":"page","link":"https:\/\/www.ssaver.gob.mx\/direccionjuridica\/normatividad-estatal\/codigos-estatales\/","title":{"rendered":"C\u00f3digos Estatales"},"content":{"rendered":"\n<hr class=\"wp-block-separator has-text-color has-alpha-channel-opacity has-background is-style-wide\" style=\"background-color:#d8bf31;color:#d8bf31\" \/>\n\n\n\n<div class=\"wp-block-group is-layout-constrained wp-container-core-group-is-layout-2ba5b490 wp-block-group-is-layout-constrained\">\n<div class=\"wp-block-columns is-layout-flex wp-container-core-columns-is-layout-28f84493 wp-block-columns-is-layout-flex\">\n<div class=\"wp-block-column is-layout-flow wp-block-column-is-layout-flow\">\n<div class=\"wp-block-cover has-aspect-ratio\" style=\"margin-top:0;margin-bottom:0;padding-top:0;padding-bottom:0;aspect-ratio:auto;min-height:unset;\"><img decoding=\"async\" class=\"wp-block-cover__image-background wp-image-3976 size-full\" alt=\"\" src=\"https:\/\/www.ssaver.gob.mx\/funcionario\/wp-content\/uploads\/sites\/3\/2025\/10\/micrositios_encabezado_textura_-scaled.png\" data-object-fit=\"cover\" \/><span aria-hidden=\"true\" class=\"wp-block-cover__background has-background-dim-100 has-background-dim\" style=\"background-color:#720f37\"><\/span><div class=\"wp-block-cover__inner-container is-layout-constrained wp-block-cover-is-layout-constrained\">\n<p class=\"has-text-align-center\" style=\"font-size:28px\"><strong>C\u00f3digos Estatales<\/strong><\/p>\n<\/div><\/div>\n<\/div>\n<\/div>\n\n\n\n<div class=\"wp-block-columns has-background is-layout-flex wp-container-core-columns-is-layout-28f84493 wp-block-columns-is-layout-flex\" style=\"background:linear-gradient(180deg,rgb(233,231,225) 51%,rgba(232,230,225,0) 100%)\">\n<div class=\"wp-block-column is-layout-flow wp-block-column-is-layout-flow\" style=\"flex-basis:100%\">\n<ul class=\"wp-block-list has-medium-font-size\">\n<li class=\"has-text-color has-link-color wp-elements-fb6929b74c383f156e3836c32fff0659\" style=\"color:#7a1737\"><strong><a href=\"https:\/\/www.legisver.gob.mx\/leyes\/LeyesPDF\/CCIVIL08102025SCJN.pdf\">C\u00f3digo Civil para el Estado de Veracruz de Ignacio de la Llave<\/a><\/strong><\/li>\n\n\n\n<li class=\"has-text-color has-link-color wp-elements-d00d20c83d1017cd7fc6c08a182e780d\" style=\"color:#7a1737\"><strong><a href=\"https:\/\/www.legisver.gob.mx\/leyes\/LeyesPDF\/CPROCEDIMIENTOSCIVILES03072020F.pdf\">C\u00f3digo de Procedimientos Civiles para el Estado de Veracruz de Ignacio de la Llave<\/a><\/strong><\/li>\n\n\n\n<li class=\"has-text-color has-link-color wp-elements-ff64788f82bbf909fdd1cd96af8f1fc7\" style=\"color:#7a1737\"><strong><a href=\"https:\/\/www.legisver.gob.mx\/leyes\/LeyesPDF\/CPENAL31102025.pdf\">C\u00f3digo Penal para el Estado de Veracruz de Ignacio de la Llave<\/a><\/strong><\/li>\n\n\n\n<li class=\"has-text-color has-link-color wp-elements-0d32b34a1e07dacb1c85807c19afa27a\" style=\"color:#7a1737\"><strong><a href=\"https:\/\/www.legisver.gob.mx\/leyes\/LeyesPDF\/CPPENALES574180714.pdf\">C\u00f3digo de Procedimientos Penales para el Estado Libre y Soberano de Veracruz de Ignacio de la Llave<\/a><\/strong><\/li>\n\n\n\n<li class=\"has-text-color has-link-color wp-elements-0c06d48633a7ec79ece1c6ec4bae5d57\" style=\"color:#7a1737\"><strong><a href=\"https:\/\/www.legisver.gob.mx\/leyes\/LeyesPDF\/CPADMINISTRATIVOS04022025.pdf\">C\u00f3digo de Procedimientos Administrativos para el Estado de Veracruz de Ignacio de la Llave<\/a><\/strong><\/li>\n\n\n\n<li class=\"has-text-color has-link-color wp-elements-f3cb85425539471cc2c9c02d05f8135a\" style=\"color:#7a1737\"><strong><a href=\"https:\/\/www.legisver.gob.mx\/leyes\/LeyesPDF\/CDERECHOS09052025.pdf\">C\u00f3digo de Derechos para el Estado de Veracruz<\/a><\/strong><\/li>\n\n\n\n<li class=\"has-text-color has-link-color wp-elements-33f18d3d24ba0794015c61b6eadea693\" style=\"color:#7a1737\"><strong><a href=\"https:\/\/www.legisver.gob.mx\/leyes\/LeyesPDF\/CODIGOFINANCIEROPARAELEDODEVERACRUZ14082025.pdf\">C\u00f3digo Financiero para el Estado de Veracruz de Ignacio de la Llave<\/a><\/strong><\/li>\n\n\n\n<li class=\"has-text-color has-link-color wp-elements-f3acac424d71d0bf5f62a2ce145b5c4f\" style=\"color:#7a1737\"><strong><a href=\"https:\/\/www.ssaver.gob.mx\/direccionjuridica\/wp-content\/uploads\/sites\/19\/2025\/11\/Gac2025-456-Viernes-14-TOMO-II-Ext.pdf\">C\u00f3digo de \u00c9tica de los Servidores P\u00fablicos del Poder Ejecutivo del Estado de Veracruz<\/a><\/strong><\/li>\n\n\n\n<li class=\"has-text-color has-link-color wp-elements-2ad107b02eea6b05198334e0394ebb19\" style=\"color:#7a1737\"><strong><a href=\"https:\/\/www.ssaver.gob.mx\/direccionjuridica\/wp-content\/uploads\/sites\/19\/2026\/03\/Gac2026-118-Martes-24-TOMO-I-Ext.pdf\">C\u00f3digo de Conducta de la Secretar\u00eda de Salud y Servicios de Salud de Veracruz<\/a><\/strong><\/li>\n<\/ul>\n\n\n\n<div data-wp-interactive=\"core\/file\" class=\"wp-block-file\"><object data-wp-bind--hidden=\"!state.hasPdfPreview\" hidden class=\"wp-block-file__embed\" data=\"https:\/\/www.ssaver.gob.mx\/direccionjuridica\/wp-content\/uploads\/sites\/19\/2025\/11\/Gac2025-456-Viernes-14-TOMO-II-Ext.pdf\" type=\"application\/pdf\" style=\"width:100%;height:600px\" aria-label=\"Incrustado de Gac2025-456 Viernes 14 TOMO II Ext.\"><\/object><a id=\"wp-block-file--media-d9f2f4b8-951a-4a6d-81f1-28e738189f09\" href=\"https:\/\/www.ssaver.gob.mx\/direccionjuridica\/wp-content\/uploads\/sites\/19\/2025\/11\/Gac2025-456-Viernes-14-TOMO-II-Ext.pdf\">Gac2025-456 Viernes 14 TOMO II Ext<\/a><a href=\"https:\/\/www.ssaver.gob.mx\/direccionjuridica\/wp-content\/uploads\/sites\/19\/2025\/11\/Gac2025-456-Viernes-14-TOMO-II-Ext.pdf\" class=\"wp-block-file__button wp-element-button\" download aria-describedby=\"wp-block-file--media-d9f2f4b8-951a-4a6d-81f1-28e738189f09\">Descarga<\/a><\/div>\n<\/div>\n<\/div>\n<\/div>\n","protected":false},"excerpt":{"rendered":"","protected":false},"author":2,"featured_media":0,"parent":531,"menu_order":2,"comment_status":"closed","ping_status":"closed","template":"","meta":{"colormag_page_container_layout":"default_layout","colormag_page_sidebar_layout":"default_layout","footnotes":""},"class_list":["post-555","page","type-page","status-publish","hentry"],"_links":{"self":[{"href":"https:\/\/www.ssaver.gob.mx\/direccionjuridica\/wp-json\/wp\/v2\/pages\/555","targetHints":{"allow":["GET"]}}],"collection":[{"href":"https:\/\/www.ssaver.gob.mx\/direccionjuridica\/wp-json\/wp\/v2\/pages"}],"about":[{"href":"https:\/\/www.ssaver.gob.mx\/direccionjuridica\/wp-json\/wp\/v2\/types\/page"}],"author":[{"embeddable":true,"href":"https:\/\/www.ssaver.gob.mx\/direccionjuridica\/wp-json\/wp\/v2\/users\/2"}],"replies":[{"embeddable":true,"href":"https:\/\/www.ssaver.gob.mx\/direccionjuridica\/wp-json\/wp\/v2\/comments?post=555"}],"version-history":[{"count":38,"href":"https:\/\/www.ssaver.gob.mx\/direccionjuridica\/wp-json\/wp\/v2\/pages\/555\/revisions"}],"predecessor-version":[{"id":1713,"href":"https:\/\/www.ssaver.gob.mx\/direccionjuridica\/wp-json\/wp\/v2\/pages\/555\/revisions\/1713"}],"up":[{"embeddable":true,"href":"https:\/\/www.ssaver.gob.mx\/direccionjuridica\/wp-json\/wp\/v2\/pages\/531"}],"wp:attachment":[{"href":"https:\/\/www.ssaver.gob.mx\/direccionjuridica\/wp-json\/wp\/v2\/media?parent=555"}],"curies":[{"name":"wp","href":"https:\/\/api.w.org\/{rel}","templated":true}]}}