{"id":1272,"date":"2025-11-27T17:58:59","date_gmt":"2025-11-27T23:58:59","guid":{"rendered":"https:\/\/www.ssaver.gob.mx\/enfermeria\/?page_id=1272"},"modified":"2026-04-06T10:07:04","modified_gmt":"2026-04-06T16:07:04","slug":"1272-2","status":"publish","type":"page","link":"https:\/\/www.ssaver.gob.mx\/enfermeria\/1272-2\/","title":{"rendered":""},"content":{"rendered":"\n<div class=\"wp-block-group is-layout-constrained wp-container-core-group-is-layout-9517baca wp-block-group-is-layout-constrained\">\n<div class=\"wp-block-columns is-layout-flex wp-container-core-columns-is-layout-9c22b1e3 wp-block-columns-is-layout-flex\">\n<div class=\"wp-block-column is-vertically-aligned-stretch is-layout-flow wp-container-core-column-is-layout-c43c6636 wp-block-column-is-layout-flow\" style=\"padding-right:0;padding-left:0;flex-basis:100%\">\n<div class=\"wp-block-cover wp-elements-eab7289655c1b7d0430dcc77b36d57e3 has-aspect-ratio\" style=\"margin-top:0;margin-bottom:0;padding-top:0;padding-right:0;padding-bottom:0;padding-left:0;aspect-ratio:auto;min-height:unset;\"><img decoding=\"async\" class=\"wp-block-cover__image-background wp-image-5220 size-full\" alt=\"\" src=\"https:\/\/www.ssaver.gob.mx\/tecnologias\/wp-content\/uploads\/sites\/14\/2025\/09\/textura_areas_TI-scaled.png\" style=\"object-position:15% 27%\" data-object-fit=\"cover\" data-object-position=\"15% 27%\" \/><span aria-hidden=\"true\" class=\"wp-block-cover__background has-background-dim-100 has-background-dim\" style=\"background-color:#720f37\"><\/span><div class=\"wp-block-cover__inner-container is-layout-constrained wp-container-core-cover-is-layout-72190d31 wp-block-cover-is-layout-constrained\">\n<p class=\"has-text-align-center has-colormag-color-6-color has-text-color has-link-color wp-elements-592877078afc721ac392b7ecdca7af11\" style=\"font-size:28px\"><strong>Texto<\/strong><\/p>\n<\/div><\/div>\n<\/div>\n<\/div>\n\n\n\n<div class=\"wp-block-columns is-layout-flex wp-container-core-columns-is-layout-b2864ded wp-block-columns-is-layout-flex\" style=\"margin-top:0;margin-bottom:0;padding-top:0;padding-bottom:0\">\n<div class=\"wp-block-column is-vertically-aligned-center has-background is-layout-flow wp-block-column-is-layout-flow\" style=\"background:linear-gradient(180deg,rgb(233,231,225) 32%,rgba(232,230,225,0) 100%);padding-top:var(--wp--preset--spacing--40);padding-right:var(--wp--preset--spacing--70);padding-bottom:var(--wp--preset--spacing--40);padding-left:var(--wp--preset--spacing--70);flex-basis:99.5%\">\n<hr class=\"wp-block-separator has-text-color has-alpha-channel-opacity has-background is-style-wide\" style=\"background-color:#dac195;color:#dac195\" \/>\n\n\n\n<h2 class=\"wp-block-heading has-text-color has-link-color has-large-font-size wp-elements-a8dd12c3cd14a83e621497f056c2475a\" style=\"color:#7a1737\"><strong>D\u00cdA MUNDIAL DEL PREMATURO<\/strong><\/h2>\n\n\n\n<hr class=\"wp-block-separator has-text-color has-alpha-channel-opacity has-background is-style-wide\" style=\"background-color:#dac195;color:#dac195\" \/>\n\n\n\n<p class=\"has-medium-font-size\" style=\"font-style:italic;font-weight:600\"><em>18 DE NOVIEMBRE DEL 2025<\/em><\/p>\n\n\n\n<p class=\"has-medium-font-size\">En el marco del D\u00eda Mundial del Prematuro, el Hospital Regional de Xalapa Dr. Luis F. Nach\u00f3n realiz\u00f3 un evento en conmemoraci\u00f3n de esta fecha.<\/p>\n\n\n\n<p class=\"has-medium-font-size\">Se present\u00f3 la conferencia magistral \u00abIntervenciones de Enfermer\u00eda en el neurodesarrollo de la persona reci\u00e9n nacida\u00bb a cargo del Enfermero Especialista Neonatal Luis \u00c1ngel Garc\u00eda Cortez, adscrito a dicha unidad.<\/p>\n\n\n\n<p class=\"has-medium-font-size\">La organizaci\u00f3n estuvo a cargo de la M.A.S.S. Eslith Darey Ju\u00e1rez Villalba, Jefa de Enfermer\u00eda de la unidad y de la Dra. Ana Patricia Altamirano Aburto, Jefa del Servicio de Pediatr\u00eda; contando con la validaci\u00f3n y apoyo del Director M\u00e9dico, el Dr. Antonio V\u00e1squez Garc\u00eda.<\/p>\n\n\n\n<p class=\"has-medium-font-size\">As\u00ed mismo, se realiz\u00f3 la entrega de reconocimientos al personal m\u00e9dico y de enfermer\u00eda que ha estado en las \u00e1reas neonatales.<br>Agradecemos al personal de enfermer\u00eda de \u00e1rea operativa y de supervisi\u00f3n por la entrega que d\u00eda a d\u00eda realizan para que las personas reci\u00e9n nacidas prematuras puedan tener un mejor comienzo.<\/p>\n\n\n\n<p class=\"has-large-font-size\"><strong>\u00a1El poder de la enfermer\u00eda para cambiar al mundo!<\/strong><br><strong>CIE<\/strong><\/p>\n\n\n\n<p class=\"has-large-font-size\"><\/p>\n\n\n\n<figure class=\"wp-block-gallery has-nested-images columns-default is-cropped wp-block-gallery-1 is-layout-flex wp-block-gallery-is-layout-flex\">\n<figure class=\"wp-block-image size-large\"><img loading=\"lazy\" decoding=\"async\" width=\"768\" height=\"1024\" data-id=\"1280\" src=\"https:\/\/www.ssaver.gob.mx\/enfermeria\/wp-content\/uploads\/sites\/31\/2025\/11\/e876b02d-ec02-4333-9459-afc192e636fa-1-768x1024.jpg\" alt=\"\" class=\"wp-image-1280\" srcset=\"https:\/\/www.ssaver.gob.mx\/enfermeria\/wp-content\/uploads\/sites\/31\/2025\/11\/e876b02d-ec02-4333-9459-afc192e636fa-1-768x1024.jpg 768w, https:\/\/www.ssaver.gob.mx\/enfermeria\/wp-content\/uploads\/sites\/31\/2025\/11\/e876b02d-ec02-4333-9459-afc192e636fa-1-225x300.jpg 225w, https:\/\/www.ssaver.gob.mx\/enfermeria\/wp-content\/uploads\/sites\/31\/2025\/11\/e876b02d-ec02-4333-9459-afc192e636fa-1.jpg 960w\" sizes=\"auto, (max-width: 768px) 100vw, 768px\" \/><\/figure>\n\n\n\n<figure class=\"wp-block-image size-large\"><img loading=\"lazy\" decoding=\"async\" width=\"1024\" height=\"1024\" data-id=\"1285\" src=\"https:\/\/www.ssaver.gob.mx\/enfermeria\/wp-content\/uploads\/sites\/31\/2025\/11\/bd0c1347-c9c1-4bc0-adba-f5efda1a3f19-1024x1024.jpg\" alt=\"\" class=\"wp-image-1285\" srcset=\"https:\/\/www.ssaver.gob.mx\/enfermeria\/wp-content\/uploads\/sites\/31\/2025\/11\/bd0c1347-c9c1-4bc0-adba-f5efda1a3f19-1024x1024.jpg 1024w, https:\/\/www.ssaver.gob.mx\/enfermeria\/wp-content\/uploads\/sites\/31\/2025\/11\/bd0c1347-c9c1-4bc0-adba-f5efda1a3f19-300x300.jpg 300w, https:\/\/www.ssaver.gob.mx\/enfermeria\/wp-content\/uploads\/sites\/31\/2025\/11\/bd0c1347-c9c1-4bc0-adba-f5efda1a3f19-150x150.jpg 150w, https:\/\/www.ssaver.gob.mx\/enfermeria\/wp-content\/uploads\/sites\/31\/2025\/11\/bd0c1347-c9c1-4bc0-adba-f5efda1a3f19-768x768.jpg 768w, https:\/\/www.ssaver.gob.mx\/enfermeria\/wp-content\/uploads\/sites\/31\/2025\/11\/bd0c1347-c9c1-4bc0-adba-f5efda1a3f19.jpg 1280w\" sizes=\"auto, (max-width: 1024px) 100vw, 1024px\" \/><\/figure>\n\n\n\n<figure class=\"wp-block-image size-large\"><img loading=\"lazy\" decoding=\"async\" width=\"768\" height=\"1024\" data-id=\"1284\" src=\"https:\/\/www.ssaver.gob.mx\/enfermeria\/wp-content\/uploads\/sites\/31\/2025\/11\/2009342d-2d64-47a5-96fa-f9c9cb68ba59-768x1024.jpg\" alt=\"\" class=\"wp-image-1284\" srcset=\"https:\/\/www.ssaver.gob.mx\/enfermeria\/wp-content\/uploads\/sites\/31\/2025\/11\/2009342d-2d64-47a5-96fa-f9c9cb68ba59-768x1024.jpg 768w, https:\/\/www.ssaver.gob.mx\/enfermeria\/wp-content\/uploads\/sites\/31\/2025\/11\/2009342d-2d64-47a5-96fa-f9c9cb68ba59-225x300.jpg 225w, https:\/\/www.ssaver.gob.mx\/enfermeria\/wp-content\/uploads\/sites\/31\/2025\/11\/2009342d-2d64-47a5-96fa-f9c9cb68ba59.jpg 960w\" sizes=\"auto, (max-width: 768px) 100vw, 768px\" \/><\/figure>\n\n\n\n<figure class=\"wp-block-image size-large\"><img loading=\"lazy\" decoding=\"async\" width=\"1024\" height=\"768\" data-id=\"1281\" src=\"https:\/\/www.ssaver.gob.mx\/enfermeria\/wp-content\/uploads\/sites\/31\/2025\/11\/07185f8d-e68a-46e4-bfc8-0ff6a3a4941d-1024x768.jpg\" alt=\"\" class=\"wp-image-1281\" srcset=\"https:\/\/www.ssaver.gob.mx\/enfermeria\/wp-content\/uploads\/sites\/31\/2025\/11\/07185f8d-e68a-46e4-bfc8-0ff6a3a4941d-1024x768.jpg 1024w, https:\/\/www.ssaver.gob.mx\/enfermeria\/wp-content\/uploads\/sites\/31\/2025\/11\/07185f8d-e68a-46e4-bfc8-0ff6a3a4941d-300x225.jpg 300w, https:\/\/www.ssaver.gob.mx\/enfermeria\/wp-content\/uploads\/sites\/31\/2025\/11\/07185f8d-e68a-46e4-bfc8-0ff6a3a4941d-768x576.jpg 768w, https:\/\/www.ssaver.gob.mx\/enfermeria\/wp-content\/uploads\/sites\/31\/2025\/11\/07185f8d-e68a-46e4-bfc8-0ff6a3a4941d.jpg 1280w\" sizes=\"auto, (max-width: 1024px) 100vw, 1024px\" \/><\/figure>\n\n\n\n<figure class=\"wp-block-image size-large\"><img loading=\"lazy\" decoding=\"async\" width=\"1024\" height=\"768\" data-id=\"1283\" src=\"https:\/\/www.ssaver.gob.mx\/enfermeria\/wp-content\/uploads\/sites\/31\/2025\/11\/70b40037-0c01-4213-9066-450dd6e055fb-1024x768.jpg\" alt=\"\" class=\"wp-image-1283\" srcset=\"https:\/\/www.ssaver.gob.mx\/enfermeria\/wp-content\/uploads\/sites\/31\/2025\/11\/70b40037-0c01-4213-9066-450dd6e055fb-1024x768.jpg 1024w, https:\/\/www.ssaver.gob.mx\/enfermeria\/wp-content\/uploads\/sites\/31\/2025\/11\/70b40037-0c01-4213-9066-450dd6e055fb-300x225.jpg 300w, https:\/\/www.ssaver.gob.mx\/enfermeria\/wp-content\/uploads\/sites\/31\/2025\/11\/70b40037-0c01-4213-9066-450dd6e055fb-768x576.jpg 768w, https:\/\/www.ssaver.gob.mx\/enfermeria\/wp-content\/uploads\/sites\/31\/2025\/11\/70b40037-0c01-4213-9066-450dd6e055fb.jpg 1280w\" sizes=\"auto, (max-width: 1024px) 100vw, 1024px\" \/><\/figure>\n\n\n\n<figure class=\"wp-block-image size-large\"><img loading=\"lazy\" decoding=\"async\" width=\"1024\" height=\"768\" data-id=\"1282\" src=\"https:\/\/www.ssaver.gob.mx\/enfermeria\/wp-content\/uploads\/sites\/31\/2025\/11\/3d7f95fa-31ed-4323-ad15-1d9fedc38689-1024x768.jpg\" alt=\"\" class=\"wp-image-1282\" srcset=\"https:\/\/www.ssaver.gob.mx\/enfermeria\/wp-content\/uploads\/sites\/31\/2025\/11\/3d7f95fa-31ed-4323-ad15-1d9fedc38689-1024x768.jpg 1024w, https:\/\/www.ssaver.gob.mx\/enfermeria\/wp-content\/uploads\/sites\/31\/2025\/11\/3d7f95fa-31ed-4323-ad15-1d9fedc38689-300x225.jpg 300w, https:\/\/www.ssaver.gob.mx\/enfermeria\/wp-content\/uploads\/sites\/31\/2025\/11\/3d7f95fa-31ed-4323-ad15-1d9fedc38689-768x576.jpg 768w, https:\/\/www.ssaver.gob.mx\/enfermeria\/wp-content\/uploads\/sites\/31\/2025\/11\/3d7f95fa-31ed-4323-ad15-1d9fedc38689.jpg 1280w\" sizes=\"auto, (max-width: 1024px) 100vw, 1024px\" \/><\/figure>\n\n\n\n<figure class=\"wp-block-image size-large\"><img loading=\"lazy\" decoding=\"async\" width=\"768\" height=\"1024\" data-id=\"1286\" src=\"https:\/\/www.ssaver.gob.mx\/enfermeria\/wp-content\/uploads\/sites\/31\/2025\/11\/0e993b4a-4779-4c50-a6e1-5c21b2ddb708-768x1024.jpg\" alt=\"\" class=\"wp-image-1286\" srcset=\"https:\/\/www.ssaver.gob.mx\/enfermeria\/wp-content\/uploads\/sites\/31\/2025\/11\/0e993b4a-4779-4c50-a6e1-5c21b2ddb708-768x1024.jpg 768w, https:\/\/www.ssaver.gob.mx\/enfermeria\/wp-content\/uploads\/sites\/31\/2025\/11\/0e993b4a-4779-4c50-a6e1-5c21b2ddb708-225x300.jpg 225w, https:\/\/www.ssaver.gob.mx\/enfermeria\/wp-content\/uploads\/sites\/31\/2025\/11\/0e993b4a-4779-4c50-a6e1-5c21b2ddb708.jpg 960w\" sizes=\"auto, (max-width: 768px) 100vw, 768px\" \/><\/figure>\n\n\n\n<figure class=\"wp-block-image size-large\"><img loading=\"lazy\" decoding=\"async\" width=\"768\" height=\"1024\" data-id=\"1287\" src=\"https:\/\/www.ssaver.gob.mx\/enfermeria\/wp-content\/uploads\/sites\/31\/2025\/11\/0a16728a-141b-4399-8dc1-94c8b6c996cb-768x1024.jpg\" alt=\"\" class=\"wp-image-1287\" srcset=\"https:\/\/www.ssaver.gob.mx\/enfermeria\/wp-content\/uploads\/sites\/31\/2025\/11\/0a16728a-141b-4399-8dc1-94c8b6c996cb-768x1024.jpg 768w, https:\/\/www.ssaver.gob.mx\/enfermeria\/wp-content\/uploads\/sites\/31\/2025\/11\/0a16728a-141b-4399-8dc1-94c8b6c996cb-225x300.jpg 225w, https:\/\/www.ssaver.gob.mx\/enfermeria\/wp-content\/uploads\/sites\/31\/2025\/11\/0a16728a-141b-4399-8dc1-94c8b6c996cb.jpg 960w\" sizes=\"auto, (max-width: 768px) 100vw, 768px\" \/><\/figure>\n<\/figure>\n\n\n<\/div>\n<\/div>\n<\/div>\n","protected":false},"excerpt":{"rendered":"<p>D\u00cdA MUNDIAL DEL PREMATURO 18 DE NOVIEMBRE DEL 2025 En el marco del D\u00eda Mundial del Prematuro, el Hospital Regional<\/p>\n","protected":false},"author":71,"featured_media":0,"parent":0,"menu_order":0,"comment_status":"closed","ping_status":"closed","template":"","meta":{"colormag_page_container_layout":"default_layout","colormag_page_sidebar_layout":"default_layout","footnotes":""},"class_list":["post-1272","page","type-page","status-publish","hentry"],"_links":{"self":[{"href":"https:\/\/www.ssaver.gob.mx\/enfermeria\/wp-json\/wp\/v2\/pages\/1272","targetHints":{"allow":["GET"]}}],"collection":[{"href":"https:\/\/www.ssaver.gob.mx\/enfermeria\/wp-json\/wp\/v2\/pages"}],"about":[{"href":"https:\/\/www.ssaver.gob.mx\/enfermeria\/wp-json\/wp\/v2\/types\/page"}],"author":[{"embeddable":true,"href":"https:\/\/www.ssaver.gob.mx\/enfermeria\/wp-json\/wp\/v2\/users\/71"}],"replies":[{"embeddable":true,"href":"https:\/\/www.ssaver.gob.mx\/enfermeria\/wp-json\/wp\/v2\/comments?post=1272"}],"version-history":[{"count":14,"href":"https:\/\/www.ssaver.gob.mx\/enfermeria\/wp-json\/wp\/v2\/pages\/1272\/revisions"}],"predecessor-version":[{"id":1423,"href":"https:\/\/www.ssaver.gob.mx\/enfermeria\/wp-json\/wp\/v2\/pages\/1272\/revisions\/1423"}],"wp:attachment":[{"href":"https:\/\/www.ssaver.gob.mx\/enfermeria\/wp-json\/wp\/v2\/media?parent=1272"}],"curies":[{"name":"wp","href":"https:\/\/api.w.org\/{rel}","templated":true}]}}