{"id":574,"date":"2023-02-09T11:03:01","date_gmt":"2023-02-09T17:03:01","guid":{"rendered":"https:\/\/www.ssaver.gob.mx\/enfermeria\/?page_id=574"},"modified":"2026-04-06T10:45:08","modified_gmt":"2026-04-06T16:45:08","slug":"cpeev","status":"publish","type":"page","link":"https:\/\/www.ssaver.gob.mx\/enfermeria\/cpeev\/","title":{"rendered":"CPEEV"},"content":{"rendered":"\n<div class=\"wp-block-group is-layout-constrained wp-container-core-group-is-layout-9517baca wp-block-group-is-layout-constrained\">\n<div class=\"wp-block-columns is-layout-flex wp-container-core-columns-is-layout-9c22b1e3 wp-block-columns-is-layout-flex\">\n<div class=\"wp-block-column is-vertically-aligned-stretch is-layout-flow wp-container-core-column-is-layout-c43c6636 wp-block-column-is-layout-flow\" style=\"padding-right:0;padding-left:0;flex-basis:100%\">\n<div class=\"wp-block-cover wp-elements-d33fa8826a7100c0417930a34ef1e12e has-aspect-ratio\" style=\"margin-top:0;margin-bottom:0;padding-top:0;padding-right:0;padding-bottom:0;padding-left:0;aspect-ratio:auto;min-height:unset;\"><img decoding=\"async\" class=\"wp-block-cover__image-background wp-image-5220 size-full\" alt=\"\" src=\"https:\/\/www.ssaver.gob.mx\/tecnologias\/wp-content\/uploads\/sites\/14\/2025\/09\/textura_areas_TI-scaled.png\" style=\"object-position:15% 27%\" data-object-fit=\"cover\" data-object-position=\"15% 27%\" \/><span aria-hidden=\"true\" class=\"wp-block-cover__background has-background-dim-100 has-background-dim\" style=\"background-color:#720f37\"><\/span><div class=\"wp-block-cover__inner-container is-layout-constrained wp-container-core-cover-is-layout-72190d31 wp-block-cover-is-layout-constrained\">\n<p class=\"has-text-align-center has-colormag-color-1-color has-text-color has-link-color wp-elements-f768ac4d84e4b67cb66a6c9b10a39c53\" style=\"font-size:28px\"><strong>CPEEV <br>Condecoraci\u00f3n al M\u00e9rito en Enfermer\u00eda \u00abEnfermera y Partera Teresa Rodr\u00edguez Alonso\u00bb<\/strong><\/p>\n<\/div><\/div>\n<\/div>\n<\/div>\n\n\n\n<div class=\"wp-block-columns is-layout-flex wp-container-core-columns-is-layout-b2864ded wp-block-columns-is-layout-flex\" style=\"margin-top:0;margin-bottom:0;padding-top:0;padding-bottom:0\">\n<div class=\"wp-block-column is-vertically-aligned-center has-background is-layout-flow wp-block-column-is-layout-flow\" style=\"background:linear-gradient(180deg,rgb(233,231,225) 32%,rgba(232,230,225,0) 100%);padding-top:var(--wp--preset--spacing--40);padding-right:var(--wp--preset--spacing--70);padding-bottom:var(--wp--preset--spacing--40);padding-left:var(--wp--preset--spacing--70);flex-basis:100%\">\n<hr class=\"wp-block-separator has-text-color has-alpha-channel-opacity has-background is-style-wide\" style=\"margin-top:var(--wp--preset--spacing--20);margin-bottom:var(--wp--preset--spacing--20);background-color:#d8bf31;color:#d8bf31\" \/>\n\n\n\n<h2 class=\"wp-block-heading alignwide has-text-align-center\" style=\"font-size:26px\">Condecorados con la Medalla al M\u00e9rito en Enfermer\u00eda<\/h2>\n\n\n\n<div class=\"wp-block-columns is-layout-flex wp-container-core-columns-is-layout-28f84493 wp-block-columns-is-layout-flex\">\n<div class=\"wp-block-column is-layout-flow wp-block-column-is-layout-flow\" style=\"flex-basis:100%\">\n<figure class=\"wp-block-image aligncenter size-full is-resized\"><img loading=\"lazy\" decoding=\"async\" width=\"695\" height=\"927\" src=\"https:\/\/www.ssaver.gob.mx\/enfermeria\/wp-content\/uploads\/sites\/31\/2025\/06\/IMG001.jpg\" alt=\"\" class=\"wp-image-965\" style=\"object-fit:cover;width:610px;height:780px\" srcset=\"https:\/\/www.ssaver.gob.mx\/enfermeria\/wp-content\/uploads\/sites\/31\/2025\/06\/IMG001.jpg 695w, https:\/\/www.ssaver.gob.mx\/enfermeria\/wp-content\/uploads\/sites\/31\/2025\/06\/IMG001-225x300.jpg 225w\" sizes=\"auto, (max-width: 695px) 100vw, 695px\" \/><\/figure>\n<\/div>\n<\/div>\n\n\n\n<h3 class=\"wp-block-heading has-text-align-center\"><br><strong>2025- Maestra en Administraci\u00f3n de los Sistemas de Salud\/Maestra en Enfermer\u00eda Claudia Hern\u00e1ndez Landaverde<\/strong><\/h3>\n\n\n\n<div style=\"height:16px\" aria-hidden=\"true\" class=\"wp-block-spacer\"><\/div>\n\n\n\n<figure class=\"wp-block-image aligncenter size-large is-resized\"><img loading=\"lazy\" decoding=\"async\" width=\"1024\" height=\"682\" src=\"https:\/\/www.ssaver.gob.mx\/enfermeria\/wp-content\/uploads\/sites\/31\/2024\/06\/Galardonado-2024-1024x682.jpeg\" alt=\"\" class=\"wp-image-811\" style=\"width:931px;height:auto\" srcset=\"https:\/\/www.ssaver.gob.mx\/enfermeria\/wp-content\/uploads\/sites\/31\/2024\/06\/Galardonado-2024-1024x682.jpeg 1024w, https:\/\/www.ssaver.gob.mx\/enfermeria\/wp-content\/uploads\/sites\/31\/2024\/06\/Galardonado-2024-300x200.jpeg 300w, https:\/\/www.ssaver.gob.mx\/enfermeria\/wp-content\/uploads\/sites\/31\/2024\/06\/Galardonado-2024-768x512.jpeg 768w, https:\/\/www.ssaver.gob.mx\/enfermeria\/wp-content\/uploads\/sites\/31\/2024\/06\/Galardonado-2024-1536x1023.jpeg 1536w, https:\/\/www.ssaver.gob.mx\/enfermeria\/wp-content\/uploads\/sites\/31\/2024\/06\/Galardonado-2024.jpeg 1600w\" sizes=\"auto, (max-width: 1024px) 100vw, 1024px\" \/><\/figure>\n\n\n\n<h3 class=\"wp-block-heading has-text-align-center\"><strong>2024- Doctor en Educaci\u00f3n Rub\u00e9n Santiago Lara<\/strong><\/h3>\n\n\n\n<div style=\"height:16px\" aria-hidden=\"true\" class=\"wp-block-spacer\"><\/div>\n\n\n\n<figure class=\"wp-block-image aligncenter size-full is-resized\"><img loading=\"lazy\" decoding=\"async\" width=\"595\" height=\"720\" src=\"https:\/\/www.ssaver.gob.mx\/enfermeria\/wp-content\/uploads\/sites\/31\/2023\/09\/galardonada-2023.jpg\" alt=\"\" class=\"wp-image-709\" style=\"width:622px;height:753px\" srcset=\"https:\/\/www.ssaver.gob.mx\/enfermeria\/wp-content\/uploads\/sites\/31\/2023\/09\/galardonada-2023.jpg 595w, https:\/\/www.ssaver.gob.mx\/enfermeria\/wp-content\/uploads\/sites\/31\/2023\/09\/galardonada-2023-248x300.jpg 248w\" sizes=\"auto, (max-width: 595px) 100vw, 595px\" \/><\/figure>\n\n\n\n<h3 class=\"wp-block-heading has-text-align-center\"><strong>2023- Maestra en Administraci\u00f3n de Servicios de Enfermer\u00eda Gisela Mendoza Victoria<\/strong><\/h3>\n\n\n\n<div style=\"height:16px\" aria-hidden=\"true\" class=\"wp-block-spacer\"><\/div>\n\n\n\n<figure class=\"wp-block-image aligncenter size-full is-style-default\"><img loading=\"lazy\" decoding=\"async\" width=\"619\" height=\"734\" src=\"https:\/\/www.ssaver.gob.mx\/enfermeria\/wp-content\/uploads\/sites\/31\/2023\/02\/GALARDONADA-2022-ENFERMERA-Mara-Edme-Torres-Vidaurri.jpg\" alt=\"\" class=\"wp-image-576\" srcset=\"https:\/\/www.ssaver.gob.mx\/enfermeria\/wp-content\/uploads\/sites\/31\/2023\/02\/GALARDONADA-2022-ENFERMERA-Mara-Edme-Torres-Vidaurri.jpg 619w, https:\/\/www.ssaver.gob.mx\/enfermeria\/wp-content\/uploads\/sites\/31\/2023\/02\/GALARDONADA-2022-ENFERMERA-Mara-Edme-Torres-Vidaurri-253x300.jpg 253w\" sizes=\"auto, (max-width: 619px) 100vw, 619px\" \/><\/figure>\n\n\n\n<h3 class=\"wp-block-heading has-text-align-center\"><strong>2022- Licenciada en Enfermer\u00eda Mara Edme Torres Vidaurri<\/strong><\/h3>\n\n\n\n<div style=\"height:17px\" aria-hidden=\"true\" class=\"wp-block-spacer\"><\/div>\n\n\n\n<div style=\"height:33px\" aria-hidden=\"true\" class=\"wp-block-spacer\"><\/div>\n\n\n<\/div>\n<\/div>\n<\/div>\n","protected":false},"excerpt":{"rendered":"<p>Condecorados con la Medalla al M\u00e9rito en Enfermer\u00eda 2025- Maestra en Administraci\u00f3n de los Sistemas de Salud\/Maestra en Enfermer\u00eda Claudia<\/p>\n","protected":false},"author":5,"featured_media":0,"parent":0,"menu_order":6,"comment_status":"closed","ping_status":"closed","template":"","meta":{"colormag_page_container_layout":"default_layout","colormag_page_sidebar_layout":"default_layout","footnotes":""},"class_list":["post-574","page","type-page","status-publish","hentry"],"_links":{"self":[{"href":"https:\/\/www.ssaver.gob.mx\/enfermeria\/wp-json\/wp\/v2\/pages\/574","targetHints":{"allow":["GET"]}}],"collection":[{"href":"https:\/\/www.ssaver.gob.mx\/enfermeria\/wp-json\/wp\/v2\/pages"}],"about":[{"href":"https:\/\/www.ssaver.gob.mx\/enfermeria\/wp-json\/wp\/v2\/types\/page"}],"author":[{"embeddable":true,"href":"https:\/\/www.ssaver.gob.mx\/enfermeria\/wp-json\/wp\/v2\/users\/5"}],"replies":[{"embeddable":true,"href":"https:\/\/www.ssaver.gob.mx\/enfermeria\/wp-json\/wp\/v2\/comments?post=574"}],"version-history":[{"count":35,"href":"https:\/\/www.ssaver.gob.mx\/enfermeria\/wp-json\/wp\/v2\/pages\/574\/revisions"}],"predecessor-version":[{"id":1433,"href":"https:\/\/www.ssaver.gob.mx\/enfermeria\/wp-json\/wp\/v2\/pages\/574\/revisions\/1433"}],"wp:attachment":[{"href":"https:\/\/www.ssaver.gob.mx\/enfermeria\/wp-json\/wp\/v2\/media?parent=574"}],"curies":[{"name":"wp","href":"https:\/\/api.w.org\/{rel}","templated":true}]}}