{"id":1448,"date":"2023-07-25T18:25:07","date_gmt":"2023-07-25T18:25:07","guid":{"rendered":"https:\/\/www.ssaver.gob.mx\/funcionario\/?page_id=1448"},"modified":"2025-08-22T14:26:02","modified_gmt":"2025-08-22T20:26:02","slug":"convenios-e023-2023","status":"publish","type":"page","link":"https:\/\/www.ssaver.gob.mx\/funcionario\/convenios\/convenios-e023\/convenios-e023-2023\/","title":{"rendered":"Convenios E023 2023"},"content":{"rendered":"\n<div class=\"wp-block-columns is-layout-flex wp-container-core-columns-is-layout-d39e70f1 wp-block-columns-is-layout-flex\" style=\"margin-top:0;margin-bottom:0;padding-top:0;padding-bottom:0\">\n<div class=\"wp-block-column is-layout-flow wp-container-core-column-is-layout-b108c007 wp-block-column-is-layout-flow\" style=\"padding-right:0;padding-left:0;flex-basis:15%\"><\/div>\n\n\n\n<div class=\"wp-block-column has-background is-layout-flow wp-block-column-is-layout-flow\" style=\"border-radius:0px;background-color:#530000;padding-top:0;padding-right:0;padding-bottom:0;padding-left:0;flex-basis:70%\">\n<figure class=\"wp-block-image size-full\" style=\"margin-top:0;margin-right:0;margin-bottom:0;margin-left:0\"><img loading=\"lazy\" decoding=\"async\" width=\"2560\" height=\"390\" src=\"https:\/\/www.ssaver.gob.mx\/funcionario\/wp-content\/uploads\/sites\/3\/2025\/08\/Convenio_E023_2023_Banner-scaled.png\" alt=\"\" class=\"wp-image-3762\" srcset=\"https:\/\/www.ssaver.gob.mx\/funcionario\/wp-content\/uploads\/sites\/3\/2025\/08\/Convenio_E023_2023_Banner-scaled.png 2560w, https:\/\/www.ssaver.gob.mx\/funcionario\/wp-content\/uploads\/sites\/3\/2025\/08\/Convenio_E023_2023_Banner-300x46.png 300w, https:\/\/www.ssaver.gob.mx\/funcionario\/wp-content\/uploads\/sites\/3\/2025\/08\/Convenio_E023_2023_Banner-1024x156.png 1024w, https:\/\/www.ssaver.gob.mx\/funcionario\/wp-content\/uploads\/sites\/3\/2025\/08\/Convenio_E023_2023_Banner-768x117.png 768w, https:\/\/www.ssaver.gob.mx\/funcionario\/wp-content\/uploads\/sites\/3\/2025\/08\/Convenio_E023_2023_Banner-1536x234.png 1536w, https:\/\/www.ssaver.gob.mx\/funcionario\/wp-content\/uploads\/sites\/3\/2025\/08\/Convenio_E023_2023_Banner-2048x312.png 2048w\" sizes=\"auto, (max-width: 2560px) 100vw, 2560px\" \/><\/figure>\n<\/div>\n\n\n\n<div class=\"wp-block-column is-layout-flow wp-block-column-is-layout-flow\" style=\"flex-basis:15%\"><\/div>\n<\/div>\n\n\n\n<div class=\"wp-block-columns is-layout-flex wp-container-core-columns-is-layout-b2864ded wp-block-columns-is-layout-flex\" style=\"margin-top:0;margin-bottom:0;padding-top:0;padding-bottom:0\">\n<div class=\"wp-block-column is-layout-flow wp-block-column-is-layout-flow\" style=\"flex-basis:15%\"><\/div>\n\n\n\n<div class=\"wp-block-column is-vertically-aligned-center has-background is-layout-flow wp-block-column-is-layout-flow\" style=\"background:linear-gradient(180deg,rgb(233,231,225) 32%,rgba(232,230,225,0) 100%);padding-top:var(--wp--preset--spacing--40);padding-right:var(--wp--preset--spacing--40);padding-bottom:var(--wp--preset--spacing--40);padding-left:var(--wp--preset--spacing--70);flex-basis:70%\">\n<hr class=\"wp-block-separator aligncenter has-text-color has-alpha-channel-opacity has-background is-style-wide\" style=\"margin-top:var(--wp--preset--spacing--20);margin-bottom:var(--wp--preset--spacing--20);background-color:#d6af4d;color:#d6af4d\"\/>\n\n\n\n<ul style=\"border-style:none;border-width:0px;border-radius:26px;margin-top:var(--wp--preset--spacing--30);margin-right:0;margin-bottom:var(--wp--preset--spacing--30);margin-left:0\" class=\"wp-block-list has-medium-font-size\">\n<li class=\"has-text-color has-link-color wp-elements-3d3a788373d60536e9e0e4afe8584ac8\" style=\"color:#7a1737;padding-top:0;padding-right:0;padding-bottom:0;padding-left:0;font-size:24px\"><strong><a href=\"https:\/\/www.ssaver.gob.mx\/funcionario\/wp-content\/uploads\/sites\/3\/2023\/07\/INSABI-APS-E023-2023-VER-30.pdf\" target=\"_blank\" rel=\"noreferrer noopener\">CONVENIO INSABI-APS-E023-2023-VER-30<\/a><\/strong><\/li>\n<\/ul>\n\n\n\n<p class=\"has-text-color has-link-color wp-elements-f4a5d8b0ec66ebaf02cfa57708e89119\" style=\"color:#5b4c0d;margin-top:0;margin-right:var(--wp--preset--spacing--40);margin-bottom:0;margin-left:var(--wp--preset--spacing--40);font-size:24px\"><strong><strong>ANEXO 4 \u00abIndicadores de desempe\u00f1o\u00bb<\/strong><\/strong><\/p>\n\n\n\n<hr class=\"wp-block-separator aligncenter has-text-color has-alpha-channel-opacity has-background is-style-wide\" style=\"margin-top:var(--wp--preset--spacing--20);margin-bottom:var(--wp--preset--spacing--20);background-color:#d6af4d;color:#d6af4d\"\/>\n\n\n\n<ul style=\"border-style:none;border-width:0px;border-radius:26px;margin-top:var(--wp--preset--spacing--30);margin-right:0;margin-bottom:var(--wp--preset--spacing--30);margin-left:0\" class=\"wp-block-list has-medium-font-size\">\n<li class=\"has-text-color has-link-color wp-elements-a09cb7eacb1d76791fb0f55394052214\" style=\"color:#7a1737;padding-top:0;padding-right:0;padding-bottom:0;padding-left:0;font-size:24px\"><strong><a href=\"https:\/\/www.ssaver.gob.mx\/funcionario\/wp-content\/uploads\/sites\/3\/2024\/03\/1.-ANEXO-4-INDICADORES-E023_ENERO-2023.pdf\" target=\"_blank\" rel=\"noreferrer noopener\">1.-ANEXO 4 INDICADORES E023 ENERO 2023<\/a><\/strong><\/li>\n\n\n\n<li class=\"has-text-color has-link-color wp-elements-365dd39ca5ae729c1aad22a58b7145d5\" style=\"color:#7a1737;font-size:24px\"><strong><a href=\"https:\/\/www.ssaver.gob.mx\/funcionario\/wp-content\/uploads\/sites\/3\/2024\/03\/2.-ANEXO-4-INDICADORES-E023_FEBRERO-2023.pdf\" target=\"_blank\" rel=\"noreferrer noopener\">2.-ANEXO 4 INDICADORES E023 FEBRERO 2023<\/a><\/strong><\/li>\n\n\n\n<li class=\"has-text-color has-link-color wp-elements-1752a5c2bec8557c3fafe1364e1c74a8\" style=\"color:#7a1737;font-size:24px\"><strong><a href=\"https:\/\/www.ssaver.gob.mx\/funcionario\/wp-content\/uploads\/sites\/3\/2024\/03\/3.-ANEXO-4-INDICADORES-E023_MARZO-2023.pdf\" target=\"_blank\" rel=\"noreferrer noopener\">3.-ANEXO 4 INDICADORES E023 MARZO 2023<\/a><\/strong><\/li>\n\n\n\n<li class=\"has-text-color has-link-color wp-elements-75274ce3dff13425acc8b4b17daadaa0\" style=\"color:#7a1737;font-size:24px\"><strong><a href=\"https:\/\/www.ssaver.gob.mx\/funcionario\/wp-content\/uploads\/sites\/3\/2024\/03\/4.-ANEXO-4-INDICADORES-E023_ABRIL-2023.pdf\" target=\"_blank\" rel=\"noreferrer noopener\">4.-ANEXO 4 INDICADORES E023 ABRIL 2023<\/a><\/strong><\/li>\n\n\n\n<li class=\"has-text-color has-link-color wp-elements-b20209b884b9de17f3889e1968cd9966\" style=\"color:#7a1737;font-size:24px\"><strong><a href=\"https:\/\/www.ssaver.gob.mx\/funcionario\/wp-content\/uploads\/sites\/3\/2024\/03\/5.-ANEXO-4-INDICADORES-E023_MAYO-2023.pdf\" target=\"_blank\" rel=\"noreferrer noopener\">5.-ANEXO 4 INDICADORES E023 MAYO 2023<\/a><\/strong><\/li>\n\n\n\n<li class=\"has-text-color has-link-color wp-elements-419eb5956e595e58c251bea396dbd9e5\" style=\"color:#7a1737;font-size:24px\"><strong><a href=\"https:\/\/www.ssaver.gob.mx\/funcionario\/wp-content\/uploads\/sites\/3\/2024\/03\/6.-ANEXO-4-INDICADORES-E023_-JUNIO-2023.pdf\" target=\"_blank\" rel=\"noreferrer noopener\">6.-ANEXO 4 INDICADORES E023 JUNIO 2023<\/a><\/strong><\/li>\n\n\n\n<li class=\"has-text-color has-link-color wp-elements-5a87cc5893e9ca1400bc5c5908b6ee6b\" style=\"color:#7a1737;font-size:24px\"><strong><a href=\"https:\/\/www.ssaver.gob.mx\/funcionario\/wp-content\/uploads\/sites\/3\/2024\/03\/7.-ANEXO-4-INDICADORES-E023_-JULIO-2023.pdf\" target=\"_blank\" rel=\"noreferrer noopener\">7.-ANEXO 4 INDICADORES E023 JULIO 2023<\/a><\/strong><\/li>\n\n\n\n<li class=\"has-text-color has-link-color wp-elements-91ec6373ca807136b573e2158633538d\" style=\"color:#7a1737;font-size:24px\"><strong><a href=\"https:\/\/www.ssaver.gob.mx\/funcionario\/wp-content\/uploads\/sites\/3\/2024\/03\/8.-ANEXO-4-INDICADORES-E023_AGOSTO-2023.pdf\" target=\"_blank\" rel=\"noreferrer noopener\">8.-ANEXO 4 INDICADORES E023 AGOSTO 2023<\/a><\/strong><\/li>\n\n\n\n<li class=\"has-text-color has-link-color wp-elements-b76a297bf32497f8605ca1e0fb11137e\" style=\"color:#7a1737;font-size:24px\"><strong><a href=\"https:\/\/www.ssaver.gob.mx\/funcionario\/wp-content\/uploads\/sites\/3\/2024\/03\/9.-ANEXO-4-INDICADORES-E023_SEPTIEMBRE-2023.pdf\" target=\"_blank\" rel=\"noreferrer noopener\">9.-ANEXO 4 INDICADORES E023 SEPTIEMBRE 2023<\/a><\/strong><\/li>\n\n\n\n<li class=\"has-text-color has-link-color wp-elements-6e9a5273319d921cc6032c378f63227d\" style=\"color:#7a1737;font-size:24px\"><strong><a href=\"https:\/\/www.ssaver.gob.mx\/funcionario\/wp-content\/uploads\/sites\/3\/2024\/03\/10.-ANEXO-4-INDICADORES-E023_OCTUBRE-2023.pdf\" target=\"_blank\" rel=\"noreferrer noopener\">10.-ANEXO 4 INDICADORES E023 OCTUBRE 2023<\/a><\/strong><\/li>\n\n\n\n<li class=\"has-text-color has-link-color wp-elements-dbcea0e1705f060e7b929868313989a3\" style=\"color:#7a1737;font-size:24px\"><strong><a href=\"https:\/\/www.ssaver.gob.mx\/funcionario\/wp-content\/uploads\/sites\/3\/2024\/03\/11.-ANEXO-4-INDICADORES-E023_NOVIEMBRE-2023.pdf\" target=\"_blank\" rel=\"noreferrer noopener\">11.-ANEXO 4 INDICADORES E023 NOVIEMBRE 2023<\/a><\/strong><\/li>\n\n\n\n<li class=\"has-text-color has-link-color wp-elements-130ecaf1b3a440704c07e69ba6fb4871\" style=\"color:#7a1737;font-size:24px\"><strong><a href=\"https:\/\/www.ssaver.gob.mx\/funcionario\/wp-content\/uploads\/sites\/3\/2024\/03\/12.-ANEXO-4-INDICADORES-E023_DICIEMBRE-2023.pdf\" target=\"_blank\" rel=\"noreferrer noopener\">12.-ANEXO 4 INDICADORES E023 DICIEMBRE 2023<\/a><\/strong><\/li>\n<\/ul>\n\n\n\n<p class=\"has-text-color has-link-color wp-elements-213e9ddefc4bb7c13f5952af230b1fb8\" style=\"color:#5b4c0d;margin-top:0;margin-right:var(--wp--preset--spacing--40);margin-bottom:0;margin-left:var(--wp--preset--spacing--40);font-size:24px\"><strong><strong>ANEXO 5 \u00abObjetivo y meta\u00bb<\/strong><\/strong><\/p>\n\n\n\n<hr class=\"wp-block-separator aligncenter has-text-color has-alpha-channel-opacity has-background is-style-wide\" style=\"margin-top:var(--wp--preset--spacing--20);margin-bottom:var(--wp--preset--spacing--20);background-color:#d6af4d;color:#d6af4d\"\/>\n\n\n\n<ul style=\"border-style:none;border-width:0px;border-radius:26px;margin-top:var(--wp--preset--spacing--30);margin-right:0;margin-bottom:var(--wp--preset--spacing--30);margin-left:0\" class=\"wp-block-list has-medium-font-size\">\n<li class=\"has-text-color has-link-color wp-elements-a461859d9c21d8ade8c09d5bbf01c744\" style=\"color:#7a1737;padding-top:0;padding-right:0;padding-bottom:0;padding-left:0;font-size:24px\"><strong><a href=\"https:\/\/www.ssaver.gob.mx\/funcionario\/wp-content\/uploads\/sites\/3\/2024\/03\/1.-ANEXO-5_OBJETIVO-Y-META_E023_ENERO-2023.pdf\" target=\"_blank\" rel=\"noreferrer noopener\">1.-ANEXO 5 OBJETIVO Y META E023 ENERO 2023<\/a><\/strong><\/li>\n\n\n\n<li class=\"has-text-color has-link-color wp-elements-d13bd81303cc63dc36bb31b9a1f7f7f1\" style=\"color:#7a1737;font-size:24px\"><strong><a href=\"https:\/\/www.ssaver.gob.mx\/funcionario\/wp-content\/uploads\/sites\/3\/2024\/03\/2.-ANEXO-5_OBJETIVO-Y-META_E023_FEBRERO-2023.pdf\" target=\"_blank\" rel=\"noreferrer noopener\">2.-ANEXO 5 OBJETIVO Y META E023 FEBRERO 2023<\/a><\/strong><\/li>\n\n\n\n<li class=\"has-text-color has-link-color wp-elements-4aed158da78fbc1f5e4d814e5fbbe034\" style=\"color:#7a1737;font-size:24px\"><strong><a href=\"https:\/\/www.ssaver.gob.mx\/funcionario\/wp-content\/uploads\/sites\/3\/2024\/03\/3.-ANEXO-5_OBJETIVO-Y-META_E023_MARZO-2023.pdf\" target=\"_blank\" rel=\"noreferrer noopener\">3.-ANEXO 5 OBJETIVO Y META E023 MARZO 2023<\/a><\/strong><\/li>\n\n\n\n<li class=\"has-text-color has-link-color wp-elements-b5c87f495cccfc33ef84104d575712f2\" style=\"color:#7a1737;font-size:24px\"><strong><a href=\"https:\/\/www.ssaver.gob.mx\/funcionario\/wp-content\/uploads\/sites\/3\/2024\/03\/4.-ANEXO-5_OBJETIVO-Y-META_E023_ABRIL-2023.pdf\" target=\"_blank\" rel=\"noreferrer noopener\">4.-ANEXO 5 OBJETIVO Y META E023 ABRIL 2023<\/a><\/strong><\/li>\n\n\n\n<li class=\"has-text-color has-link-color wp-elements-2ecbe04c6c0db3da0a67ee5c473e8d87\" style=\"color:#7a1737;font-size:24px\"><strong><a href=\"https:\/\/www.ssaver.gob.mx\/funcionario\/wp-content\/uploads\/sites\/3\/2024\/03\/5.-ANEXO-5_OBJETIVO-Y-META_E023_MAYO-2023.pdf\" target=\"_blank\" rel=\"noreferrer noopener\">5.-ANEXO 5 OBJETIVO Y META E023 MAYO 2023<\/a><\/strong><\/li>\n\n\n\n<li class=\"has-text-color has-link-color wp-elements-37a1f661ddfe31fc8cab333bff08ec79\" style=\"color:#7a1737;font-size:24px\"><strong><a href=\"https:\/\/www.ssaver.gob.mx\/funcionario\/wp-content\/uploads\/sites\/3\/2024\/03\/6.-ANEXO-5_OBJETIVO-Y-META_E023_JUNIO-2023.pdf\" target=\"_blank\" rel=\"noreferrer noopener\">6.-ANEXO 5 OBJETIVO Y META E023 JUNIO 2023<\/a><\/strong><\/li>\n\n\n\n<li class=\"has-text-color has-link-color wp-elements-9c7ff8e1dc90dadbc34fd99089cf2c5a\" style=\"color:#7a1737;font-size:24px\"><strong><a href=\"https:\/\/www.ssaver.gob.mx\/funcionario\/wp-content\/uploads\/sites\/3\/2024\/03\/7.-ANEXO-5-OBJETIVO-Y-META-E023-JULIO-2023.pdf\" target=\"_blank\" rel=\"noreferrer noopener\">7.-ANEXO 5 OBJETIVO Y META E023 JULIO 2023<\/a><\/strong><\/li>\n\n\n\n<li class=\"has-text-color has-link-color wp-elements-f19f182f6ee2f299efaff0f37bda6d90\" style=\"color:#7a1737;font-size:24px\"><strong><a href=\"https:\/\/www.ssaver.gob.mx\/funcionario\/wp-content\/uploads\/sites\/3\/2024\/03\/8.-ANEXO-5-OBJETIVO-Y-META-E023-AGOSTO-2023.pdf\" target=\"_blank\" rel=\"noreferrer noopener\">8.-ANEXO 5 OBJETIVO Y META E023 AGOSTO 2023<\/a><\/strong><\/li>\n\n\n\n<li class=\"has-text-color has-link-color wp-elements-7eda380b03c0c04326605a28d4d33a76\" style=\"color:#7a1737;font-size:24px\"><strong><a href=\"https:\/\/www.ssaver.gob.mx\/funcionario\/wp-content\/uploads\/sites\/3\/2024\/03\/9.-ANEXO-5-OBJETIVO-Y-META-SEPTIEMBRE-2023.pdf\" target=\"_blank\" rel=\"noreferrer noopener\">9.-ANEXO 5 OBJETIVO Y META E023 SEPTIEMBRE 2023<\/a><\/strong><\/li>\n\n\n\n<li class=\"has-text-color has-link-color wp-elements-c4256ff059300c4f062e3b9ffcf9f6f9\" style=\"color:#7a1737;font-size:24px\"><strong><a href=\"https:\/\/www.ssaver.gob.mx\/funcionario\/wp-content\/uploads\/sites\/3\/2024\/03\/10.-ANEXO-5-OBJETIVO-Y-META-E023-OCTUBRE-2023.pdf\" target=\"_blank\" rel=\"noreferrer noopener\">10.-ANEXO 5 OBJETIVO Y META E023 OCTUBRE 2023<\/a><\/strong><\/li>\n\n\n\n<li class=\"has-text-color has-link-color wp-elements-697c54b3d87b1b39e056443c5eeae2ed\" style=\"color:#7a1737;font-size:24px\"><strong><a href=\"https:\/\/www.ssaver.gob.mx\/funcionario\/wp-content\/uploads\/sites\/3\/2024\/03\/11.-ANEXO-5-OBJETIVO-Y-META-E023-NOVIEMRE-2023.pdf\" target=\"_blank\" rel=\"noreferrer noopener\">11.-ANEXO 5 OBJETIVO Y META E023 NOVIEMBRE 2023<\/a><\/strong><\/li>\n\n\n\n<li class=\"has-text-color has-link-color wp-elements-940905d6fca3433171f52f8dd2a243e6\" style=\"color:#7a1737;font-size:24px\"><strong><a href=\"https:\/\/www.ssaver.gob.mx\/funcionario\/wp-content\/uploads\/sites\/3\/2024\/03\/12.-ANEXO-5-OBJETIVO-Y-META-E023-DICIEMBRE-2023.pdf\" target=\"_blank\" rel=\"noreferrer noopener\">12.-ANEXO 5 OBJETIVO Y META E023 DICIEMBRE 2023<\/a><\/strong><\/li>\n<\/ul>\n\n\n\n<hr class=\"wp-block-separator has-text-color has-alpha-channel-opacity has-background is-style-default\" style=\"margin-top:var(--wp--preset--spacing--20);margin-bottom:var(--wp--preset--spacing--20);background-color:#d6af4d;color:#d6af4d\"\/>\n\n\n\n<p class=\"has-text-color has-link-color has-medium-font-size wp-elements-e263df64bb65dbee96e506818829fd19\" style=\"color:#7a1737\"><strong>Responsable del contenido:<\/strong> <br>Lic. Nuelma Mart\u00ednez S\u00e1nchez<br>Subdirecci\u00f3n de Atenci\u00f3n de Primer Nivel.<br>Ext. 2502<\/p>\n<\/div>\n\n\n\n<div class=\"wp-block-column is-layout-flow wp-block-column-is-layout-flow\" style=\"flex-basis:15%\"><\/div>\n<\/div>\n","protected":false},"excerpt":{"rendered":"<p>ANEXO 4 \u00abIndicadores de desempe\u00f1o\u00bb ANEXO 5 \u00abObjetivo y meta\u00bb Responsable del contenido: Lic. Nuelma Mart\u00ednez S\u00e1nchezSubdirecci\u00f3n de Atenci\u00f3n de<\/p>\n","protected":false},"author":5,"featured_media":0,"parent":2190,"menu_order":2,"comment_status":"closed","ping_status":"closed","template":"","meta":{"colormag_page_container_layout":"default_layout","colormag_page_sidebar_layout":"default_layout","footnotes":""},"class_list":["post-1448","page","type-page","status-publish","hentry"],"_links":{"self":[{"href":"https:\/\/www.ssaver.gob.mx\/funcionario\/wp-json\/wp\/v2\/pages\/1448","targetHints":{"allow":["GET"]}}],"collection":[{"href":"https:\/\/www.ssaver.gob.mx\/funcionario\/wp-json\/wp\/v2\/pages"}],"about":[{"href":"https:\/\/www.ssaver.gob.mx\/funcionario\/wp-json\/wp\/v2\/types\/page"}],"author":[{"embeddable":true,"href":"https:\/\/www.ssaver.gob.mx\/funcionario\/wp-json\/wp\/v2\/users\/5"}],"replies":[{"embeddable":true,"href":"https:\/\/www.ssaver.gob.mx\/funcionario\/wp-json\/wp\/v2\/comments?post=1448"}],"version-history":[{"count":13,"href":"https:\/\/www.ssaver.gob.mx\/funcionario\/wp-json\/wp\/v2\/pages\/1448\/revisions"}],"predecessor-version":[{"id":3824,"href":"https:\/\/www.ssaver.gob.mx\/funcionario\/wp-json\/wp\/v2\/pages\/1448\/revisions\/3824"}],"up":[{"embeddable":true,"href":"https:\/\/www.ssaver.gob.mx\/funcionario\/wp-json\/wp\/v2\/pages\/2190"}],"wp:attachment":[{"href":"https:\/\/www.ssaver.gob.mx\/funcionario\/wp-json\/wp\/v2\/media?parent=1448"}],"curies":[{"name":"wp","href":"https:\/\/api.w.org\/{rel}","templated":true}]}}