{"id":2035,"date":"2024-06-12T19:00:31","date_gmt":"2024-06-12T19:00:31","guid":{"rendered":"https:\/\/www.ssaver.gob.mx\/funcionario\/?page_id=2035"},"modified":"2026-01-19T12:40:46","modified_gmt":"2026-01-19T18:40:46","slug":"mision-y-vision","status":"publish","type":"page","link":"https:\/\/www.ssaver.gob.mx\/funcionario\/mision-y-vision\/","title":{"rendered":"Misi\u00f3n y visi\u00f3n"},"content":{"rendered":"\n<div class=\"wp-block-group is-layout-constrained wp-container-core-group-is-layout-b57e00ae wp-block-group-is-layout-constrained\">\n<div class=\"wp-block-cover wp-elements-31e60d2b376f7a1bd2f93c028e922941 has-aspect-ratio\" style=\"margin-top:0;margin-bottom:0;padding-top:0;padding-right:0;padding-bottom:0;padding-left:0;aspect-ratio:auto;min-height:unset;\"><img decoding=\"async\" class=\"wp-block-cover__image-background wp-image-5220 size-full\" alt=\"\" src=\"https:\/\/www.ssaver.gob.mx\/tecnologias\/wp-content\/uploads\/sites\/14\/2025\/09\/textura_areas_TI-scaled.png\" style=\"object-position:15% 27%\" data-object-fit=\"cover\" data-object-position=\"15% 27%\"\/><span aria-hidden=\"true\" class=\"wp-block-cover__background has-background-dim-100 has-background-dim\" style=\"background-color:#720f37\"><\/span><div class=\"wp-block-cover__inner-container is-layout-constrained wp-container-core-cover-is-layout-72190d31 wp-block-cover-is-layout-constrained\">\n<p class=\"has-text-align-center\" style=\"font-size:28px\"><strong>Misi\u00f3n y visi\u00f3n<\/strong><\/p>\n<\/div><\/div>\n\n\n\n<div class=\"wp-block-cover\" style=\"margin-top:0;margin-bottom:0\"><span aria-hidden=\"true\" class=\"wp-block-cover__background has-background-dim-100 has-background-dim has-background-gradient\" style=\"background:linear-gradient(180deg,rgb(233,231,225) 0%,rgba(232,230,225,0) 99%)\"><\/span><div class=\"wp-block-cover__inner-container is-layout-constrained wp-container-core-cover-is-layout-ce377239 wp-block-cover-is-layout-constrained\">\n<div class=\"wp-block-columns is-layout-flex wp-container-core-columns-is-layout-28f84493 wp-block-columns-is-layout-flex\">\n<div class=\"wp-block-column is-layout-flow wp-block-column-is-layout-flow\">\n<p class=\"has-text-align-center has-text-color has-link-color wp-elements-d24b9310c5de16b502cae43ccd0df0ae\" style=\"color:#5b4c0d;font-size:24px\"><strong>Misi\u00f3n y Visi\u00f3n de la Secretar\u00eda de Salud de Veracruz<\/strong><\/p>\n\n\n\n<hr class=\"wp-block-separator has-text-color has-alpha-channel-opacity has-background is-style-wide\" style=\"background-color:#d8bf31;color:#d8bf31\"\/>\n\n\n\n<ul style=\"font-size:18px\" class=\"wp-block-list\">\n<li class=\"has-text-color has-link-color has-medium-font-size wp-elements-bd5cd3f1eca9037e595eea2579459996\" style=\"color:#7a1737\">Misi\u00f3n \u201cMejorar la calidad de los servicios de salud gratuitos, focalizados en la poblaci\u00f3n sin seguridad social, fortaleciendo la rector\u00eda del Sistema Estatal de Salud.\u201d (Programa Veracruzano de Salud 2025-2030, P.11).<\/li>\n\n\n\n<li class=\"has-text-color has-link-color has-medium-font-size wp-elements-c1879b67e175f12f4286254fc954d894\" style=\"color:#7a1737\">Visi\u00f3n \u201cLograr que toda la poblaci\u00f3n veracruzana cuente con acceso a servicios de salud de calidad\u201d (Programa Veracruzano de Salud 2025-2030, P.11).<\/li>\n<\/ul>\n<\/div>\n\n\n\n<div class=\"wp-block-column is-layout-flow wp-block-column-is-layout-flow\">\n<p class=\"has-text-align-center has-text-color has-link-color wp-elements-def4dcb40b1802d6df560d157c9df716\" style=\"color:#5b4c0d;font-size:24px\"><strong>Misi\u00f3n y Visi\u00f3n del<\/strong>&nbsp;<strong>O.P.D. Servicios de Salud de Veracruz<\/strong><\/p>\n\n\n\n<hr class=\"wp-block-separator has-text-color has-alpha-channel-opacity has-background is-style-wide\" style=\"background-color:#d8bf31;color:#d8bf31\"\/>\n\n\n\n<ul class=\"wp-block-list\">\n<li class=\"has-text-color has-link-color has-medium-font-size wp-elements-8afb4cd8705f27a8ca0a982f5a1ab02c\" style=\"color:#7a1737\">Misi\u00f3n \u201cBrindar servicios de salud de calidad a la poblaci\u00f3n vulnerada, sin discriminaci\u00f3n, priorizando a los pobres, ind\u00edgenas y marginados.\u201d (Programa Institucional de los Servicios de Salud de Veracruz, 2019, P.218).<\/li>\n\n\n\n<li class=\"has-text-color has-link-color has-medium-font-size wp-elements-e5b271704b3816dac41c473931a86321\" style=\"color:#7a1737\">Visi\u00f3n \u201cTodos los veracruzanos mejoren su calidad y esperanza de vida.\u201d (Programa Institucional de los Servicios de Salud de Veracruz, 2019, P.218).<\/li>\n<\/ul>\n<\/div>\n<\/div>\n\n\n\n<hr class=\"wp-block-separator aligncenter has-text-color has-alpha-channel-opacity has-background is-style-wide\" style=\"background-color:#d8bf31;color:#d8bf31\"\/>\n\n\n\n<p class=\"has-text-color has-link-color has-medium-font-size wp-elements-9a56b518b8db4f3ef3e256951a637c39\" style=\"color:#7a1737;margin-top:0;margin-right:0;margin-bottom:0;margin-left:0\">Fuente: <strong>Programa Veracruzano de Salud 2025-2030<\/strong> y el <strong>Programa Institucional de los Servicios de Salud de Veracruz 2019 &#8211; 2024 <\/strong>los cuales pueden consultarse a trav\u00e9s del siguiente enlace <a href=\"https:\/\/www.ssaver.gob.mx\/planeacion\/documentos\/\">https:\/\/www.ssaver.gob.mx\/planeacion\/documentos\/<\/a><\/p>\n<\/div><\/div>\n<\/div>\n","protected":false},"excerpt":{"rendered":"","protected":false},"author":2,"featured_media":0,"parent":0,"menu_order":0,"comment_status":"closed","ping_status":"closed","template":"","meta":{"colormag_page_container_layout":"default_layout","colormag_page_sidebar_layout":"default_layout","footnotes":""},"class_list":["post-2035","page","type-page","status-publish","hentry"],"_links":{"self":[{"href":"https:\/\/www.ssaver.gob.mx\/funcionario\/wp-json\/wp\/v2\/pages\/2035","targetHints":{"allow":["GET"]}}],"collection":[{"href":"https:\/\/www.ssaver.gob.mx\/funcionario\/wp-json\/wp\/v2\/pages"}],"about":[{"href":"https:\/\/www.ssaver.gob.mx\/funcionario\/wp-json\/wp\/v2\/types\/page"}],"author":[{"embeddable":true,"href":"https:\/\/www.ssaver.gob.mx\/funcionario\/wp-json\/wp\/v2\/users\/2"}],"replies":[{"embeddable":true,"href":"https:\/\/www.ssaver.gob.mx\/funcionario\/wp-json\/wp\/v2\/comments?post=2035"}],"version-history":[{"count":15,"href":"https:\/\/www.ssaver.gob.mx\/funcionario\/wp-json\/wp\/v2\/pages\/2035\/revisions"}],"predecessor-version":[{"id":4483,"href":"https:\/\/www.ssaver.gob.mx\/funcionario\/wp-json\/wp\/v2\/pages\/2035\/revisions\/4483"}],"wp:attachment":[{"href":"https:\/\/www.ssaver.gob.mx\/funcionario\/wp-json\/wp\/v2\/media?parent=2035"}],"curies":[{"name":"wp","href":"https:\/\/api.w.org\/{rel}","templated":true}]}}

Misión y visión

<div class="wp-block-group is-layout-constrained wp-container-core-group-is-layout-b57e00ae wp-block-group-is-layout-constrained">
<div class="wp-block-cover wp-elements-31e60d2b376f7a1bd2f93c028e922941 has-aspect-ratio" style="margin-top:0;margin-bottom:0;padding-top:0;padding-right:0;padding-bottom:0;padding-left:0;aspect-ratio:auto;min-height:unset;"><img decoding="async" class="wp-block-cover__image-background wp-image-5220 size-full" alt="" src="https://www.ssaver.gob.mx/tecnologias/wp-content/uploads/sites/14/2025/09/textura_areas_TI-scaled.png" style="object-position:15% 27%" data-object-fit="cover" data-object-position="15% 27%"/><span aria-hidden="true" class="wp-block-cover__background has-background-dim-100 has-background-dim" style="background-color:#720f37"></span><div class="wp-block-cover__inner-container is-layout-constrained wp-container-core-cover-is-layout-72190d31 wp-block-cover-is-layout-constrained">
<p class="has-text-align-center" style="font-size:28px"><strong>Misión y visión</strong></p>
</div></div>



<div class="wp-block-cover" style="margin-top:0;margin-bottom:0"><span aria-hidden="true" class="wp-block-cover__background has-background-dim-100 has-background-dim has-background-gradient" style="background:linear-gradient(180deg,rgb(233,231,225) 0%,rgba(232,230,225,0) 99%)"></span><div class="wp-block-cover__inner-container is-layout-constrained wp-container-core-cover-is-layout-ce377239 wp-block-cover-is-layout-constrained">
<div class="wp-block-columns is-layout-flex wp-container-core-columns-is-layout-28f84493 wp-block-columns-is-layout-flex">
<div class="wp-block-column is-layout-flow wp-block-column-is-layout-flow">
<p class="has-text-align-center has-text-color has-link-color wp-elements-d24b9310c5de16b502cae43ccd0df0ae" style="color:#5b4c0d;font-size:24px"><strong>Misión y Visión de la Secretaría de Salud de Veracruz</strong></p>



<hr class="wp-block-separator has-text-color has-alpha-channel-opacity has-background is-style-wide" style="background-color:#d8bf31;color:#d8bf31"/>



<ul style="font-size:18px" class="wp-block-list">
<li class="has-text-color has-link-color has-medium-font-size wp-elements-bd5cd3f1eca9037e595eea2579459996" style="color:#7a1737">Misión “Mejorar la calidad de los servicios de salud gratuitos, focalizados en la población sin seguridad social, fortaleciendo la rectoría del Sistema Estatal de Salud.” (Programa Veracruzano de Salud 2025-2030, P.11).</li>



<li class="has-text-color has-link-color has-medium-font-size wp-elements-c1879b67e175f12f4286254fc954d894" style="color:#7a1737">Visión “Lograr que toda la población veracruzana cuente con acceso a servicios de salud de calidad” (Programa Veracruzano de Salud 2025-2030, P.11).</li>
</ul>
</div>



<div class="wp-block-column is-layout-flow wp-block-column-is-layout-flow">
<p class="has-text-align-center has-text-color has-link-color wp-elements-def4dcb40b1802d6df560d157c9df716" style="color:#5b4c0d;font-size:24px"><strong>Misión y Visión del</strong>&nbsp;<strong>O.P.D. Servicios de Salud de Veracruz</strong></p>



<hr class="wp-block-separator has-text-color has-alpha-channel-opacity has-background is-style-wide" style="background-color:#d8bf31;color:#d8bf31"/>



<ul class="wp-block-list">
<li class="has-text-color has-link-color has-medium-font-size wp-elements-8afb4cd8705f27a8ca0a982f5a1ab02c" style="color:#7a1737">Misión “Brindar servicios de salud de calidad a la población vulnerada, sin discriminación, priorizando a los pobres, indígenas y marginados.” (Programa Institucional de los Servicios de Salud de Veracruz, 2019, P.218).</li>



<li class="has-text-color has-link-color has-medium-font-size wp-elements-e5b271704b3816dac41c473931a86321" style="color:#7a1737">Visión “Todos los veracruzanos mejoren su calidad y esperanza de vida.” (Programa Institucional de los Servicios de Salud de Veracruz, 2019, P.218).</li>
</ul>
</div>
</div>



<hr class="wp-block-separator aligncenter has-text-color has-alpha-channel-opacity has-background is-style-wide" style="background-color:#d8bf31;color:#d8bf31"/>



<p class="has-text-color has-link-color has-medium-font-size wp-elements-9a56b518b8db4f3ef3e256951a637c39" style="color:#7a1737;margin-top:0;margin-right:0;margin-bottom:0;margin-left:0">Fuente: <strong>Programa Veracruzano de Salud 2025-2030</strong> y el <strong>Programa Institucional de los Servicios de Salud de Veracruz 2019 &#8211; 2024 </strong>los cuales pueden consultarse a través del siguiente enlace <a href="https://www.ssaver.gob.mx/planeacion/documentos/">https://www.ssaver.gob.mx/planeacion/documentos/</a></p>
</div></div>
</div>
