{"id":945,"date":"2022-11-29T13:51:28","date_gmt":"2022-11-29T13:51:28","guid":{"rendered":"https:\/\/www.ssaver.gob.mx\/funcionario\/?page_id=945"},"modified":"2026-04-27T18:50:13","modified_gmt":"2026-04-28T00:50:13","slug":"convenio-u013","status":"publish","type":"page","link":"https:\/\/www.ssaver.gob.mx\/funcionario\/convenios\/convenio-u013\/","title":{"rendered":"convenio-u013"},"content":{"rendered":"\n<hr class=\"wp-block-separator aligncenter has-text-color has-alpha-channel-opacity has-background is-style-wide\" style=\"margin-top:var(--wp--preset--spacing--20);margin-bottom:var(--wp--preset--spacing--20);background-color:#d6af4d;color:#d6af4d\"\/>\n\n\n\n<div class=\"wp-block-group is-layout-constrained wp-container-core-group-is-layout-12243e0f wp-block-group-is-layout-constrained\">\n<div class=\"wp-block-columns is-layout-flex wp-container-core-columns-is-layout-28f84493 wp-block-columns-is-layout-flex\">\n<div class=\"wp-block-column is-layout-flow wp-block-column-is-layout-flow\" style=\"flex-basis:100%\">\n<figure class=\"wp-block-image size-large\"><img loading=\"lazy\" decoding=\"async\" width=\"1024\" height=\"156\" src=\"https:\/\/www.ssaver.gob.mx\/funcionario\/wp-content\/uploads\/sites\/3\/2025\/08\/Convenio_U013_Banner-1024x156.png\" alt=\"\" class=\"wp-image-3771\" srcset=\"https:\/\/www.ssaver.gob.mx\/funcionario\/wp-content\/uploads\/sites\/3\/2025\/08\/Convenio_U013_Banner-1024x156.png 1024w, https:\/\/www.ssaver.gob.mx\/funcionario\/wp-content\/uploads\/sites\/3\/2025\/08\/Convenio_U013_Banner-300x46.png 300w, https:\/\/www.ssaver.gob.mx\/funcionario\/wp-content\/uploads\/sites\/3\/2025\/08\/Convenio_U013_Banner-768x117.png 768w, https:\/\/www.ssaver.gob.mx\/funcionario\/wp-content\/uploads\/sites\/3\/2025\/08\/Convenio_U013_Banner-1536x234.png 1536w, https:\/\/www.ssaver.gob.mx\/funcionario\/wp-content\/uploads\/sites\/3\/2025\/08\/Convenio_U013_Banner-2048x312.png 2048w\" sizes=\"auto, (max-width: 1024px) 100vw, 1024px\" \/><\/figure>\n<\/div>\n<\/div>\n\n\n\n<div class=\"wp-block-columns is-layout-flex wp-container-core-columns-is-layout-28f84493 wp-block-columns-is-layout-flex\">\n<div class=\"wp-block-column is-vertically-aligned-center has-background is-layout-flow wp-block-column-is-layout-flow\" style=\"background:linear-gradient(180deg,rgb(233,231,225) 66%,rgba(232,230,225,0) 100%);padding-top:var(--wp--preset--spacing--80);padding-right:var(--wp--preset--spacing--80);padding-bottom:var(--wp--preset--spacing--80);padding-left:var(--wp--preset--spacing--80);flex-basis:50%\">\n<hr class=\"wp-block-separator aligncenter has-text-color has-alpha-channel-opacity has-background is-style-wide\" style=\"margin-top:var(--wp--preset--spacing--20);margin-bottom:var(--wp--preset--spacing--20);background-color:#d6af4d;color:#d6af4d\"\/>\n\n\n\n<ul style=\"border-style:none;border-width:0px;border-radius:26px;margin-top:var(--wp--preset--spacing--30);margin-right:0;margin-bottom:var(--wp--preset--spacing--30);margin-left:0\" class=\"wp-block-list has-medium-font-size\">\n<li class=\"has-text-color has-link-color wp-elements-25ad665063ae62042c8d5bb1a2d75610\" style=\"color:#7a1737;padding-top:0;padding-right:0;padding-bottom:0;padding-left:0;font-size:24px\"><strong><a href=\"https:\/\/www.ssaver.gob.mx\/funcionario\/wp-content\/uploads\/sites\/3\/2023\/04\/PETCS_U013_VER.pdf\" target=\"_blank\" rel=\"noreferrer noopener\">PROGRAMA ESTATAL DE TRABAJO DE CONTRALOR\u00cdA SOCIAL 2023 U013<\/a><\/strong><\/li>\n\n\n\n<li class=\"has-text-color has-link-color wp-elements-6549eae64e5741f181b53a2207f8762a\" style=\"color:#7a1737;font-size:24px\"><strong><a href=\"https:\/\/www.ssaver.gob.mx\/funcionario\/wp-content\/uploads\/sites\/3\/2022\/11\/CONVENIO-CTR-U013-2020-V.2-VER-30_cssed.pdf\">CONVENIO VER-U013 EJERCICIO 2020<\/a><\/strong><\/li>\n<\/ul>\n\n\n\n<hr class=\"wp-block-separator has-text-color has-alpha-channel-opacity has-background is-style-default\" style=\"margin-top:var(--wp--preset--spacing--20);margin-bottom:var(--wp--preset--spacing--20);background-color:#d6af4d;color:#d6af4d\"\/>\n\n\n\n<p class=\"has-text-color has-link-color has-medium-font-size wp-elements-b227747fbca327a8d9b4714c9840453b\" style=\"color:#7a1737\"><strong>Responsable del contenido:<\/strong> <br>Fernando Hern\u00e1ndez Herrera<br>Secci\u00f3n de Atenci\u00f3n de Auditorias<br>Direcci\u00f3n Administrativa<br>Ext. 3630<\/p>\n<\/div>\n\n\n\n<div class=\"wp-block-column has-background is-layout-flow wp-block-column-is-layout-flow\" style=\"background:linear-gradient(180deg,rgb(233,231,225) 69%,rgb(238,238,238) 100%,rgb(169,184,195) 100%);padding-top:var(--wp--preset--spacing--80);padding-right:var(--wp--preset--spacing--80);padding-bottom:var(--wp--preset--spacing--80);padding-left:var(--wp--preset--spacing--80);flex-basis:50%\">\n<hr class=\"wp-block-separator aligncenter has-text-color has-alpha-channel-opacity has-background is-style-wide\" style=\"margin-top:0;margin-bottom:0;background-color:#d6af4d;color:#d6af4d\"\/>\n\n\n\n<ul style=\"border-style:none;border-width:0px;border-radius:26px;margin-top:var(--wp--preset--spacing--30);margin-right:0;margin-bottom:var(--wp--preset--spacing--30);margin-left:0\" class=\"wp-block-list has-medium-font-size\">\n<li class=\"has-text-color has-link-color wp-elements-1f1ab8fb1e50b8bae3ca09587ec2383c\" style=\"color:#7a1737;font-size:24px\"><strong><a href=\"https:\/\/www.ssaver.gob.mx\/direccionjuridica\/wp-content\/uploads\/sites\/19\/2026\/04\/ACUERDO-DE-COORDINACION-U013-2026.pdf\">ACUERDO DE COORDINACION U013-2026<\/a><\/strong><\/li>\n\n\n\n<li class=\"has-text-color has-link-color wp-elements-c96588ef275a9a77ef819df189335f10\" style=\"color:#7a1737;font-size:24px\"><strong><a href=\"https:\/\/www.ssaver.gob.mx\/direccionjuridica\/wp-content\/uploads\/sites\/19\/2026\/04\/ACUERDO-DE-COORDINACION-U013-2025.pdf\">ACUERDO DE COORDINACION U013-2025<\/a><\/strong><\/li>\n<\/ul>\n\n\n\n<hr class=\"wp-block-separator has-text-color has-alpha-channel-opacity has-background is-style-default\" style=\"margin-top:var(--wp--preset--spacing--20);margin-bottom:var(--wp--preset--spacing--20);background-color:#d6af4d;color:#d6af4d\"\/>\n\n\n\n<p class=\"has-text-color has-link-color has-medium-font-size wp-elements-7b09c5471cc5ba1bbaaf177a319e0607\" style=\"color:#7a1737\"><strong>Responsable del contenido:<\/strong> <br>Lic. G. Yulianna Dom\u00ednguez Hern\u00e1ndez<br>Direcci\u00f3n Jur\u00eddica<br>Ext. 3802<\/p>\n<\/div>\n\n\n\n<div class=\"wp-block-column is-layout-flow wp-block-column-is-layout-flow\"><\/div>\n<\/div>\n<\/div>\n\n\n\n<p><\/p>\n","protected":false},"excerpt":{"rendered":"<p>Responsable del contenido: Fernando Hern\u00e1ndez HerreraSecci\u00f3n de Atenci\u00f3n de AuditoriasDirecci\u00f3n AdministrativaExt. 3630 Responsable del contenido: Lic. G. Yulianna Dom\u00ednguez Hern\u00e1ndezDirecci\u00f3n<\/p>\n","protected":false},"author":2,"featured_media":0,"parent":974,"menu_order":0,"comment_status":"closed","ping_status":"closed","template":"","meta":{"colormag_page_container_layout":"default_layout","colormag_page_sidebar_layout":"default_layout","footnotes":""},"class_list":["post-945","page","type-page","status-publish","hentry"],"_links":{"self":[{"href":"https:\/\/www.ssaver.gob.mx\/funcionario\/wp-json\/wp\/v2\/pages\/945","targetHints":{"allow":["GET"]}}],"collection":[{"href":"https:\/\/www.ssaver.gob.mx\/funcionario\/wp-json\/wp\/v2\/pages"}],"about":[{"href":"https:\/\/www.ssaver.gob.mx\/funcionario\/wp-json\/wp\/v2\/types\/page"}],"author":[{"embeddable":true,"href":"https:\/\/www.ssaver.gob.mx\/funcionario\/wp-json\/wp\/v2\/users\/2"}],"replies":[{"embeddable":true,"href":"https:\/\/www.ssaver.gob.mx\/funcionario\/wp-json\/wp\/v2\/comments?post=945"}],"version-history":[{"count":27,"href":"https:\/\/www.ssaver.gob.mx\/funcionario\/wp-json\/wp\/v2\/pages\/945\/revisions"}],"predecessor-version":[{"id":4834,"href":"https:\/\/www.ssaver.gob.mx\/funcionario\/wp-json\/wp\/v2\/pages\/945\/revisions\/4834"}],"up":[{"embeddable":true,"href":"https:\/\/www.ssaver.gob.mx\/funcionario\/wp-json\/wp\/v2\/pages\/974"}],"wp:attachment":[{"href":"https:\/\/www.ssaver.gob.mx\/funcionario\/wp-json\/wp\/v2\/media?parent=945"}],"curies":[{"name":"wp","href":"https:\/\/api.w.org\/{rel}","templated":true}]}}

<hr class="wp-block-separator aligncenter has-text-color has-alpha-channel-opacity has-background is-style-wide" style="margin-top:var(--wp--preset--spacing--20);margin-bottom:var(--wp--preset--spacing--20);background-color:#d6af4d;color:#d6af4d"/>



<div class="wp-block-group is-layout-constrained wp-container-core-group-is-layout-12243e0f wp-block-group-is-layout-constrained">
<div class="wp-block-columns is-layout-flex wp-container-core-columns-is-layout-28f84493 wp-block-columns-is-layout-flex">
<div class="wp-block-column is-layout-flow wp-block-column-is-layout-flow" style="flex-basis:100%">
<figure class="wp-block-image size-large"><img loading="lazy" decoding="async" width="1024" height="156" src="https://www.ssaver.gob.mx/funcionario/wp-content/uploads/sites/3/2025/08/Convenio_U013_Banner-1024x156.png" alt="" class="wp-image-3771" srcset="https://www.ssaver.gob.mx/funcionario/wp-content/uploads/sites/3/2025/08/Convenio_U013_Banner-1024x156.png 1024w, https://www.ssaver.gob.mx/funcionario/wp-content/uploads/sites/3/2025/08/Convenio_U013_Banner-300x46.png 300w, https://www.ssaver.gob.mx/funcionario/wp-content/uploads/sites/3/2025/08/Convenio_U013_Banner-768x117.png 768w, https://www.ssaver.gob.mx/funcionario/wp-content/uploads/sites/3/2025/08/Convenio_U013_Banner-1536x234.png 1536w, https://www.ssaver.gob.mx/funcionario/wp-content/uploads/sites/3/2025/08/Convenio_U013_Banner-2048x312.png 2048w" sizes="auto, (max-width: 1024px) 100vw, 1024px" /></figure>
</div>
</div>



<div class="wp-block-columns is-layout-flex wp-container-core-columns-is-layout-28f84493 wp-block-columns-is-layout-flex">
<div class="wp-block-column is-vertically-aligned-center has-background is-layout-flow wp-block-column-is-layout-flow" style="background:linear-gradient(180deg,rgb(233,231,225) 66%,rgba(232,230,225,0) 100%);padding-top:var(--wp--preset--spacing--80);padding-right:var(--wp--preset--spacing--80);padding-bottom:var(--wp--preset--spacing--80);padding-left:var(--wp--preset--spacing--80);flex-basis:50%">
<hr class="wp-block-separator aligncenter has-text-color has-alpha-channel-opacity has-background is-style-wide" style="margin-top:var(--wp--preset--spacing--20);margin-bottom:var(--wp--preset--spacing--20);background-color:#d6af4d;color:#d6af4d"/>



<ul style="border-style:none;border-width:0px;border-radius:26px;margin-top:var(--wp--preset--spacing--30);margin-right:0;margin-bottom:var(--wp--preset--spacing--30);margin-left:0" class="wp-block-list has-medium-font-size">
<li class="has-text-color has-link-color wp-elements-25ad665063ae62042c8d5bb1a2d75610" style="color:#7a1737;padding-top:0;padding-right:0;padding-bottom:0;padding-left:0;font-size:24px"><strong><a href="https://www.ssaver.gob.mx/funcionario/wp-content/uploads/sites/3/2023/04/PETCS_U013_VER.pdf" target="_blank" rel="noreferrer noopener">PROGRAMA ESTATAL DE TRABAJO DE CONTRALORÍA SOCIAL 2023 U013</a></strong></li>



<li class="has-text-color has-link-color wp-elements-6549eae64e5741f181b53a2207f8762a" style="color:#7a1737;font-size:24px"><strong><a href="https://www.ssaver.gob.mx/funcionario/wp-content/uploads/sites/3/2022/11/CONVENIO-CTR-U013-2020-V.2-VER-30_cssed.pdf">CONVENIO VER-U013 EJERCICIO 2020</a></strong></li>
</ul>



<hr class="wp-block-separator has-text-color has-alpha-channel-opacity has-background is-style-default" style="margin-top:var(--wp--preset--spacing--20);margin-bottom:var(--wp--preset--spacing--20);background-color:#d6af4d;color:#d6af4d"/>



<p class="has-text-color has-link-color has-medium-font-size wp-elements-b227747fbca327a8d9b4714c9840453b" style="color:#7a1737"><strong>Responsable del contenido:</strong> <br>Fernando Hernández Herrera<br>Sección de Atención de Auditorias<br>Dirección Administrativa<br>Ext. 3630</p>
</div>



<div class="wp-block-column has-background is-layout-flow wp-block-column-is-layout-flow" style="background:linear-gradient(180deg,rgb(233,231,225) 69%,rgb(238,238,238) 100%,rgb(169,184,195) 100%);padding-top:var(--wp--preset--spacing--80);padding-right:var(--wp--preset--spacing--80);padding-bottom:var(--wp--preset--spacing--80);padding-left:var(--wp--preset--spacing--80);flex-basis:50%">
<hr class="wp-block-separator aligncenter has-text-color has-alpha-channel-opacity has-background is-style-wide" style="margin-top:0;margin-bottom:0;background-color:#d6af4d;color:#d6af4d"/>



<ul style="border-style:none;border-width:0px;border-radius:26px;margin-top:var(--wp--preset--spacing--30);margin-right:0;margin-bottom:var(--wp--preset--spacing--30);margin-left:0" class="wp-block-list has-medium-font-size">
<li class="has-text-color has-link-color wp-elements-1f1ab8fb1e50b8bae3ca09587ec2383c" style="color:#7a1737;font-size:24px"><strong><a href="https://www.ssaver.gob.mx/direccionjuridica/wp-content/uploads/sites/19/2026/04/ACUERDO-DE-COORDINACION-U013-2026.pdf">ACUERDO DE COORDINACION U013-2026</a></strong></li>



<li class="has-text-color has-link-color wp-elements-c96588ef275a9a77ef819df189335f10" style="color:#7a1737;font-size:24px"><strong><a href="https://www.ssaver.gob.mx/direccionjuridica/wp-content/uploads/sites/19/2026/04/ACUERDO-DE-COORDINACION-U013-2025.pdf">ACUERDO DE COORDINACION U013-2025</a></strong></li>
</ul>



<hr class="wp-block-separator has-text-color has-alpha-channel-opacity has-background is-style-default" style="margin-top:var(--wp--preset--spacing--20);margin-bottom:var(--wp--preset--spacing--20);background-color:#d6af4d;color:#d6af4d"/>



<p class="has-text-color has-link-color has-medium-font-size wp-elements-7b09c5471cc5ba1bbaaf177a319e0607" style="color:#7a1737"><strong>Responsable del contenido:</strong> <br>Lic. G. Yulianna Domínguez Hernández<br>Dirección Jurídica<br>Ext. 3802</p>
</div>



<div class="wp-block-column is-layout-flow wp-block-column-is-layout-flow"></div>
</div>
</div>



<p></p>

<p>Responsable del contenido: Fernando Hernández HerreraSección de Atención de AuditoriasDirección AdministrativaExt. 3630 Responsable del contenido: Lic. G. Yulianna Domínguez HernándezDirección</p>
