{"id":1085,"date":"2023-02-15T11:46:51","date_gmt":"2023-02-15T17:46:51","guid":{"rendered":"https:\/\/www.ssaver.gob.mx\/infraestructuradesalud\/?page_id=1085"},"modified":"2026-03-26T11:00:26","modified_gmt":"2026-03-26T17:00:26","slug":"licitaciones-2021","status":"publish","type":"page","link":"https:\/\/www.ssaver.gob.mx\/infraestructuradesalud\/licitaciones-2021\/","title":{"rendered":"Licitaciones 2021"},"content":{"rendered":"\n<hr class=\"wp-block-separator has-text-color has-alpha-channel-opacity has-background is-style-wide\" style=\"background-color:#d8bf31;color:#d8bf31\" \/>\n\n\n\n<div class=\"wp-block-group is-layout-constrained wp-container-core-group-is-layout-5caf20f4 wp-block-group-is-layout-constrained\" style=\"margin-top:0;margin-bottom:0\">\n<div class=\"wp-block-columns is-layout-flex wp-container-core-columns-is-layout-28f84493 wp-block-columns-is-layout-flex\">\n<div class=\"wp-block-column is-layout-flow wp-block-column-is-layout-flow\" style=\"flex-basis:100%\">\n<div class=\"wp-block-cover has-aspect-ratio\" style=\"margin-top:0;margin-bottom:0;padding-top:0;padding-bottom:0;aspect-ratio:auto;min-height:unset;\"><img decoding=\"async\" class=\"wp-block-cover__image-background wp-image-3976 size-full\" alt=\"\" src=\"https:\/\/www.ssaver.gob.mx\/funcionario\/wp-content\/uploads\/sites\/3\/2025\/10\/micrositios_encabezado_textura_-scaled.png\" data-object-fit=\"cover\" \/><span aria-hidden=\"true\" class=\"wp-block-cover__background has-background-dim-100 has-background-dim\" style=\"background-color:#720f37\"><\/span><div class=\"wp-block-cover__inner-container is-layout-constrained wp-block-cover-is-layout-constrained\">\n<p class=\"has-text-align-center\" style=\"font-size:28px\"><strong>Licitaciones 20<\/strong>21<\/p>\n<\/div><\/div>\n<\/div>\n<\/div>\n\n\n\n<div class=\"wp-block-columns has-background is-layout-flex wp-container-core-columns-is-layout-28f84493 wp-block-columns-is-layout-flex\" style=\"background:linear-gradient(180deg,rgb(233,231,225) 56%,rgba(232,230,225,0) 100%)\">\n<div class=\"wp-block-column is-layout-flow wp-block-column-is-layout-flow\" style=\"flex-basis:100%\">\n<div class=\"wp-block-columns is-layout-flex wp-container-core-columns-is-layout-28f84493 wp-block-columns-is-layout-flex\">\n<div class=\"wp-block-column is-layout-flow wp-block-column-is-layout-flow\" style=\"padding-top:var(--wp--preset--spacing--60);padding-right:var(--wp--preset--spacing--80);padding-bottom:var(--wp--preset--spacing--60);padding-left:var(--wp--preset--spacing--80);flex-basis:100%\">\n<p class=\"has-text-align-center has-white-color has-text-color has-background\" style=\"background-color:#9d861e;font-size:22px\"><strong>LICITACION P\u00daBLICA<\/strong><\/p>\n\n\n\n<p><strong>LPE Y LPN <\/strong><\/p>\n\n\n\n<ul class=\"wp-block-list\">\n<li><strong><a href=\"https:\/\/www.ssaver.gob.mx\/infraestructuradesalud\/wp-content\/uploads\/sites\/8\/2023\/02\/LPE-SESVER-DIS-2021-002-FISE-F.pdf\">LPE-SESVER-DIS-2021-002-FISE-F<\/a><\/strong><\/li>\n\n\n\n<li><strong><a href=\"https:\/\/www.ssaver.gob.mx\/infraestructuradesalud\/wp-content\/uploads\/sites\/8\/2023\/02\/LPE-SESVER-DIS-2021-003-FISE-F.pdf\">LPE-SESVER-DIS-2021-003-FISE-F<\/a><\/strong><\/li>\n\n\n\n<li><strong><a href=\"https:\/\/www.ssaver.gob.mx\/infraestructuradesalud\/wp-content\/uploads\/sites\/8\/2023\/02\/SESVER-DIS-ADELANTOFISE-2021-001-LPE-OK.pdf\">SESVER-DIS-ADELANTOFISE-2021-001-LPE<\/a><\/strong><\/li>\n\n\n\n<li><strong><a href=\"https:\/\/www.ssaver.gob.mx\/infraestructuradesalud\/wp-content\/uploads\/sites\/8\/2023\/02\/SESVER-DIS-FISE-2021-002-LPE.pdf\">SESVER-DIS-FISE-2021-002-LPE<\/a><\/strong><\/li>\n\n\n\n<li><strong><a href=\"https:\/\/www.ssaver.gob.mx\/infraestructuradesalud\/wp-content\/uploads\/sites\/8\/2023\/02\/SESVER-DIS-FISE-2021-003-LPE.pdf\">SESVER-DIS-FISE-2021-003-LPE<\/a><\/strong><\/li>\n\n\n\n<li><strong><a href=\"https:\/\/www.ssaver.gob.mx\/infraestructuradesalud\/wp-content\/uploads\/sites\/8\/2023\/02\/SESVER-DIS-FISE-2021-004-LPE.pdf\">SESVER-DIS-FISE-2021-004-LPE<\/a><\/strong><\/li>\n\n\n\n<li><strong><a href=\"https:\/\/www.ssaver.gob.mx\/infraestructuradesalud\/wp-content\/uploads\/sites\/8\/2023\/02\/SESVER-DIS-FISE-2021-015-LPE.pdf\">SESVER-DIS-FISE-2021-015-LPE<\/a><\/strong><\/li>\n\n\n\n<li><strong><a href=\"https:\/\/www.ssaver.gob.mx\/infraestructuradesalud\/wp-content\/uploads\/sites\/8\/2023\/02\/SESVER-DIS-FISE-2021-016-LPE.pdf\">SESVER-DIS-FISE-2021-016-LPE<\/a><\/strong><\/li>\n\n\n\n<li><strong><a href=\"https:\/\/www.ssaver.gob.mx\/infraestructuradesalud\/wp-content\/uploads\/sites\/8\/2023\/02\/SESVER-DIS-FISE-2021-022-LPE-COATEPEC.pdf\">SESVER-DIS-FISE-2021-022-LPE<\/a><\/strong><\/li>\n<\/ul>\n<\/div>\n<\/div>\n\n\n\n<div class=\"wp-block-columns is-layout-flex wp-container-core-columns-is-layout-28f84493 wp-block-columns-is-layout-flex\">\n<div class=\"wp-block-column is-layout-flow wp-block-column-is-layout-flow\" style=\"padding-top:var(--wp--preset--spacing--60);padding-right:var(--wp--preset--spacing--80);padding-bottom:var(--wp--preset--spacing--60);padding-left:var(--wp--preset--spacing--80);flex-basis:100%\">\n<p class=\"has-text-align-center has-white-color has-text-color has-background\" style=\"background-color:#9d861e;font-size:22px\"><strong><strong>INVITACI\u00d3N A CUANDO MENOS 3 PERSONAS<\/strong><\/strong><\/p>\n\n\n\n<p><strong>ICTP<\/strong><\/p>\n\n\n\n<ul class=\"wp-block-list\">\n<li><strong><a href=\"https:\/\/www.ssaver.gob.mx\/infraestructuradesalud\/wp-content\/uploads\/sites\/8\/2023\/02\/ICTP-SESVER-DIS-2021-003-FISE-DESIERTO.pdf\">ICTP-SESVER-DIS-2021-003-FISE<\/a><\/strong><\/li>\n\n\n\n<li><strong><a href=\"https:\/\/www.ssaver.gob.mx\/infraestructuradesalud\/wp-content\/uploads\/sites\/8\/2023\/02\/SESVER-DIS-FISE-2021-005-ICTP.pdf\">SESVER-DIS-FISE-2021-005-ICTP<\/a><\/strong><\/li>\n\n\n\n<li><strong><a href=\"https:\/\/www.ssaver.gob.mx\/infraestructuradesalud\/wp-content\/uploads\/sites\/8\/2023\/02\/SESVER-DIS-FISE-2021-006-ICTP.pdf\">SESVER-DIS-FISE-2021-006-ICTP<\/a><\/strong><\/li>\n\n\n\n<li><strong><a href=\"https:\/\/www.ssaver.gob.mx\/infraestructuradesalud\/wp-content\/uploads\/sites\/8\/2023\/02\/SESVER-DIS-FISE-2021-007-ICTP.pdf\">SESVER-DIS-FISE-2021-007-ICTP<\/a><\/strong><\/li>\n\n\n\n<li><strong><a href=\"https:\/\/www.ssaver.gob.mx\/infraestructuradesalud\/wp-content\/uploads\/sites\/8\/2023\/02\/SESVER-DIS-FISE-2021-009-ICTP.pdf\">SESVER-DIS-FISE-2021-009-ICTP<\/a><\/strong><\/li>\n\n\n\n<li><strong><a href=\"https:\/\/www.ssaver.gob.mx\/infraestructuradesalud\/wp-content\/uploads\/sites\/8\/2023\/02\/SESVER-DIS-FISE-2021-017-ICTP.pdf\">SESVER-DIS-FISE-2021-017-ICTP<\/a><\/strong><\/li>\n\n\n\n<li><strong><a href=\"https:\/\/www.ssaver.gob.mx\/infraestructuradesalud\/wp-content\/uploads\/sites\/8\/2023\/02\/SESVER-DIS-FISE-2021-018-ICTP.pdf\">SESVER-DIS-FISE-2021-018-ICTP<\/a><\/strong><\/li>\n\n\n\n<li><strong><a href=\"https:\/\/www.ssaver.gob.mx\/infraestructuradesalud\/wp-content\/uploads\/sites\/8\/2023\/02\/SESVER-DIS-FISE-2021-019-ICTP.pdf\">SESVER-DIS-FISE-2021-019-ICTP<\/a><\/strong><\/li>\n\n\n\n<li><strong><a href=\"https:\/\/www.ssaver.gob.mx\/infraestructuradesalud\/wp-content\/uploads\/sites\/8\/2023\/02\/SESVER-DIS-FISE-2021-020-ICTP.pdf\">SESVER-DIS-FISE-2021-020-ICTP<\/a><\/strong><\/li>\n\n\n\n<li><strong><a href=\"https:\/\/www.ssaver.gob.mx\/infraestructuradesalud\/wp-content\/uploads\/sites\/8\/2023\/02\/SESVER-DIS-FISE-2021-023-ICTP-SALUD-MENTAL.pdf\">SESVER-DIS-FISE-2021-023-ICTP<\/a><\/strong><\/li>\n\n\n\n<li><strong><a href=\"https:\/\/www.ssaver.gob.mx\/infraestructuradesalud\/wp-content\/uploads\/sites\/8\/2023\/02\/SESVER-DIS-FISE-2021-024-ICTP-ARROYO-BLANCO.pdf\">SESVER-DIS-FISE-2021-024-ICTP<\/a><\/strong><\/li>\n\n\n\n<li><strong><a href=\"https:\/\/www.ssaver.gob.mx\/infraestructuradesalud\/wp-content\/uploads\/sites\/8\/2023\/02\/SESVER-DIS-FISE-2021-025-ICTP-COL.-AMILIANO-ZAPATA.pdf\">SESVER-DIS-FISE-2021-025-ICTP<\/a><\/strong><\/li>\n\n\n\n<li><strong><a href=\"https:\/\/www.ssaver.gob.mx\/infraestructuradesalud\/wp-content\/uploads\/sites\/8\/2023\/02\/SESVER-DIS-FISE-2021-026-ICTP-LERDO-DE-TEJADA.pdf\">SESVER-DIS-FISE-2021-026-ICTP<\/a><\/strong><\/li>\n\n\n\n<li><strong><a href=\"https:\/\/www.ssaver.gob.mx\/infraestructuradesalud\/wp-content\/uploads\/sites\/8\/2023\/02\/SESVER-DIS-FISE-2021-027-ICTP-APAZAPAN.pdf\">SESVER-DIS-FISE-2021-027-ICTP<\/a><\/strong><\/li>\n\n\n\n<li><strong><a href=\"https:\/\/www.ssaver.gob.mx\/infraestructuradesalud\/wp-content\/uploads\/sites\/8\/2023\/02\/SESVER-DIS-REDEPEN-2021-008-ICTP.pdf\">SESVER-DIS-REDEPEN-2021-008-ICTP<\/a><\/strong><\/li>\n\n\n\n<li><strong><a href=\"https:\/\/www.ssaver.gob.mx\/infraestructuradesalud\/wp-content\/uploads\/sites\/8\/2023\/02\/SESVER-DIS-SE-2021-010-ICTP.pdf\">SESVER-DIS-SE-2021-010-ICTP<\/a><\/strong><\/li>\n<\/ul>\n<\/div>\n<\/div>\n\n\n\n<div class=\"wp-block-columns is-layout-flex wp-container-core-columns-is-layout-28f84493 wp-block-columns-is-layout-flex\">\n<div class=\"wp-block-column is-layout-flow wp-block-column-is-layout-flow\" style=\"padding-top:var(--wp--preset--spacing--60);padding-right:var(--wp--preset--spacing--80);padding-bottom:var(--wp--preset--spacing--60);padding-left:var(--wp--preset--spacing--80);flex-basis:100%\">\n<p class=\"has-text-align-center has-white-color has-text-color has-background\" style=\"background-color:#9d861e;font-size:22px\"><strong><strong><strong>ADJUDICACI\u00d3N DIRECTA<\/strong><\/strong><\/strong><\/p>\n\n\n\n<p><strong>AD<\/strong><\/p>\n\n\n\n<ul class=\"wp-block-list\">\n<li><strong><a href=\"https:\/\/www.ssaver.gob.mx\/infraestructuradesalud\/wp-content\/uploads\/sites\/8\/2023\/02\/SERVER-DIS-IP-2021-012-AD.pdf\">SERVER-DIS-IP-2021-012-AD<\/a><\/strong><\/li>\n\n\n\n<li><strong><a href=\"https:\/\/www.ssaver.gob.mx\/infraestructuradesalud\/wp-content\/uploads\/sites\/8\/2023\/02\/SESVER-DIS-REDEPEN-2021-011-AD.pdf\">SESVER-DIS-REDEPEN-2021-011-AD<\/a><\/strong><\/li>\n<\/ul>\n<\/div>\n<\/div>\n\n\n\n<div class=\"wp-block-columns is-layout-flex wp-container-core-columns-is-layout-28f84493 wp-block-columns-is-layout-flex\">\n<div class=\"wp-block-column is-layout-flow wp-block-column-is-layout-flow\" style=\"padding-top:var(--wp--preset--spacing--60);padding-right:var(--wp--preset--spacing--80);padding-bottom:var(--wp--preset--spacing--60);padding-left:var(--wp--preset--spacing--80);flex-basis:100%\">\n<p class=\"has-text-align-center has-white-color has-text-color has-background\" style=\"background-color:#9d861e;font-size:22px\"><strong><strong><strong><strong>ADJUDICACI\u00d3N DIRECTA POR EXCEPCI\u00d3N DE LEY<\/strong><\/strong><\/strong><\/strong><\/p>\n\n\n\n<p><strong>AD-EXC<\/strong><\/p>\n\n\n\n<ul class=\"wp-block-list\">\n<li><strong><a href=\"https:\/\/www.ssaver.gob.mx\/infraestructuradesalud\/wp-content\/uploads\/sites\/8\/2023\/02\/SESVER-DIS-FISE-2021-013-AD-EXC.pdf\">SESVER-DIS-FISE-2021-013-AD-EXC<\/a><\/strong><\/li>\n\n\n\n<li><strong><a href=\"https:\/\/www.ssaver.gob.mx\/infraestructuradesalud\/wp-content\/uploads\/sites\/8\/2023\/02\/SESVER-DIS-FISE-2021-014-AD-EXC.pdf\">SESVER-DIS-FISE-2021-014-AD-EXC<\/a><\/strong><\/li>\n\n\n\n<li><strong><a href=\"https:\/\/www.ssaver.gob.mx\/infraestructuradesalud\/wp-content\/uploads\/sites\/8\/2023\/02\/SESVER-DIS-FISE-2021-021-AD-EXC.pdf\">SESVER-DIS-FISE-2021-021-AD-EXC<\/a><\/strong><\/li>\n<\/ul>\n<\/div>\n<\/div>\n<\/div>\n<\/div>\n<\/div>\n","protected":false},"excerpt":{"rendered":"<p>LICITACION P\u00daBLICA LPE Y LPN INVITACI\u00d3N A CUANDO MENOS 3 PERSONAS ICTP ADJUDICACI\u00d3N DIRECTA AD ADJUDICACI\u00d3N DIRECTA POR EXCEPCI\u00d3N DE<\/p>\n","protected":false},"author":11,"featured_media":0,"parent":0,"menu_order":0,"comment_status":"closed","ping_status":"closed","template":"","meta":{"colormag_page_container_layout":"default_layout","colormag_page_sidebar_layout":"default_layout","footnotes":""},"class_list":["post-1085","page","type-page","status-publish","hentry"],"_links":{"self":[{"href":"https:\/\/www.ssaver.gob.mx\/infraestructuradesalud\/wp-json\/wp\/v2\/pages\/1085","targetHints":{"allow":["GET"]}}],"collection":[{"href":"https:\/\/www.ssaver.gob.mx\/infraestructuradesalud\/wp-json\/wp\/v2\/pages"}],"about":[{"href":"https:\/\/www.ssaver.gob.mx\/infraestructuradesalud\/wp-json\/wp\/v2\/types\/page"}],"author":[{"embeddable":true,"href":"https:\/\/www.ssaver.gob.mx\/infraestructuradesalud\/wp-json\/wp\/v2\/users\/11"}],"replies":[{"embeddable":true,"href":"https:\/\/www.ssaver.gob.mx\/infraestructuradesalud\/wp-json\/wp\/v2\/comments?post=1085"}],"version-history":[{"count":8,"href":"https:\/\/www.ssaver.gob.mx\/infraestructuradesalud\/wp-json\/wp\/v2\/pages\/1085\/revisions"}],"predecessor-version":[{"id":2994,"href":"https:\/\/www.ssaver.gob.mx\/infraestructuradesalud\/wp-json\/wp\/v2\/pages\/1085\/revisions\/2994"}],"wp:attachment":[{"href":"https:\/\/www.ssaver.gob.mx\/infraestructuradesalud\/wp-json\/wp\/v2\/media?parent=1085"}],"curies":[{"name":"wp","href":"https:\/\/api.w.org\/{rel}","templated":true}]}}