{"id":419,"date":"2022-06-15T17:10:01","date_gmt":"2022-06-15T22:10:01","guid":{"rendered":"https:\/\/www.ssaver.gob.mx\/infraestructuradesalud\/?page_id=419"},"modified":"2026-03-26T10:29:13","modified_gmt":"2026-03-26T16:29:13","slug":"licitaciones-2022","status":"publish","type":"page","link":"https:\/\/www.ssaver.gob.mx\/infraestructuradesalud\/licitaciones-2022\/","title":{"rendered":"Licitaciones 2022"},"content":{"rendered":"\n<hr class=\"wp-block-separator has-text-color has-alpha-channel-opacity has-background is-style-wide\" style=\"background-color:#d8bf31;color:#d8bf31\" \/>\n\n\n\n<div class=\"wp-block-group is-layout-constrained wp-container-core-group-is-layout-5caf20f4 wp-block-group-is-layout-constrained\" style=\"margin-top:0;margin-bottom:0\">\n<div class=\"wp-block-columns is-layout-flex wp-container-core-columns-is-layout-28f84493 wp-block-columns-is-layout-flex\">\n<div class=\"wp-block-column is-layout-flow wp-block-column-is-layout-flow\" style=\"flex-basis:100%\">\n<div class=\"wp-block-cover has-aspect-ratio\" style=\"margin-top:0;margin-bottom:0;padding-top:0;padding-bottom:0;aspect-ratio:auto;min-height:unset;\"><img decoding=\"async\" class=\"wp-block-cover__image-background wp-image-3976 size-full\" alt=\"\" src=\"https:\/\/www.ssaver.gob.mx\/funcionario\/wp-content\/uploads\/sites\/3\/2025\/10\/micrositios_encabezado_textura_-scaled.png\" data-object-fit=\"cover\" \/><span aria-hidden=\"true\" class=\"wp-block-cover__background has-background-dim-100 has-background-dim\" style=\"background-color:#720f37\"><\/span><div class=\"wp-block-cover__inner-container is-layout-constrained wp-block-cover-is-layout-constrained\">\n<p class=\"has-text-align-center\" style=\"font-size:28px\"><strong>Licitaciones 20<\/strong>22<\/p>\n<\/div><\/div>\n<\/div>\n<\/div>\n\n\n\n<div class=\"wp-block-columns has-background is-layout-flex wp-container-core-columns-is-layout-28f84493 wp-block-columns-is-layout-flex\" style=\"background:linear-gradient(180deg,rgb(233,231,225) 56%,rgba(232,230,225,0) 100%)\">\n<div class=\"wp-block-column is-layout-flow wp-block-column-is-layout-flow\" style=\"flex-basis:100%\">\n<div class=\"wp-block-columns is-layout-flex wp-container-core-columns-is-layout-28f84493 wp-block-columns-is-layout-flex\">\n<div class=\"wp-block-column is-layout-flow wp-block-column-is-layout-flow\" style=\"padding-top:var(--wp--preset--spacing--60);padding-right:var(--wp--preset--spacing--80);padding-bottom:var(--wp--preset--spacing--60);padding-left:var(--wp--preset--spacing--80);flex-basis:100%\">\n<p class=\"has-text-align-center has-white-color has-text-color has-background\" style=\"background-color:#9d861e;font-size:22px\"><strong>LICITACION P\u00daBLICA<\/strong><\/p>\n\n\n\n<ul class=\"wp-block-list\">\n<li><strong>CONTRATOS 2022<\/strong>\n<ul class=\"wp-block-list\">\n<li><strong><a href=\"https:\/\/www.ssaver.gob.mx\/infraestructuradesalud\/wp-content\/uploads\/sites\/8\/2023\/02\/LPN-SESVER-DIS-2021-010-INSABI-F.pdf\">LPN-SESVER-DIS-2021-010-INSABI-F<\/a>  &nbsp;&nbsp;&nbsp;&nbsp;&nbsp;   <a href=\"https:\/\/www.ssaver.gob.mx\/infraestructuradesalud\/wp-content\/uploads\/sites\/8\/2023\/02\/LPN-SESVER-DIS-2021-011-INSABI-F.pdf\">LPN-SESVER-DIS-2021-011-INSABI-F<\/a><\/strong><\/li>\n\n\n\n<li><strong><a href=\"https:\/\/www.ssaver.gob.mx\/infraestructuradesalud\/wp-content\/uploads\/sites\/8\/2022\/09\/LPE-SESVER-DIS-2022-001-FISE-CONTRATO-003-JUCHIQUE-DE-FERRER.pdf\">SESVER-DIS-FISE-2022-003-LPE&nbsp;<\/a>&nbsp;&nbsp;&nbsp; &nbsp;&nbsp; &nbsp;&nbsp;<a href=\"https:\/\/www.ssaver.gob.mx\/infraestructuradesalud\/wp-content\/uploads\/sites\/8\/2022\/09\/LPE-SESVER-DIS-2022-002-FISE-CONTRATO-004-TENOCHTITLAN.pdf\">SESVER-DIS-FISE-2022-004-LPE<\/a><\/strong><\/li>\n\n\n\n<li><strong><a href=\"https:\/\/www.ssaver.gob.mx\/infraestructuradesalud\/wp-content\/uploads\/sites\/8\/2022\/09\/LPE-SESVER-DIS-2022-003-FISE-CONTRATO-005-TLACOLULAN.pdf\">SESVER-DIS-FISE-2022-005-LPE<\/a>&nbsp; &nbsp; &nbsp; &nbsp; &nbsp; <a href=\"https:\/\/www.ssaver.gob.mx\/infraestructuradesalud\/wp-content\/uploads\/sites\/8\/2022\/09\/LPE-SESVER-DIS-2022-004-FISE-CONTRATO-006-CATEMACO.pdf\">SESVER-DIS-FISE-2022-006-LPE<\/a><\/strong><\/li>\n\n\n\n<li><strong><a href=\"https:\/\/www.ssaver.gob.mx\/infraestructuradesalud\/wp-content\/uploads\/sites\/8\/2022\/09\/LPE-SESVER-DIS-2022-006-FISE-CONTRATO-007-AYAHUALULCO.pdf\">SESVER-DIS-FISE-2022-007-LPE<\/a>&nbsp;&nbsp; &nbsp;&nbsp; &nbsp;&nbsp; &nbsp;<a href=\"https:\/\/www.ssaver.gob.mx\/infraestructuradesalud\/wp-content\/uploads\/sites\/8\/2022\/09\/LPE-SESVER-DIS-2021-007-FISE-CONTRATO-008-TONAYAN.pdf\">SESVER-DIS-FISE-2022-008-LPE<\/a><\/strong><\/li>\n\n\n\n<li><a href=\"https:\/\/www.ssaver.gob.mx\/infraestructuradesalud\/wp-content\/uploads\/sites\/8\/2022\/09\/LPE-SESVER-DIS-2022-008-FISE-CONTRATO-009-ZEMPOALA.pdf\"><strong>SESVER-DIS-FISE-2022-009-LPE&nbsp;<\/strong><\/a><strong>&nbsp;&nbsp; &nbsp; &nbsp; &nbsp; <\/strong><a href=\"https:\/\/www.ssaver.gob.mx\/infraestructuradesalud\/wp-content\/uploads\/sites\/8\/2022\/10\/CONTRATO-SESVER-DIS-FISE-2022-010-LPE-CHOCAMAN-009-.pdf\"><strong>SESVER-DIS-FISE-2022-010-LPE<\/strong><\/a><\/li>\n\n\n\n<li><strong><a href=\"https:\/\/www.ssaver.gob.mx\/infraestructuradesalud\/wp-content\/uploads\/sites\/8\/2022\/10\/CONTRATO-SESVER-DIS-FISE-2022-011-LPE-MONTE-BLANCO-010.pdf\">SESVER-DIS-FISE-2022-011-LPE<\/a>&nbsp; &nbsp;&nbsp; &nbsp;&nbsp; &nbsp;&nbsp;<a href=\"https:\/\/www.ssaver.gob.mx\/infraestructuradesalud\/wp-content\/uploads\/sites\/8\/2022\/10\/CONTRATO-SESVER-DIS-FISE-2022-012-LPE-EL-ZACATAL-011.pdf\">SESVER-DIS-FISE-2022-012-LPE<\/a><\/strong><\/li>\n\n\n\n<li><strong><a href=\"https:\/\/www.ssaver.gob.mx\/infraestructuradesalud\/wp-content\/uploads\/sites\/8\/2022\/10\/CONTRATO-SESVER-DIS-FISE-2022-013-LPE-CASTILLO-DE-TEAYO-013.pdf\">SESVER-DIS-FISE-2022-013-LPE<\/a>&nbsp; &nbsp; &nbsp; &nbsp; &nbsp; <a href=\"https:\/\/www.ssaver.gob.mx\/infraestructuradesalud\/wp-content\/uploads\/sites\/8\/2022\/10\/CONTRATO-SESVER-DIS-FISE-2022-014-LPE-TAMARINDO-014.pdf\">SESVER-DIS-FISE-2022-014-LPE<\/a><\/strong><\/li>\n\n\n\n<li><strong><a href=\"https:\/\/www.ssaver.gob.mx\/infraestructuradesalud\/wp-content\/uploads\/sites\/8\/2022\/10\/CONTRATO-SESVER-DIS-FISE-2022-015-LPE-CUITLAHUAC-015.pdf\">SESVER-DIS-FISE-2022-015-LPE<\/a>&nbsp;&nbsp; &nbsp;&nbsp; &nbsp;&nbsp; &nbsp;<a href=\"https:\/\/www.ssaver.gob.mx\/infraestructuradesalud\/wp-content\/uploads\/sites\/8\/2022\/10\/CONTRATO-SESVER-DIS-FISE-2022-016-LPE-EL-COCUITE-017.pdf\">SESVER-DIS-FISE-2022-016-LPE<\/a><\/strong><\/li>\n\n\n\n<li><strong><a href=\"https:\/\/www.ssaver.gob.mx\/infraestructuradesalud\/wp-content\/uploads\/sites\/8\/2022\/11\/SESVER-DIS-FISE-2022-020-LPE-JUAN-RODRIGUEZ-CLARA.pdf\">SESVER-DIS-FISE-2022-020-LPE&nbsp;<\/a>&nbsp; &nbsp;&nbsp; &nbsp;&nbsp; &nbsp;<a href=\"https:\/\/www.ssaver.gob.mx\/infraestructuradesalud\/wp-content\/uploads\/sites\/8\/2022\/11\/SESVER-DIS-FISE-2022-021-LPE-DOS-AMATES.pdf\">SESVER-DIS-FISE-2022-021-LPE<\/a><\/strong><\/li>\n\n\n\n<li><a href=\"https:\/\/www.ssaver.gob.mx\/infraestructuradesalud\/wp-content\/uploads\/sites\/8\/2023\/01\/SESVER-DIS-FISE-2022-022-LPE-HUEYAPAN-DE-OCAMPO.pdf\"><strong>SESVER-DIS-FISE-2022-022-LPE<\/strong>&nbsp;&nbsp;&nbsp;&nbsp;&nbsp;&nbsp;&nbsp;&nbsp;&nbsp; <\/a><strong><a href=\"https:\/\/www.ssaver.gob.mx\/infraestructuradesalud\/wp-content\/uploads\/sites\/8\/2022\/11\/SESVER-DIS-FISE-2022-023-LPE-SALINAS-ROCA-PARTIDA.pdf\">SESVER-DIS-FISE-2022-023-LPE<\/a><\/strong><\/li>\n\n\n\n<li><strong><a href=\"https:\/\/www.ssaver.gob.mx\/infraestructuradesalud\/wp-content\/uploads\/sites\/8\/2023\/01\/SESVER-DIS-FISE-2022-024-LPE-SOCONUSCO.pdf\">SESVER-DIS-FISE-2022-024-LPE<\/a>&nbsp;&nbsp; &nbsp;&nbsp;<\/strong>  &nbsp;&nbsp;&nbsp; <a href=\"https:\/\/www.ssaver.gob.mx\/infraestructuradesalud\/wp-content\/uploads\/sites\/8\/2022\/12\/BASES-LPE-SESVER-DIS-2022-033-FISE-CERRO-AZUL.pdf\"><strong>SESVER-DIS-FISE-2022-031-LPE<\/strong><\/a><\/li>\n\n\n\n<li><strong><a href=\"https:\/\/www.ssaver.gob.mx\/infraestructuradesalud\/wp-content\/uploads\/sites\/8\/2023\/01\/SESVER-DIS-FISE-2022-032-LPE-GUTIERREZ-ZAMORA.pdf\">SESVER-DIS-FISE-2022-032-LPE<\/a>&nbsp;&nbsp; &nbsp;&nbsp;<\/strong>  &nbsp;&nbsp;&nbsp; <a href=\"https:\/\/www.ssaver.gob.mx\/infraestructuradesalud\/wp-content\/uploads\/sites\/8\/2023\/01\/SESVER-DIS-FISE-2022-033-LPE-CATEMACO.pdf\"><strong>SESVER-DIS-FISE-2022-033-LPE<\/strong><\/a><\/li>\n\n\n\n<li><strong><a href=\"https:\/\/www.ssaver.gob.mx\/infraestructuradesalud\/wp-content\/uploads\/sites\/8\/2023\/01\/SESVER-DIS-FISE-2022-034-LPE-LAS-CHOAPAS.pdf\">SESVER-DIS-FISE-2022-034-LPE<\/a>&nbsp;&nbsp; &nbsp;&nbsp;<\/strong> &nbsp;&nbsp;&nbsp;&nbsp;<strong><a href=\"https:\/\/www.ssaver.gob.mx\/infraestructuradesalud\/wp-content\/uploads\/sites\/8\/2023\/01\/SESVER-DIS-FISE-2022-035-LPE-CECAN-XALAPA.pdf\">SESVER-DIS-FISE-2022-035-LPE<\/a><\/strong><\/li>\n\n\n\n<li><strong><a href=\"https:\/\/www.ssaver.gob.mx\/infraestructuradesalud\/wp-content\/uploads\/sites\/8\/2023\/01\/SESVER-DIS-FISE-2022-036-LPE-CHINAMPA-DE-GOROSTIZA.pdf\">SESVER-DIS-FISE-2022-036-LPE<\/a><\/strong><\/li>\n<\/ul>\n<\/li>\n<\/ul>\n\n\n\n<ul class=\"wp-block-list\">\n<li><strong>LICITACIONES 2022<\/strong>\n<ul class=\"wp-block-list\">\n<li><strong><a href=\"https:\/\/www.ssaver.gob.mx\/infraestructuradesalud\/wp-content\/uploads\/sites\/8\/2022\/07\/LPE-SESVER-DIS-2022-005-FISE..pdf\">LPE-SESVER-DIS-2022-005-FISE<\/a>&nbsp; &nbsp; &nbsp; &nbsp; &nbsp; *<a href=\"https:\/\/www.ssaver.gob.mx\/infraestructuradesalud\/wp-content\/uploads\/sites\/8\/2022\/09\/FALLO-LPE-SESVER-DIS-2022-012-FISE-SAYULA-1.pdf\">LPE-SESVER-DIS-2022-012-FISE<\/a><\/strong><\/li>\n\n\n\n<li><strong><a href=\"https:\/\/www.ssaver.gob.mx\/infraestructuradesalud\/wp-content\/uploads\/sites\/8\/2022\/09\/FALLO-LPE-SESVER-DIS-2022-016-FISE-EL-ZAPOTE-1.pdf\">LPE-SESVER-DIS-2022-016-FISE<\/a>&nbsp; &nbsp; &nbsp; &nbsp; &nbsp; &nbsp;*<a href=\"https:\/\/www.ssaver.gob.mx\/infraestructuradesalud\/wp-content\/uploads\/sites\/8\/2022\/09\/FALLO-LPE-SESVER-DIS-2022-018-FISE-EL-NARANJO-.pdf\">LPE-SESVER-DIS-2022-018-FISE<\/a><\/strong><\/li>\n<\/ul>\n<\/li>\n<\/ul>\n<\/div>\n<\/div>\n\n\n\n<div class=\"wp-block-columns is-layout-flex wp-container-core-columns-is-layout-28f84493 wp-block-columns-is-layout-flex\">\n<div class=\"wp-block-column is-layout-flow wp-block-column-is-layout-flow\" style=\"padding-top:var(--wp--preset--spacing--60);padding-right:var(--wp--preset--spacing--80);padding-bottom:var(--wp--preset--spacing--60);padding-left:var(--wp--preset--spacing--80);flex-basis:100%\">\n<p class=\"has-text-align-center has-white-color has-text-color has-background\" style=\"background-color:#9d861e;font-size:22px\"><strong><strong>INVITACI\u00d3N A CUANDO MENOS 3 PERSONAS<\/strong><\/strong><\/p>\n\n\n\n<p><\/p>\n\n\n\n<p><strong><a href=\"https:\/\/www.ssaver.gob.mx\/infraestructuradesalud\/wp-content\/uploads\/sites\/8\/2022\/12\/CONTRATO-No.-SESVER-DIS-REPAFE-2022-029-ICTP.pdf\">SESVER-DIS-REPAFE-2022-029-ICTP<\/a><\/strong><\/p>\n\n\n\n<p><strong><a href=\"https:\/\/www.ssaver.gob.mx\/infraestructuradesalud\/wp-content\/uploads\/sites\/8\/2023\/01\/SESVER-DIS-CRESCA-2022-030-ICTP-CRESCA.pdf\">SESVER-DIS-CRESCA-2022-030-ICTP<\/a><\/strong><\/p>\n<\/div>\n<\/div>\n\n\n\n<div class=\"wp-block-columns is-layout-flex wp-container-core-columns-is-layout-28f84493 wp-block-columns-is-layout-flex\">\n<div class=\"wp-block-column is-layout-flow wp-block-column-is-layout-flow\" style=\"padding-top:var(--wp--preset--spacing--60);padding-right:var(--wp--preset--spacing--80);padding-bottom:var(--wp--preset--spacing--60);padding-left:var(--wp--preset--spacing--80);flex-basis:100%\">\n<p class=\"has-text-align-center has-white-color has-text-color has-background\" style=\"background-color:#9d861e;font-size:22px\"><strong><strong><strong>ADJUDICACI\u00d3N DIRECTA<\/strong><\/strong><\/strong><\/p>\n\n\n\n<ul class=\"wp-block-list\">\n<li><a href=\"https:\/\/www.ssaver.gob.mx\/infraestructuradesalud\/wp-content\/uploads\/sites\/8\/2022\/09\/SESVER-DIS-SE-2022-017-AD-DICTAMEN-ESTRUCTURAL.pdf\"><strong>SESVER-DIS-SE-2022-017-AD<\/strong><\/a><\/li>\n\n\n\n<li><a href=\"https:\/\/www.ssaver.gob.mx\/infraestructuradesalud\/wp-content\/uploads\/sites\/8\/2022\/09\/SESVER-DIS-SE-2022-018-AD-NAUTLA..pdf\"><strong>SESVER-DIS-SE-2022-018-AD<\/strong><\/a><\/li>\n\n\n\n<li><strong><a href=\"https:\/\/www.ssaver.gob.mx\/infraestructuradesalud\/wp-content\/uploads\/sites\/8\/2023\/01\/SESVER-DIS-SE-2022-028-AD-ESTUDIOS.pdf\">SESVER-DIS-SE-2022-028-AD<\/a><\/strong><\/li>\n<\/ul>\n<\/div>\n<\/div>\n\n\n\n<div class=\"wp-block-columns is-layout-flex wp-container-core-columns-is-layout-28f84493 wp-block-columns-is-layout-flex\">\n<div class=\"wp-block-column is-layout-flow wp-block-column-is-layout-flow\" style=\"padding-top:var(--wp--preset--spacing--60);padding-right:var(--wp--preset--spacing--80);padding-bottom:var(--wp--preset--spacing--60);padding-left:var(--wp--preset--spacing--80);flex-basis:100%\">\n<p class=\"has-text-align-center has-white-color has-text-color has-background\" style=\"background-color:#9d861e;font-size:22px\"><strong><strong><strong><strong>ADJUDICACI\u00d3N DIRECTA POR EXCEPCI\u00d3N DE LEY<\/strong><\/strong><\/strong><\/strong><\/p>\n\n\n\n<ul class=\"wp-block-list\">\n<li><a href=\"https:\/\/www.ssaver.gob.mx\/infraestructuradesalud\/wp-content\/uploads\/sites\/8\/2022\/09\/CONTRATO-SESVER-DIS-FISE-2022-019-AD-EXC-OTATES..pdf\"><strong>SESVER-DIS-FISE-2022-019-AD-EXC<\/strong><\/a><\/li>\n\n\n\n<li><a href=\"https:\/\/www.ssaver.gob.mx\/infraestructuradesalud\/wp-content\/uploads\/sites\/8\/2022\/11\/CONTRATO-SESVER-DIS-FISE-2022-025-AD-EXC-SAYULA.pdf\"><strong>SESVER-DIS-FISE-2022-025-AD-EXC<\/strong><\/a><\/li>\n\n\n\n<li><a href=\"https:\/\/www.ssaver.gob.mx\/infraestructuradesalud\/wp-content\/uploads\/sites\/8\/2022\/11\/SESVER-DIS-FISE-2022-026-AD-EXC-EL-ZAPOTE.pdf\"><strong>SESVER-DIS-FISE-2022-026-AD-EXC<\/strong><\/a><\/li>\n\n\n\n<li><a href=\"https:\/\/www.ssaver.gob.mx\/infraestructuradesalud\/wp-content\/uploads\/sites\/8\/2022\/11\/SESVER-DIS-FISE-2022-027-AD-EXC.pdf\"><strong>SESVER-DIS-FISE-2022-027-AD-EXC<\/strong><\/a><\/li>\n<\/ul>\n<\/div>\n<\/div>\n<\/div>\n<\/div>\n<\/div>\n","protected":false},"excerpt":{"rendered":"<p>LICITACION P\u00daBLICA INVITACI\u00d3N A CUANDO MENOS 3 PERSONAS SESVER-DIS-REPAFE-2022-029-ICTP SESVER-DIS-CRESCA-2022-030-ICTP ADJUDICACI\u00d3N DIRECTA ADJUDICACI\u00d3N DIRECTA POR EXCEPCI\u00d3N DE LEY<\/p>\n","protected":false},"author":2,"featured_media":0,"parent":0,"menu_order":0,"comment_status":"closed","ping_status":"closed","template":"","meta":{"colormag_page_container_layout":"default_layout","colormag_page_sidebar_layout":"default_layout","footnotes":""},"class_list":["post-419","page","type-page","status-publish","hentry"],"_links":{"self":[{"href":"https:\/\/www.ssaver.gob.mx\/infraestructuradesalud\/wp-json\/wp\/v2\/pages\/419","targetHints":{"allow":["GET"]}}],"collection":[{"href":"https:\/\/www.ssaver.gob.mx\/infraestructuradesalud\/wp-json\/wp\/v2\/pages"}],"about":[{"href":"https:\/\/www.ssaver.gob.mx\/infraestructuradesalud\/wp-json\/wp\/v2\/types\/page"}],"author":[{"embeddable":true,"href":"https:\/\/www.ssaver.gob.mx\/infraestructuradesalud\/wp-json\/wp\/v2\/users\/2"}],"replies":[{"embeddable":true,"href":"https:\/\/www.ssaver.gob.mx\/infraestructuradesalud\/wp-json\/wp\/v2\/comments?post=419"}],"version-history":[{"count":174,"href":"https:\/\/www.ssaver.gob.mx\/infraestructuradesalud\/wp-json\/wp\/v2\/pages\/419\/revisions"}],"predecessor-version":[{"id":2987,"href":"https:\/\/www.ssaver.gob.mx\/infraestructuradesalud\/wp-json\/wp\/v2\/pages\/419\/revisions\/2987"}],"wp:attachment":[{"href":"https:\/\/www.ssaver.gob.mx\/infraestructuradesalud\/wp-json\/wp\/v2\/media?parent=419"}],"curies":[{"name":"wp","href":"https:\/\/api.w.org\/{rel}","templated":true}]}}