{"id":547,"date":"2022-06-24T10:45:44","date_gmt":"2022-06-24T15:45:44","guid":{"rendered":"https:\/\/www.ssaver.gob.mx\/lesp\/?page_id=547"},"modified":"2026-03-25T09:48:39","modified_gmt":"2026-03-25T15:48:39","slug":"descargas","status":"publish","type":"page","link":"https:\/\/www.ssaver.gob.mx\/lesp\/descargas\/","title":{"rendered":"Descargas"},"content":{"rendered":"\n<div class=\"wp-block-group is-layout-constrained wp-container-core-group-is-layout-9517baca wp-block-group-is-layout-constrained\">\n<div class=\"wp-block-columns is-layout-flex wp-container-core-columns-is-layout-9c22b1e3 wp-block-columns-is-layout-flex\">\n<div class=\"wp-block-column is-vertically-aligned-stretch is-layout-flow wp-container-core-column-is-layout-c43c6636 wp-block-column-is-layout-flow\" style=\"padding-right:0;padding-left:0;flex-basis:100%\">\n<div class=\"wp-block-cover wp-elements-01517fa00b3909eaf8385533ba47a637 has-aspect-ratio\" style=\"margin-top:0;margin-bottom:0;padding-top:0;padding-right:0;padding-bottom:0;padding-left:0;aspect-ratio:auto;min-height:unset;\"><img decoding=\"async\" class=\"wp-block-cover__image-background wp-image-5220 size-full\" alt=\"\" src=\"https:\/\/www.ssaver.gob.mx\/tecnologias\/wp-content\/uploads\/sites\/14\/2025\/09\/textura_areas_TI-scaled.png\" style=\"object-position:15% 27%\" data-object-fit=\"cover\" data-object-position=\"15% 27%\" \/><span aria-hidden=\"true\" class=\"wp-block-cover__background has-background-dim-100 has-background-dim\" style=\"background-color:#720f37\"><\/span><div class=\"wp-block-cover__inner-container is-layout-constrained wp-container-core-cover-is-layout-72190d31 wp-block-cover-is-layout-constrained\">\n<p class=\"has-text-align-center\" style=\"font-size:28px\"><strong>Descargas<\/strong><\/p>\n<\/div><\/div>\n<\/div>\n<\/div>\n\n\n\n<div class=\"wp-block-columns is-layout-flex wp-container-core-columns-is-layout-b2864ded wp-block-columns-is-layout-flex\" style=\"margin-top:0;margin-bottom:0;padding-top:0;padding-bottom:0\">\n<div class=\"wp-block-column is-vertically-aligned-center has-background is-layout-flow wp-block-column-is-layout-flow\" style=\"background:linear-gradient(180deg,rgb(233,231,225) 32%,rgba(232,230,225,0) 100%);padding-top:var(--wp--preset--spacing--40);padding-right:var(--wp--preset--spacing--40);padding-bottom:var(--wp--preset--spacing--40);padding-left:var(--wp--preset--spacing--70);flex-basis:100%\">\n<hr class=\"wp-block-separator aligncenter has-text-color has-alpha-channel-opacity has-background is-style-wide\" style=\"margin-top:var(--wp--preset--spacing--20);margin-bottom:var(--wp--preset--spacing--20);background-color:#d6af4d;color:#d6af4d\" \/>\n\n\n\n<div class=\"wp-block-columns is-layout-flex wp-container-core-columns-is-layout-28f84493 wp-block-columns-is-layout-flex\">\n<div class=\"wp-block-column is-layout-flow wp-block-column-is-layout-flow\">\n<p class=\"has-text-color\" style=\"color:#5b4c0d;font-size:22px\"><strong>DEPARTAMENTO DE DIAGN\u00d3STICO EPIDEMIOL\u00d3GICO:<\/strong><\/p>\n\n\n\n<hr class=\"wp-block-separator has-text-color has-alpha-channel-opacity has-background is-style-wide\" style=\"background-color:#d8bf31;color:#d8bf31\" \/>\n\n\n\n<ul class=\"wp-block-list has-medium-font-size\">\n<li><a href=\"https:\/\/www.ssaver.gob.mx\/lesp\/wp-content\/uploads\/sites\/12\/2025\/12\/ERC-F-001-Rev.-6.pdf\"><strong>Solicitud de An\u00e1lisis<\/strong><\/a><\/li>\n\n\n\n<li><strong><a href=\"https:\/\/www.ssaver.gob.mx\/lesp\/wp-content\/uploads\/sites\/12\/2026\/03\/ERC-C-001-Rev.59-Criterios-acepta.pdf\">Criterios de aceptaci\u00f3n y envio de las muestras&nbsp;Biol\u00f3gicas<\/a><\/strong><\/li>\n\n\n\n<li><strong><a href=\"https:\/\/www.ssaver.gob.mx\/lesp\/metodos-y-limitaciones-2\/\">Metodos y Limitaciones<\/a><\/strong><\/li>\n\n\n\n<li><strong><a href=\"https:\/\/www.ssaver.gob.mx\/lesp\/wp-content\/uploads\/sites\/12\/2025\/07\/ERC-I-001-Rev.3-Toma-Mues-B.pdf\">Toma de Muestras Biol\u00f3gicas<\/a><\/strong><\/li>\n\n\n\n<li><strong><a href=\"https:\/\/www.ssaver.gob.mx\/lesp\/wp-content\/uploads\/sites\/12\/2022\/09\/ERC-E-002-Rev.2022-REMU-F-12_07.pdf\">REMU-F-012<\/a><\/strong><\/li>\n<\/ul>\n\n\n\n<p class=\"has-text-color\" style=\"color:#5b4c0d;font-size:22px\"><strong>DEPARTAMENTO DE AN\u00c1LISIS SANITARIOS:<\/strong><\/p>\n\n\n\n<hr class=\"wp-block-separator has-text-color has-alpha-channel-opacity has-background is-style-wide\" style=\"background-color:#d8bf31;color:#d8bf31\" \/>\n\n\n\n<ul class=\"wp-block-list has-medium-font-size\">\n<li><strong><a href=\"https:\/\/www.ssaver.gob.mx\/lesp\/wp-content\/uploads\/sites\/12\/2026\/03\/SRM-F-001-Rev-21.pdf\">Solicitud de An\u00e1lisis<\/a><\/strong><\/li>\n\n\n\n<li><strong><a href=\"https:\/\/www.ssaver.gob.mx\/lesp\/wp-content\/uploads\/sites\/12\/2024\/11\/SRM-C-001-Rev.24-Criterios-Acept-R.pdf\">Criterios de Aceptaci\u00f3n y Rechazo<\/a><\/strong><\/li>\n<\/ul>\n\n\n\n<p class=\"has-text-color\" style=\"color:#5b4c0d;font-size:22px\"><strong><strong>DEPARTAMENTO DE CONTROL RADIOL\u00d3GICO:<\/strong><\/strong><\/p>\n\n\n\n<hr class=\"wp-block-separator has-text-color has-alpha-channel-opacity has-background is-style-wide\" style=\"background-color:#d8bf31;color:#d8bf31\" \/>\n\n\n\n<ul class=\"wp-block-list has-medium-font-size\">\n<li><strong><a href=\"https:\/\/www.ssaver.gob.mx\/lesp\/wp-content\/uploads\/sites\/12\/2025\/05\/RMR-F-002-R29-Solicitud-A.pdf\">Solicitud de An\u00e1lisis<\/a><\/strong><\/li>\n<\/ul>\n<\/div>\n<\/div>\n\n\n\n<p><\/p>\n<\/div>\n<\/div>\n<\/div>\n","protected":false},"excerpt":{"rendered":"<p>DEPARTAMENTO DE DIAGN\u00d3STICO EPIDEMIOL\u00d3GICO: DEPARTAMENTO DE AN\u00c1LISIS SANITARIOS: DEPARTAMENTO DE CONTROL RADIOL\u00d3GICO:<\/p>\n","protected":false},"author":5,"featured_media":0,"parent":0,"menu_order":0,"comment_status":"closed","ping_status":"closed","template":"","meta":{"colormag_page_container_layout":"default_layout","colormag_page_sidebar_layout":"default_layout","footnotes":""},"class_list":["post-547","page","type-page","status-publish","hentry"],"_links":{"self":[{"href":"https:\/\/www.ssaver.gob.mx\/lesp\/wp-json\/wp\/v2\/pages\/547","targetHints":{"allow":["GET"]}}],"collection":[{"href":"https:\/\/www.ssaver.gob.mx\/lesp\/wp-json\/wp\/v2\/pages"}],"about":[{"href":"https:\/\/www.ssaver.gob.mx\/lesp\/wp-json\/wp\/v2\/types\/page"}],"author":[{"embeddable":true,"href":"https:\/\/www.ssaver.gob.mx\/lesp\/wp-json\/wp\/v2\/users\/5"}],"replies":[{"embeddable":true,"href":"https:\/\/www.ssaver.gob.mx\/lesp\/wp-json\/wp\/v2\/comments?post=547"}],"version-history":[{"count":53,"href":"https:\/\/www.ssaver.gob.mx\/lesp\/wp-json\/wp\/v2\/pages\/547\/revisions"}],"predecessor-version":[{"id":2443,"href":"https:\/\/www.ssaver.gob.mx\/lesp\/wp-json\/wp\/v2\/pages\/547\/revisions\/2443"}],"wp:attachment":[{"href":"https:\/\/www.ssaver.gob.mx\/lesp\/wp-json\/wp\/v2\/media?parent=547"}],"curies":[{"name":"wp","href":"https:\/\/api.w.org\/{rel}","templated":true}]}}