{"id":846,"date":"2022-08-09T14:23:33","date_gmt":"2022-08-09T19:23:33","guid":{"rendered":"https:\/\/www.ssaver.gob.mx\/lesp\/?page_id=846"},"modified":"2026-03-25T09:54:59","modified_gmt":"2026-03-25T15:54:59","slug":"metodos-y-limitaciones-2","status":"publish","type":"page","link":"https:\/\/www.ssaver.gob.mx\/lesp\/metodos-y-limitaciones-2\/","title":{"rendered":"Metodos y Limitaciones"},"content":{"rendered":"\n<div class=\"wp-block-group is-layout-constrained wp-container-core-group-is-layout-9517baca wp-block-group-is-layout-constrained\">\n<div class=\"wp-block-columns is-layout-flex wp-container-core-columns-is-layout-9c22b1e3 wp-block-columns-is-layout-flex\">\n<div class=\"wp-block-column is-vertically-aligned-stretch is-layout-flow wp-container-core-column-is-layout-c43c6636 wp-block-column-is-layout-flow\" style=\"padding-right:0;padding-left:0;flex-basis:100%\">\n<div class=\"wp-block-cover wp-elements-25e6a29c71a6452e8990458d483095a4 has-aspect-ratio\" style=\"margin-top:0;margin-bottom:0;padding-top:0;padding-right:0;padding-bottom:0;padding-left:0;aspect-ratio:auto;min-height:unset;\"><img decoding=\"async\" class=\"wp-block-cover__image-background wp-image-5220 size-full\" alt=\"\" src=\"https:\/\/www.ssaver.gob.mx\/tecnologias\/wp-content\/uploads\/sites\/14\/2025\/09\/textura_areas_TI-scaled.png\" style=\"object-position:15% 27%\" data-object-fit=\"cover\" data-object-position=\"15% 27%\" \/><span aria-hidden=\"true\" class=\"wp-block-cover__background has-background-dim-100 has-background-dim\" style=\"background-color:#720f37\"><\/span><div class=\"wp-block-cover__inner-container is-layout-constrained wp-container-core-cover-is-layout-72190d31 wp-block-cover-is-layout-constrained\">\n<p class=\"has-text-align-center\" style=\"font-size:28px\"><strong>M\u00e9todos y Limitaciones<\/strong><\/p>\n<\/div><\/div>\n<\/div>\n<\/div>\n\n\n\n<div class=\"wp-block-columns is-layout-flex wp-container-core-columns-is-layout-b2864ded wp-block-columns-is-layout-flex\" style=\"margin-top:0;margin-bottom:0;padding-top:0;padding-bottom:0\">\n<div class=\"wp-block-column is-vertically-aligned-center has-background is-layout-flow wp-block-column-is-layout-flow\" style=\"background:linear-gradient(180deg,rgb(233,231,225) 32%,rgba(232,230,225,0) 100%);padding-top:var(--wp--preset--spacing--40);padding-right:var(--wp--preset--spacing--70);padding-bottom:var(--wp--preset--spacing--40);padding-left:var(--wp--preset--spacing--70);flex-basis:100%\">\n<hr class=\"wp-block-separator aligncenter has-text-color has-alpha-channel-opacity has-background is-style-wide\" style=\"margin-top:var(--wp--preset--spacing--20);margin-bottom:var(--wp--preset--spacing--20);background-color:#d6af4d;color:#d6af4d\" \/>\n\n\n\n<figure class=\"wp-block-table has-medium-font-size\"><table><tbody><tr><td><a href=\"https:\/\/www.ssaver.gob.mx\/lesp\/wp-content\/uploads\/sites\/12\/2023\/05\/EBS-M-002.pdf\"><strong>EBS-M-002 Detecci\u00f3n de <em>Mycobacterium tuberculosis<\/em> por qPCR (XPERT\/MTB)<\/strong><\/a><\/td><\/tr><tr><td><strong><a href=\"https:\/\/www.ssaver.gob.mx\/lesp\/wp-content\/uploads\/sites\/12\/2025\/05\/EBS-M-003.pdf\">EBS-M-003 Aislamiento e identificaci\u00f3n de <em>Mycobacterium tuberculosis.<\/em><\/a><\/strong><\/td><\/tr><tr><td><a href=\"https:\/\/www.ssaver.gob.mx\/lesp\/wp-content\/uploads\/sites\/12\/2025\/05\/EPS-M-001-002003-006.pdf\"><strong>EPS-M-001 Ensayo inmunoenzim\u00e1tico (ELISA) para la detecci\u00f3n de anticuerpos contra el <\/strong> <strong><em>Trypanosoma cruz<\/em><\/strong>i <strong>(ELISA recombinante<\/strong>)<\/a><\/td><\/tr><tr><td><a href=\"https:\/\/www.ssaver.gob.mx\/lesp\/wp-content\/uploads\/sites\/12\/2025\/05\/EPS-M-001-002003-006.pdf\"><strong>EPS-M-002 Prueba cualitativa y\/o cuantitativa de Hemaglutinaci\u00f3n indirecta para la detecci\u00f3n de anticuerpos anti- <\/strong> <strong><em>Trypanosoma cruz<\/em><\/strong>i <strong>(HAI)<\/strong><\/a><\/td><\/tr><tr><td><a href=\"https:\/\/www.ssaver.gob.mx\/lesp\/wp-content\/uploads\/sites\/12\/2025\/05\/EPS-M-001-002003-006.pdf\"><strong>EPS-M-003 Determinaci\u00f3n de anticuerpos anti &#8211;<\/strong> <strong><em>Trypanosoma cruz<\/em><\/strong>i <strong>por inmunofluorescencia indirecta (IFI<\/strong>)<\/a><\/td><\/tr><tr><td><a href=\"https:\/\/www.ssaver.gob.mx\/lesp\/wp-content\/uploads\/sites\/12\/2025\/05\/EPS-M-001-002003-006.pdf\"><strong>EPS-M-006 Ensayo inmunoenzim\u00e1tico (ELISA) lisado para la detecci\u00f3n de anticuerpos contra el <em>Trypanosoma cruz<\/em><\/strong>i <strong>(ELISA Lisado<\/strong>)<\/a><\/td><\/tr><tr><td><a href=\"https:\/\/www.ssaver.gob.mx\/lesp\/wp-content\/uploads\/sites\/12\/2023\/05\/EPS-M-008.pdf\"><strong>EPS-M-008 Ensayo inmunoenzimatico (ELISA) para la detecci\u00f3n de anticuerpos contra el <em>Trypanosoma cruzi <\/em>(Tamizaje en eludidos de sangre seca en pape filtro)<\/strong><\/a><\/td><\/tr><tr><td><a href=\"https:\/\/www.ssaver.gob.mx\/lesp\/wp-content\/uploads\/sites\/12\/2025\/05\/EVR-M-006-EVR-M-008.pdf\"><strong>EVR-M-006 Rubeola IgM ELISA<\/strong><\/a><\/td><\/tr><tr><td><a href=\"https:\/\/www.ssaver.gob.mx\/lesp\/wp-content\/uploads\/sites\/12\/2025\/05\/EVR-M-007-EVR-M-009.pdf\"><strong>EVR-M-007 Sarampi\u00f3n IgM ELISA<\/strong><\/a><\/td><\/tr><tr><td><a href=\"https:\/\/www.ssaver.gob.mx\/lesp\/wp-content\/uploads\/sites\/12\/2025\/05\/EVR-M-006-EVR-M-008.pdf\"><strong>EVR-M-008 Rubeola IgG ELISA<\/strong><\/a><\/td><\/tr><tr><td><a href=\"https:\/\/www.ssaver.gob.mx\/lesp\/wp-content\/uploads\/sites\/12\/2025\/05\/EVR-M-007-EVR-M-009.pdf\"><strong>EVR-M-009 Sarampi\u00f3n IgG ELISA<\/strong><\/a><\/td><\/tr><tr><td><strong><a href=\"https:\/\/www.ssaver.gob.mx\/lesp\/wp-content\/uploads\/sites\/12\/2025\/05\/EVR-M-001-EVR.pdf\">EVR-M-001 Detecci\u00f3n de rotavirus en materia fecal humana por ensayo inmunoenzim\u00e1tico (ELISA)<\/a><\/strong><\/td><\/tr><tr><td><a href=\"https:\/\/www.ssaver.gob.mx\/lesp\/wp-content\/uploads\/sites\/12\/2025\/05\/EVR-M-002-EVR-M-016.pdf\"><strong>EVR-M-002 Dengue NS1 Ag ELISA de s\u00e1ndwich<\/strong><\/a><\/td><\/tr><tr><td><a href=\"https:\/\/www.ssaver.gob.mx\/lesp\/wp-content\/uploads\/sites\/12\/2025\/05\/EVR-M-010.pdf\"><strong>EVR-M-010 Determinaci\u00f3n de Anticuerpos IgM frente al virus de la Hepatitis \u201cA\u201d en suero o plasma humano por el m\u00e9todo de quimioluminiscencia (HAV).<\/strong><\/a><\/td><\/tr><tr><td><a href=\"https:\/\/www.ssaver.gob.mx\/lesp\/wp-content\/uploads\/sites\/12\/2025\/05\/EVR-M-011.pdf\"><strong>EVR-M-011 Detecci\u00f3n del ant\u00edgeno de superficie del virus de la Hepatitis \u201cB\u201d, en suero y plasma humano por el m\u00e9todo de quimioluminiscencia (HBsAg)<\/strong><\/a><\/td><\/tr><tr><td><a href=\"https:\/\/www.ssaver.gob.mx\/lesp\/wp-content\/uploads\/sites\/12\/2025\/05\/EVR-M-012.pdf\"><strong>EVR-M-012 Determinaci\u00f3n de anticuerpos IgM frente al ant\u00edgeno core de la Hepatitis \u201cB\u201d en suero o plasma humano por el m\u00e9todo quimioluminiscencia (Anti-HBc IgM)<\/strong><\/a><\/td><\/tr><tr><td><a href=\"https:\/\/www.ssaver.gob.mx\/lesp\/wp-content\/uploads\/sites\/12\/2025\/05\/EVR-M-013.pdf\"><strong>EVR-M-013 Determinaci\u00f3n de anticuerpos frente al ant\u00edgeno de superficie de la hepatitis B en suero y plasma humano por el m\u00e9todo quimioluminiscencia (Anti-HBs)<\/strong><\/a><\/td><\/tr><tr><td><a href=\"https:\/\/www.ssaver.gob.mx\/lesp\/wp-content\/uploads\/sites\/12\/2025\/05\/EVR-M-014-EVR-M-015.pdf\"><strong>EVR-M-014 Determinaci\u00f3n de anticuerpos frente al virus de la Hepatitis \u201cC\u201d en suero o plasma humano por el m\u00e9todo de quimioluminiscencia (Anti-VHC).<\/strong><\/a><\/td><\/tr><tr><td><a href=\"https:\/\/www.ssaver.gob.mx\/lesp\/wp-content\/uploads\/sites\/12\/2025\/05\/EVR-M-014-EVR-M-015.pdf\"><strong>EVR-M-015 Detecci\u00f3n de anticuerpos ANTI-VHC en suero o plasma humano por inmunotransferencia.<\/strong><\/a><\/td><\/tr><tr><td><a href=\"https:\/\/www.ssaver.gob.mx\/lesp\/wp-content\/uploads\/sites\/12\/2023\/05\/EVR-M-002-EVR-M-016.pdf\"><strong>EVR-M-016 Dengue IgM ELISA de Captura PANBIO<\/strong><\/a><\/td><\/tr><tr><td><a href=\"https:\/\/www.ssaver.gob.mx\/lesp\/wp-content\/uploads\/sites\/12\/2025\/05\/EVI-M-001.pdf\"><strong>EVI-M-001 DETECCI\u00d3N SISTEM\u00c1TICA DEL ANT\u00cdGENO P24 DEL VIH Y DE LOS ANTICUERPOS PARA EL VIH-1 Y VIH-2. <\/strong><\/a><\/td><\/tr><tr><td><a href=\"https:\/\/www.ssaver.gob.mx\/lesp\/wp-content\/uploads\/sites\/12\/2025\/05\/EVI-M-002.pdf\"><strong>EVI-M-002 DETECCI\u00d3N DE ANTICUERPOS ANTI-VIH 1 EN SUERO \/ PLASMA. EQUIPO DE CONFIRMACI\u00d3N. <\/strong><\/a><\/td><\/tr><tr><td><a href=\"https:\/\/www.ssaver.gob.mx\/lesp\/wp-content\/uploads\/sites\/12\/2025\/05\/EVI-M-03-EVI-M-04.pdf\"><strong>EVI-M-003&nbsp; DETERMINACI\u00d3N DE REAGINAS PLASM\u00c1TICAS. <\/strong><\/a><\/td><\/tr><tr><td><a href=\"https:\/\/www.ssaver.gob.mx\/lesp\/wp-content\/uploads\/sites\/12\/2025\/05\/EVI-M-03-EVI-M-04.pdf\"><strong>EVI-M-004&nbsp; ENSAYO INMUNOENZIMATICO (ELISA) PARA LA DETECCION DE ANTICUERPOS ANTI-Treponema pallidum.<\/strong><\/a><\/td><\/tr><tr><td><a href=\"https:\/\/www.ssaver.gob.mx\/lesp\/wp-content\/uploads\/sites\/12\/2025\/05\/EVI-M-006.pdf\"><strong>EVI-M-006 DETECCION SISTEMATICA DEL ANT\u00cdGENO P24 DEL VIH Y DE LOS ANTICUERPOS PARA EL VIH-1 Y VIH-2 EIA.<\/strong><\/a><\/td><\/tr><tr><td><a href=\"https:\/\/www.ssaver.gob.mx\/lesp\/wp-content\/uploads\/sites\/12\/2025\/05\/EVI-M-007.pdf\"><strong>EVI-M-007. DETECCI\u00d3N DE VIH-1\/VIH-2 Y ANT\u00cdGENO p24 POR ELISA. <\/strong><\/a><\/td><\/tr><tr><td><a href=\"https:\/\/www.ssaver.gob.mx\/lesp\/wp-content\/uploads\/sites\/12\/2025\/05\/EVI-M-010.pdf\"> <strong>EVI-M-010 DETECCI\u00d3N DEL VIRUS DEL PAPILOMA HUMANO.<\/strong><\/a><\/td><\/tr><tr><td><a href=\"https:\/\/www.ssaver.gob.mx\/lesp\/wp-content\/uploads\/sites\/12\/2025\/05\/EVI-M-13.pdf\"><strong>EVI-M-013 Western Blot para Anti Treponema pallidum (IgM e IgG).&nbsp; <\/strong><\/a><\/td><\/tr><\/tbody><\/table><\/figure>\n\n\n\n<p><\/p>\n<\/div>\n<\/div>\n<\/div>\n","protected":false},"excerpt":{"rendered":"<p>EBS-M-002 Detecci\u00f3n de Mycobacterium tuberculosis por qPCR (XPERT\/MTB) EBS-M-003 Aislamiento e identificaci\u00f3n de Mycobacterium tuberculosis. EPS-M-001 Ensayo inmunoenzim\u00e1tico (ELISA) para<\/p>\n","protected":false},"author":13,"featured_media":0,"parent":0,"menu_order":0,"comment_status":"closed","ping_status":"closed","template":"","meta":{"colormag_page_container_layout":"default_layout","colormag_page_sidebar_layout":"default_layout","footnotes":""},"class_list":["post-846","page","type-page","status-publish","hentry"],"_links":{"self":[{"href":"https:\/\/www.ssaver.gob.mx\/lesp\/wp-json\/wp\/v2\/pages\/846","targetHints":{"allow":["GET"]}}],"collection":[{"href":"https:\/\/www.ssaver.gob.mx\/lesp\/wp-json\/wp\/v2\/pages"}],"about":[{"href":"https:\/\/www.ssaver.gob.mx\/lesp\/wp-json\/wp\/v2\/types\/page"}],"author":[{"embeddable":true,"href":"https:\/\/www.ssaver.gob.mx\/lesp\/wp-json\/wp\/v2\/users\/13"}],"replies":[{"embeddable":true,"href":"https:\/\/www.ssaver.gob.mx\/lesp\/wp-json\/wp\/v2\/comments?post=846"}],"version-history":[{"count":61,"href":"https:\/\/www.ssaver.gob.mx\/lesp\/wp-json\/wp\/v2\/pages\/846\/revisions"}],"predecessor-version":[{"id":2449,"href":"https:\/\/www.ssaver.gob.mx\/lesp\/wp-json\/wp\/v2\/pages\/846\/revisions\/2449"}],"wp:attachment":[{"href":"https:\/\/www.ssaver.gob.mx\/lesp\/wp-json\/wp\/v2\/media?parent=846"}],"curies":[{"name":"wp","href":"https:\/\/api.w.org\/{rel}","templated":true}]}}