{"id":1212,"date":"2024-02-08T11:46:21","date_gmt":"2024-02-08T17:46:21","guid":{"rendered":"https:\/\/www.ssaver.gob.mx\/pae\/?page_id=1212"},"modified":"2026-03-27T11:33:26","modified_gmt":"2026-03-27T17:33:26","slug":"programa-anual-de-evaluacion-12-2024","status":"publish","type":"page","link":"https:\/\/www.ssaver.gob.mx\/pae\/programa-anual-de-evaluacion-12-2024\/","title":{"rendered":"Programa Anual de Evaluaci\u00f3n PAE 12 2024"},"content":{"rendered":"\n<div class=\"wp-block-group is-layout-constrained wp-container-core-group-is-layout-9517baca wp-block-group-is-layout-constrained\">\n<div class=\"wp-block-columns is-layout-flex wp-container-core-columns-is-layout-28f84493 wp-block-columns-is-layout-flex\">\n<div class=\"wp-block-column is-layout-flow wp-block-column-is-layout-flow\" style=\"flex-basis:100%\">\n<hr class=\"wp-block-separator has-text-color has-alpha-channel-opacity has-background is-style-wide\" style=\"background-color:#d8bf31;color:#d8bf31\" \/>\n\n\n\n<ul class=\"wp-block-list has-medium-font-size\">\n<li class=\"has-text-color has-link-color wp-elements-37592f56df606bdfde31333d733c8874\" style=\"color:#7a1737\"><a href=\"https:\/\/www.ssaver.gob.mx\/pae\/wp-content\/uploads\/sites\/18\/2024\/02\/PAE-12.pdf\" target=\"_blank\" rel=\"noreferrer noopener\"><strong>PAE 12 Fondos Federales<\/strong><\/a><\/li>\n<\/ul>\n\n\n\n<p class=\"has-text-align-center has-white-color has-text-color has-background has-medium-font-size\" style=\"background-color:#7a1737\"><strong>TOMO II Evaluaci\u00f3n de Fondos Federales del Ramo General 33 al Ejercicio Fiscal 2023.<\/strong><\/p>\n\n\n\n<div class=\"wp-block-columns is-layout-flex wp-container-core-columns-is-layout-28f84493 wp-block-columns-is-layout-flex\">\n<div class=\"wp-block-column is-vertically-aligned-center has-border-color has-white-background-color has-background is-layout-flow wp-container-core-column-is-layout-6a27151a wp-block-column-is-layout-flow\" style=\"border-color:#e5be88;border-style:solid;border-width:4px;border-radius:16px;padding-top:var(--wp--preset--spacing--30);padding-right:var(--wp--preset--spacing--30);padding-bottom:var(--wp--preset--spacing--30);padding-left:var(--wp--preset--spacing--30);box-shadow:var(--wp--preset--shadow--natural)\">\n<ul style=\"border-style:none;border-width:0px;border-radius:26px;margin-top:var(--wp--preset--spacing--40);margin-right:var(--wp--preset--spacing--40);margin-bottom:var(--wp--preset--spacing--40);margin-left:var(--wp--preset--spacing--40)\" class=\"wp-block-list has-white-background-color has-background has-medium-font-size\">\n<li class=\"has-text-color has-link-color wp-elements-c55ced6520b62262e6844f92075ddcae\" style=\"color:#7a1737\"><strong><strong><strong>FONDO DE APORTACIONES PARA LOS SERVICIOS DE SALUD (FASSA)<\/strong><\/strong><\/strong>\n<ul class=\"wp-block-list\">\n<li><a href=\"https:\/\/www.ssaver.gob.mx\/pae\/wp-content\/uploads\/sites\/18\/2024\/02\/TDR_FASSA_PAE_2024.pdf\" data-type=\"attachment\" data-id=\"1226\" target=\"_blank\" rel=\"noreferrer noopener\">TDR 12 Termino de Referencia (TDR) para la realizaci\u00f3n de la Evaluaci\u00f3n Espec\u00edfica de Desempe\u00f1o del Fondo de Aportaciones para los Servicios de Salud (FASSA) del Ramo General 33<\/a><\/li>\n\n\n\n<li class=\"has-text-color has-link-color has-medium-font-size wp-elements-f092402d90d7c82ab3a0cdf45e91854d\" style=\"color:#7a1737\"><a href=\"https:\/\/www.ssaver.gob.mx\/pae\/wp-content\/uploads\/sites\/18\/2024\/08\/Informe_Final_Evaluacion_de_Desempeno_del_Fondo_de_Aportaciones_para_los_Servicios_de_Salud_FASSA_del_Ramo_General_33.pdf\" target=\"_blank\" rel=\"noreferrer noopener\">Informe Final: Evaluaci\u00f3n de Desempe\u00f1o del Fondo de Aportaciones para los Servicios de Salud (FASSA) del Ramo General 33<\/a><\/li>\n\n\n\n<li class=\"has-text-color has-link-color wp-elements-3013fa6f6242ede71e41b3c3981ab235\" style=\"color:#7a1737\"><a href=\"https:\/\/www.ssaver.gob.mx\/pae\/wp-content\/uploads\/sites\/18\/2024\/08\/Resumen_Ejecutivo_Evaluacion_de_Desempeno_del_Fondo_de_Aportaciones_para_los_Servicios_de_Salud_FASSA_del_Ramo_General_33.pdf\" target=\"_blank\" rel=\"noreferrer noopener\">Resumen Ejecutivo: Evaluaci\u00f3n de Desempe\u00f1o del Fondo de Aportaciones para los Servicios de Salud (FASSA) del Ramo General 33<\/a><\/li>\n\n\n\n<li class=\"has-text-color has-link-color wp-elements-d4ef13856b27601000a2985ad7673793\" style=\"color:#7a1737\"><a href=\"https:\/\/www.ssaver.gob.mx\/pae\/wp-content\/uploads\/sites\/18\/2024\/10\/POSICION_INST_PAEA_2024_FASSA.pdf\" target=\"_blank\" rel=\"noreferrer noopener\">Posici\u00f3n Institucional del FASSA PAE 2024<\/a><\/li>\n<\/ul>\n<\/li>\n\n\n\n<li class=\"has-text-color has-link-color wp-elements-a1a1bc922a069af2318e372c1c6b96ea\" style=\"color:#7a1737\"><strong><a href=\"https:\/\/www.ssaver.gob.mx\/pae\/wp-content\/uploads\/sites\/18\/2024\/10\/FASSA-PAE-2024.pdf\" target=\"_blank\" rel=\"noreferrer noopener\">Publicaci\u00f3n de Informes del FASSA PAE 2024 en el SFU<\/a><\/strong><\/li>\n\n\n\n<li class=\"has-text-color has-link-color wp-elements-27976fc235e58868c095d3bb95ff2bd7\" style=\"color:#7a1737\"><strong><a href=\"https:\/\/www.ssaver.gob.mx\/pae\/wp-content\/uploads\/sites\/18\/2024\/10\/PM-Anexos-I-II-III-FASSA-PAE-2024.pdf\" target=\"_blank\" rel=\"noreferrer noopener\">PM y Anexos I, II y III FASSA PAE 2024<\/a><\/strong><\/li>\n\n\n\n<li class=\"has-text-color has-link-color wp-elements-82f9adf5ef324fb27978a40a777ce047\" style=\"color:#7a1737\"><strong><strong><strong><a href=\"https:\/\/www.ssaver.gob.mx\/pae\/wp-content\/uploads\/sites\/18\/2025\/01\/Ofic-SESVER-DA-762-2025.pdf\" target=\"_blank\" rel=\"noreferrer noopener\">Anexo IV FASSA PAE 2024<\/a> <\/strong><\/strong><\/strong><\/li>\n\n\n\n<li><strong><a href=\"https:\/\/www.ssaver.gob.mx\/pae\/programa-anual-de-evaluacion-12-2024\/sesver-fassa-2024-presentacion-video\/\" target=\"_blank\" rel=\"noreferrer noopener\">SESVER FASSA &#8211; PRESENTACI\u00d3N VIDEO<\/a><\/strong><\/li>\n<\/ul>\n<\/div>\n<\/div>\n\n\n\n<div style=\"height:16px\" aria-hidden=\"true\" class=\"wp-block-spacer\"><\/div>\n\n\n\n<div class=\"wp-block-columns is-layout-flex wp-container-core-columns-is-layout-28f84493 wp-block-columns-is-layout-flex\">\n<div class=\"wp-block-column is-vertically-aligned-center has-border-color has-white-background-color has-background is-layout-flow wp-container-core-column-is-layout-6a27151a wp-block-column-is-layout-flow\" style=\"border-color:#e5be88;border-style:solid;border-width:4px;border-radius:16px;padding-top:var(--wp--preset--spacing--30);padding-right:var(--wp--preset--spacing--30);padding-bottom:var(--wp--preset--spacing--30);padding-left:var(--wp--preset--spacing--30);box-shadow:var(--wp--preset--shadow--natural)\">\n<p class=\"has-text-color has-link-color wp-elements-d60d37f7400b9ddc43cdba4a72e0b5e4\" style=\"color:#7a1737\"><\/p>\n\n\n\n<ul style=\"border-style:none;border-width:0px;border-radius:26px;margin-top:var(--wp--preset--spacing--40);margin-right:var(--wp--preset--spacing--40);margin-bottom:var(--wp--preset--spacing--40);margin-left:var(--wp--preset--spacing--40)\" class=\"wp-block-list has-white-background-color has-background has-medium-font-size\">\n<li class=\"has-text-color has-link-color wp-elements-72e0d8fbb610150b8ddb1a7425b95aab\" style=\"color:#7a1737\"><strong><strong>FONDO DE INFRAESTRUCTURA SOCIAL DE ENTIDADES (FISE)<\/strong><\/strong>\n<ul class=\"wp-block-list\">\n<li class=\"has-text-color has-link-color has-medium-font-size wp-elements-6e708f77b5cc22a7cf4fc2db2f6830c0\" style=\"color:#7a1737;padding-top:0;padding-right:0;padding-bottom:0;padding-left:0\"><a href=\"https:\/\/www.ssaver.gob.mx\/pae\/wp-content\/uploads\/sites\/18\/2024\/03\/FISE_01022024.pdf\" target=\"_blank\" rel=\"noreferrer noopener\">TDR 12 Termino de Referencia (TDR) para la realizaci\u00f3n de la Evaluaci\u00f3n Espec\u00edfica de Desempe\u00f1o del Fondo de Infraestructura Social para las Entidades (FISE) del Ramo General 33<\/a><\/li>\n\n\n\n<li class=\"has-text-color has-link-color has-medium-font-size wp-elements-76c281692e59d37d6f02dd84b54ddfee\" style=\"color:#7a1737\"><a href=\"https:\/\/www.ssaver.gob.mx\/pae\/wp-content\/uploads\/sites\/18\/2024\/08\/Informe_Final_Evaluacion_Especifica_de_Desempeno_del_Fondo_de_Infraestructura_Social_para_las_Entidades_FISE_del_Ramo_General_33.pdf\" target=\"_blank\" rel=\"noreferrer noopener\">Informe Final: Evaluaci\u00f3n Espec\u00edfica de Desempe\u00f1o del Fondo de Infraestructura Social para las Entidades (FISE) del Ramo General 33<\/a><\/li>\n\n\n\n<li class=\"has-text-color has-link-color wp-elements-42f33cadc278128a132a225cb9a5f664\" style=\"color:#7a1737\"><a href=\"https:\/\/www.ssaver.gob.mx\/pae\/wp-content\/uploads\/sites\/18\/2024\/08\/Resumen_Ejecutivo_Evaluacion_de_Desempeno_del_Fondo_de_Aportaciones_para_los_Servicios_de_Salud_FASSA_del_Ramo_General_33.pdf\" target=\"_blank\" rel=\"noreferrer noopener\">Resumen Ejecutivo: Evaluaci\u00f3n Espec\u00edfica de Desempe\u00f1o del Fondo de Infraestructura Social para las Entidades (FISE) del Ramo General 33<\/a><\/li>\n\n\n\n<li class=\"has-text-color has-link-color wp-elements-d541300f7e3746b2475d1233f51a4587\" style=\"color:#7a1737\"><a href=\"https:\/\/www.ssaver.gob.mx\/pae\/wp-content\/uploads\/sites\/18\/2024\/10\/Posicion_Institucional_PAE_FISE_2024.pdf\" target=\"_blank\" rel=\"noreferrer noopener\">Posici\u00f3n Institucional FISE PAE 2024<\/a><\/li>\n<\/ul>\n<\/li>\n\n\n\n<li class=\"has-text-color has-link-color wp-elements-92fde64a58688fe1ab9946d09d224b75\" style=\"color:#7a1737\"><a href=\"https:\/\/www.ssaver.gob.mx\/pae\/wp-content\/uploads\/sites\/18\/2024\/10\/FISE-PAE-2024.pdf\" target=\"_blank\" rel=\"noreferrer noopener\"><strong>Entrega de Anexos I, II y III FISE PAE 2024<\/strong><\/a><\/li>\n\n\n\n<li class=\"has-text-color has-link-color wp-elements-c433d89bef7f94cd7235cd7d6f855919\" style=\"color:#7a1737\"><strong><a href=\"https:\/\/www.ssaver.gob.mx\/pae\/wp-content\/uploads\/sites\/18\/2025\/01\/Oficio-No.-SESVER-DA-761-2025.pdf\" target=\"_blank\" rel=\"noreferrer noopener\">Anexo IV FISE PAE 2024<\/a><\/strong><\/li>\n\n\n\n<li><a href=\"https:\/\/www.ssaver.gob.mx\/pae\/programa-anual-de-evaluacion-12-2024\/sesver-fise-2024-presentacion-video\/\" target=\"_blank\" rel=\"noreferrer noopener\"><strong>SESVER FISE &#8211; PRESENTACI\u00d3N VIDEO<\/strong><\/a><\/li>\n<\/ul>\n<\/div>\n<\/div>\n\n\n\n<div style=\"height:10px\" aria-hidden=\"true\" class=\"wp-block-spacer\"><\/div>\n\n\n\n<ul class=\"wp-block-list has-medium-font-size\">\n<li class=\"has-text-color has-link-color wp-elements-0203ec061f451bc2818ec3538a875182\" style=\"color:#7a1737\"><a href=\"https:\/\/www.ssaver.gob.mx\/pae\/wp-content\/uploads\/sites\/18\/2024\/08\/Mecanismos_para_la_Elaboracion_y_Seguimiento_de_Aspectos_Suceptibles_de_Mejora_2024.pdf\" target=\"_blank\" rel=\"noreferrer noopener\">Mecanismo para la Elaboraci\u00f3n y Seguimiento de aspectos susceptibles de mejora del programa anual de evaluaci\u00f3n (PAE 12) 2024. Tomo II: Evaluaci\u00f3n de Fondos Federales del Ramo General 33<\/a><\/li>\n<\/ul>\n\n\n\n<p><\/p>\n<\/div>\n<\/div>\n<\/div>\n","protected":false},"excerpt":{"rendered":"<p>TOMO II Evaluaci\u00f3n de Fondos Federales del Ramo General 33 al Ejercicio Fiscal 2023.<\/p>\n","protected":false},"author":3,"featured_media":0,"parent":0,"menu_order":0,"comment_status":"closed","ping_status":"closed","template":"","meta":{"colormag_page_container_layout":"default_layout","colormag_page_sidebar_layout":"default_layout","footnotes":""},"class_list":["post-1212","page","type-page","status-publish","hentry"],"_links":{"self":[{"href":"https:\/\/www.ssaver.gob.mx\/pae\/wp-json\/wp\/v2\/pages\/1212","targetHints":{"allow":["GET"]}}],"collection":[{"href":"https:\/\/www.ssaver.gob.mx\/pae\/wp-json\/wp\/v2\/pages"}],"about":[{"href":"https:\/\/www.ssaver.gob.mx\/pae\/wp-json\/wp\/v2\/types\/page"}],"author":[{"embeddable":true,"href":"https:\/\/www.ssaver.gob.mx\/pae\/wp-json\/wp\/v2\/users\/3"}],"replies":[{"embeddable":true,"href":"https:\/\/www.ssaver.gob.mx\/pae\/wp-json\/wp\/v2\/comments?post=1212"}],"version-history":[{"count":36,"href":"https:\/\/www.ssaver.gob.mx\/pae\/wp-json\/wp\/v2\/pages\/1212\/revisions"}],"predecessor-version":[{"id":1663,"href":"https:\/\/www.ssaver.gob.mx\/pae\/wp-json\/wp\/v2\/pages\/1212\/revisions\/1663"}],"wp:attachment":[{"href":"https:\/\/www.ssaver.gob.mx\/pae\/wp-json\/wp\/v2\/media?parent=1212"}],"curies":[{"name":"wp","href":"https:\/\/api.w.org\/{rel}","templated":true}]}}

Programa Anual de Evaluación PAE 12 2024

<div class="wp-block-group is-layout-constrained wp-container-core-group-is-layout-9517baca wp-block-group-is-layout-constrained">
<div class="wp-block-columns is-layout-flex wp-container-core-columns-is-layout-28f84493 wp-block-columns-is-layout-flex">
<div class="wp-block-column is-layout-flow wp-block-column-is-layout-flow" style="flex-basis:100%">
<hr class="wp-block-separator has-text-color has-alpha-channel-opacity has-background is-style-wide" style="background-color:#d8bf31;color:#d8bf31" />



<ul class="wp-block-list has-medium-font-size">
<li class="has-text-color has-link-color wp-elements-37592f56df606bdfde31333d733c8874" style="color:#7a1737"><a href="https://www.ssaver.gob.mx/pae/wp-content/uploads/sites/18/2024/02/PAE-12.pdf" target="_blank" rel="noreferrer noopener"><strong>PAE 12 Fondos Federales</strong></a></li>
</ul>



<p class="has-text-align-center has-white-color has-text-color has-background has-medium-font-size" style="background-color:#7a1737"><strong>TOMO II Evaluación de Fondos Federales del Ramo General 33 al Ejercicio Fiscal 2023.</strong></p>



<div class="wp-block-columns is-layout-flex wp-container-core-columns-is-layout-28f84493 wp-block-columns-is-layout-flex">
<div class="wp-block-column is-vertically-aligned-center has-border-color has-white-background-color has-background is-layout-flow wp-container-core-column-is-layout-6a27151a wp-block-column-is-layout-flow" style="border-color:#e5be88;border-style:solid;border-width:4px;border-radius:16px;padding-top:var(--wp--preset--spacing--30);padding-right:var(--wp--preset--spacing--30);padding-bottom:var(--wp--preset--spacing--30);padding-left:var(--wp--preset--spacing--30);box-shadow:var(--wp--preset--shadow--natural)">
<ul style="border-style:none;border-width:0px;border-radius:26px;margin-top:var(--wp--preset--spacing--40);margin-right:var(--wp--preset--spacing--40);margin-bottom:var(--wp--preset--spacing--40);margin-left:var(--wp--preset--spacing--40)" class="wp-block-list has-white-background-color has-background has-medium-font-size">
<li class="has-text-color has-link-color wp-elements-c55ced6520b62262e6844f92075ddcae" style="color:#7a1737"><strong><strong><strong>FONDO DE APORTACIONES PARA LOS SERVICIOS DE SALUD (FASSA)</strong></strong></strong>
<ul class="wp-block-list">
<li><a href="https://www.ssaver.gob.mx/pae/wp-content/uploads/sites/18/2024/02/TDR_FASSA_PAE_2024.pdf" data-type="attachment" data-id="1226" target="_blank" rel="noreferrer noopener">TDR 12 Termino de Referencia (TDR) para la realización de la Evaluación Específica de Desempeño del Fondo de Aportaciones para los Servicios de Salud (FASSA) del Ramo General 33</a></li>



<li class="has-text-color has-link-color has-medium-font-size wp-elements-f092402d90d7c82ab3a0cdf45e91854d" style="color:#7a1737"><a href="https://www.ssaver.gob.mx/pae/wp-content/uploads/sites/18/2024/08/Informe_Final_Evaluacion_de_Desempeno_del_Fondo_de_Aportaciones_para_los_Servicios_de_Salud_FASSA_del_Ramo_General_33.pdf" target="_blank" rel="noreferrer noopener">Informe Final: Evaluación de Desempeño del Fondo de Aportaciones para los Servicios de Salud (FASSA) del Ramo General 33</a></li>



<li class="has-text-color has-link-color wp-elements-3013fa6f6242ede71e41b3c3981ab235" style="color:#7a1737"><a href="https://www.ssaver.gob.mx/pae/wp-content/uploads/sites/18/2024/08/Resumen_Ejecutivo_Evaluacion_de_Desempeno_del_Fondo_de_Aportaciones_para_los_Servicios_de_Salud_FASSA_del_Ramo_General_33.pdf" target="_blank" rel="noreferrer noopener">Resumen Ejecutivo: Evaluación de Desempeño del Fondo de Aportaciones para los Servicios de Salud (FASSA) del Ramo General 33</a></li>



<li class="has-text-color has-link-color wp-elements-d4ef13856b27601000a2985ad7673793" style="color:#7a1737"><a href="https://www.ssaver.gob.mx/pae/wp-content/uploads/sites/18/2024/10/POSICION_INST_PAEA_2024_FASSA.pdf" target="_blank" rel="noreferrer noopener">Posición Institucional del FASSA PAE 2024</a></li>
</ul>
</li>



<li class="has-text-color has-link-color wp-elements-a1a1bc922a069af2318e372c1c6b96ea" style="color:#7a1737"><strong><a href="https://www.ssaver.gob.mx/pae/wp-content/uploads/sites/18/2024/10/FASSA-PAE-2024.pdf" target="_blank" rel="noreferrer noopener">Publicación de Informes del FASSA PAE 2024 en el SFU</a></strong></li>



<li class="has-text-color has-link-color wp-elements-27976fc235e58868c095d3bb95ff2bd7" style="color:#7a1737"><strong><a href="https://www.ssaver.gob.mx/pae/wp-content/uploads/sites/18/2024/10/PM-Anexos-I-II-III-FASSA-PAE-2024.pdf" target="_blank" rel="noreferrer noopener">PM y Anexos I, II y III FASSA PAE 2024</a></strong></li>



<li class="has-text-color has-link-color wp-elements-82f9adf5ef324fb27978a40a777ce047" style="color:#7a1737"><strong><strong><strong><a href="https://www.ssaver.gob.mx/pae/wp-content/uploads/sites/18/2025/01/Ofic-SESVER-DA-762-2025.pdf" target="_blank" rel="noreferrer noopener">Anexo IV FASSA PAE 2024</a> </strong></strong></strong></li>



<li><strong><a href="https://www.ssaver.gob.mx/pae/programa-anual-de-evaluacion-12-2024/sesver-fassa-2024-presentacion-video/" target="_blank" rel="noreferrer noopener">SESVER FASSA &#8211; PRESENTACIÓN VIDEO</a></strong></li>
</ul>
</div>
</div>



<div style="height:16px" aria-hidden="true" class="wp-block-spacer"></div>



<div class="wp-block-columns is-layout-flex wp-container-core-columns-is-layout-28f84493 wp-block-columns-is-layout-flex">
<div class="wp-block-column is-vertically-aligned-center has-border-color has-white-background-color has-background is-layout-flow wp-container-core-column-is-layout-6a27151a wp-block-column-is-layout-flow" style="border-color:#e5be88;border-style:solid;border-width:4px;border-radius:16px;padding-top:var(--wp--preset--spacing--30);padding-right:var(--wp--preset--spacing--30);padding-bottom:var(--wp--preset--spacing--30);padding-left:var(--wp--preset--spacing--30);box-shadow:var(--wp--preset--shadow--natural)">
<p class="has-text-color has-link-color wp-elements-d60d37f7400b9ddc43cdba4a72e0b5e4" style="color:#7a1737"></p>



<ul style="border-style:none;border-width:0px;border-radius:26px;margin-top:var(--wp--preset--spacing--40);margin-right:var(--wp--preset--spacing--40);margin-bottom:var(--wp--preset--spacing--40);margin-left:var(--wp--preset--spacing--40)" class="wp-block-list has-white-background-color has-background has-medium-font-size">
<li class="has-text-color has-link-color wp-elements-72e0d8fbb610150b8ddb1a7425b95aab" style="color:#7a1737"><strong><strong>FONDO DE INFRAESTRUCTURA SOCIAL DE ENTIDADES (FISE)</strong></strong>
<ul class="wp-block-list">
<li class="has-text-color has-link-color has-medium-font-size wp-elements-6e708f77b5cc22a7cf4fc2db2f6830c0" style="color:#7a1737;padding-top:0;padding-right:0;padding-bottom:0;padding-left:0"><a href="https://www.ssaver.gob.mx/pae/wp-content/uploads/sites/18/2024/03/FISE_01022024.pdf" target="_blank" rel="noreferrer noopener">TDR 12 Termino de Referencia (TDR) para la realización de la Evaluación Específica de Desempeño del Fondo de Infraestructura Social para las Entidades (FISE) del Ramo General 33</a></li>



<li class="has-text-color has-link-color has-medium-font-size wp-elements-76c281692e59d37d6f02dd84b54ddfee" style="color:#7a1737"><a href="https://www.ssaver.gob.mx/pae/wp-content/uploads/sites/18/2024/08/Informe_Final_Evaluacion_Especifica_de_Desempeno_del_Fondo_de_Infraestructura_Social_para_las_Entidades_FISE_del_Ramo_General_33.pdf" target="_blank" rel="noreferrer noopener">Informe Final: Evaluación Específica de Desempeño del Fondo de Infraestructura Social para las Entidades (FISE) del Ramo General 33</a></li>



<li class="has-text-color has-link-color wp-elements-42f33cadc278128a132a225cb9a5f664" style="color:#7a1737"><a href="https://www.ssaver.gob.mx/pae/wp-content/uploads/sites/18/2024/08/Resumen_Ejecutivo_Evaluacion_de_Desempeno_del_Fondo_de_Aportaciones_para_los_Servicios_de_Salud_FASSA_del_Ramo_General_33.pdf" target="_blank" rel="noreferrer noopener">Resumen Ejecutivo: Evaluación Específica de Desempeño del Fondo de Infraestructura Social para las Entidades (FISE) del Ramo General 33</a></li>



<li class="has-text-color has-link-color wp-elements-d541300f7e3746b2475d1233f51a4587" style="color:#7a1737"><a href="https://www.ssaver.gob.mx/pae/wp-content/uploads/sites/18/2024/10/Posicion_Institucional_PAE_FISE_2024.pdf" target="_blank" rel="noreferrer noopener">Posición Institucional FISE PAE 2024</a></li>
</ul>
</li>



<li class="has-text-color has-link-color wp-elements-92fde64a58688fe1ab9946d09d224b75" style="color:#7a1737"><a href="https://www.ssaver.gob.mx/pae/wp-content/uploads/sites/18/2024/10/FISE-PAE-2024.pdf" target="_blank" rel="noreferrer noopener"><strong>Entrega de Anexos I, II y III FISE PAE 2024</strong></a></li>



<li class="has-text-color has-link-color wp-elements-c433d89bef7f94cd7235cd7d6f855919" style="color:#7a1737"><strong><a href="https://www.ssaver.gob.mx/pae/wp-content/uploads/sites/18/2025/01/Oficio-No.-SESVER-DA-761-2025.pdf" target="_blank" rel="noreferrer noopener">Anexo IV FISE PAE 2024</a></strong></li>



<li><a href="https://www.ssaver.gob.mx/pae/programa-anual-de-evaluacion-12-2024/sesver-fise-2024-presentacion-video/" target="_blank" rel="noreferrer noopener"><strong>SESVER FISE &#8211; PRESENTACIÓN VIDEO</strong></a></li>
</ul>
</div>
</div>



<div style="height:10px" aria-hidden="true" class="wp-block-spacer"></div>



<ul class="wp-block-list has-medium-font-size">
<li class="has-text-color has-link-color wp-elements-0203ec061f451bc2818ec3538a875182" style="color:#7a1737"><a href="https://www.ssaver.gob.mx/pae/wp-content/uploads/sites/18/2024/08/Mecanismos_para_la_Elaboracion_y_Seguimiento_de_Aspectos_Suceptibles_de_Mejora_2024.pdf" target="_blank" rel="noreferrer noopener">Mecanismo para la Elaboración y Seguimiento de aspectos susceptibles de mejora del programa anual de evaluación (PAE 12) 2024. Tomo II: Evaluación de Fondos Federales del Ramo General 33</a></li>
</ul>



<p></p>
</div>
</div>
</div>

<p>TOMO II Evaluación de Fondos Federales del Ramo General 33 al Ejercicio Fiscal 2023.</p>
