{"id":1596,"date":"2025-08-01T14:31:57","date_gmt":"2025-08-01T19:31:57","guid":{"rendered":"https:\/\/www.ssaver.gob.mx\/pae\/?page_id=1596"},"modified":"2026-03-27T11:41:52","modified_gmt":"2026-03-27T17:41:52","slug":"programa-anual-de-evaluacion-pae-13-2025","status":"publish","type":"page","link":"https:\/\/www.ssaver.gob.mx\/pae\/programa-anual-de-evaluacion-pae-13-2025\/","title":{"rendered":"Programa Anual de Evaluaci\u00f3n PAE 2025"},"content":{"rendered":"\n<div class=\"wp-block-group is-layout-constrained wp-container-core-group-is-layout-9517baca wp-block-group-is-layout-constrained\">\n<div class=\"wp-block-columns is-layout-flex wp-container-core-columns-is-layout-28f84493 wp-block-columns-is-layout-flex\">\n<div class=\"wp-block-column is-layout-flow wp-block-column-is-layout-flow\" style=\"flex-basis:100%\">\n<hr class=\"wp-block-separator has-text-color has-alpha-channel-opacity has-background is-style-wide\" style=\"background-color:#d8bf31;color:#d8bf31\" \/>\n\n\n\n<p class=\"has-text-color has-link-color wp-elements-d60d37f7400b9ddc43cdba4a72e0b5e4\" style=\"color:#7a1737\"><\/p>\n\n\n\n<ul class=\"wp-block-list has-medium-font-size\">\n<li><\/li>\n<\/ul>\n\n\n\n<p class=\"has-text-align-center has-white-color has-text-color has-background has-medium-font-size\" style=\"background-color:#7a1737\"><strong>TOMO I <strong>Programas Presupuestarios Informes de Evaluaci\u00f3n de Consistencia y Resultados del Programa Presupuestario<\/strong><\/strong><\/p>\n\n\n\n<div class=\"wp-block-columns is-layout-flex wp-container-core-columns-is-layout-0884d4d2 wp-block-columns-is-layout-flex\" style=\"margin-top:var(--wp--preset--spacing--50);margin-bottom:var(--wp--preset--spacing--50)\">\n<div class=\"wp-block-column is-vertically-aligned-center has-border-color has-white-background-color has-background is-layout-flow wp-container-core-column-is-layout-6a27151a wp-block-column-is-layout-flow\" style=\"border-color:#e5be88;border-style:solid;border-width:4px;border-radius:16px;padding-top:var(--wp--preset--spacing--30);padding-right:var(--wp--preset--spacing--30);padding-bottom:var(--wp--preset--spacing--30);padding-left:var(--wp--preset--spacing--30);box-shadow:var(--wp--preset--shadow--natural)\">\n<ul style=\"border-style:none;border-width:0px;border-radius:26px;margin-top:var(--wp--preset--spacing--40);margin-right:var(--wp--preset--spacing--40);margin-bottom:var(--wp--preset--spacing--40);margin-left:var(--wp--preset--spacing--40)\" class=\"wp-block-list has-white-background-color has-background has-medium-font-size\">\n<li class=\"has-text-color has-link-color wp-elements-dfbe2b2d24197f596bb043b20732f45f\" style=\"color:#7a1737\"><strong><strong><strong><a href=\"https:\/\/www.ssaver.gob.mx\/pae\/wp-content\/uploads\/sites\/18\/2025\/09\/PAE-2025-TOMO-I-Programas-Presupuestarios.pdf\" target=\"_blank\" rel=\"noreferrer noopener\">Programa Anual de Evaluaci\u00f3n (PAE 2025)<\/a><\/strong><\/strong><\/strong><\/li>\n\n\n\n<li class=\"has-text-color has-link-color wp-elements-2aa3c7e8153bd593d69fb5ce26c706fa\" style=\"color:#7a1737\"><strong><a href=\"https:\/\/www.ssaver.gob.mx\/pae\/wp-content\/uploads\/sites\/18\/2025\/09\/TdR-Diseno-2025.pdf\" target=\"_blank\" rel=\"noreferrer noopener\">T\u00e9rminos de Referencia de la Evaluaci\u00f3n de Consistencia y Resultados del Programa Presupuestario (PP) 097. Atenci\u00f3n a la Salud y Medicamentos Gratuitos para la Poblaci\u00f3n sin Seguridad Social Laboral.<\/a><\/strong><\/li>\n\n\n\n<li class=\"has-text-color has-link-color wp-elements-4b433302e3a76ede2af0ac5a5763a12a\" style=\"color:#7a1737\"><strong><a href=\"https:\/\/www.ssaver.gob.mx\/pae\/wp-content\/uploads\/sites\/18\/2026\/02\/Reporte-de-Resultados_Programa-Presupuestario-097.pdf\">Reporte de Resultados del Programa Presupuestario (PP) 097<\/a><\/strong><\/li>\n<\/ul>\n<\/div>\n<\/div>\n\n\n\n<p class=\"has-text-align-center has-white-color has-text-color has-background has-medium-font-size\" style=\"background-color:#7a1737\"><strong>TOMO II Evaluaci\u00f3n de Fondos Federales del Ramo General 33 al Ejercicio Fiscal 2024.<\/strong><\/p>\n\n\n\n<ul class=\"wp-block-list\">\n<li><strong><a href=\"https:\/\/www.ssaver.gob.mx\/pae\/wp-content\/uploads\/sites\/18\/2025\/08\/PAE-2025-TOMO-II-Fondos-Federales.pdf\" data-type=\"attachment\" data-id=\"1602\" target=\"_blank\" rel=\"noreferrer noopener\">Programa Anual de Evaluacion Tomo II. Fondos Federales<\/a><\/strong><\/li>\n\n\n\n<li class=\"has-text-color has-link-color wp-elements-ab2fd366bea385860467e8aec5e09ddb\" style=\"color:#7a1737\"><a href=\"https:\/\/www.ssaver.gob.mx\/pae\/wp-content\/uploads\/sites\/18\/2025\/08\/Alcance-PAE-Tomo-ll.pdf\" data-type=\"attachment\" data-id=\"1601\" target=\"_blank\" rel=\"noreferrer noopener\"><strong>Anexo 1. Cronograma de Ejecuci\u00f3n del Programa Anual de Evaluaci\u00f3n 2025 (PAE 2025 Tomo II)<\/strong><\/a><\/li>\n<\/ul>\n\n\n\n<div class=\"wp-block-columns is-layout-flex wp-container-core-columns-is-layout-28f84493 wp-block-columns-is-layout-flex\">\n<div class=\"wp-block-column is-vertically-aligned-center has-border-color has-white-background-color has-background is-layout-flow wp-container-core-column-is-layout-6a27151a wp-block-column-is-layout-flow\" style=\"border-color:#e5be88;border-style:solid;border-width:4px;border-radius:16px;padding-top:var(--wp--preset--spacing--30);padding-right:var(--wp--preset--spacing--30);padding-bottom:var(--wp--preset--spacing--30);padding-left:var(--wp--preset--spacing--30);box-shadow:var(--wp--preset--shadow--natural)\">\n<p class=\"has-text-color has-link-color wp-elements-d60d37f7400b9ddc43cdba4a72e0b5e4\" style=\"color:#7a1737\"><\/p>\n\n\n\n<ul style=\"border-style:none;border-width:0px;border-radius:26px;margin-top:var(--wp--preset--spacing--40);margin-right:var(--wp--preset--spacing--40);margin-bottom:var(--wp--preset--spacing--40);margin-left:var(--wp--preset--spacing--40)\" class=\"wp-block-list has-white-background-color has-background has-medium-font-size\">\n<li class=\"has-text-color has-link-color wp-elements-05f7805b99cfc001a864c6ac9ad12436\" style=\"color:#7a1737\"><strong><strong><strong>FONDO DE APORTACIONES PARA LOS SERVICIOS DE SALUD (FASSA)<\/strong><\/strong><\/strong>\n<ul class=\"wp-block-list\">\n<li><a href=\"https:\/\/www.ssaver.gob.mx\/pae\/wp-content\/uploads\/sites\/18\/2025\/08\/TdR-FASSA-2025.pdf\" data-type=\"attachment\" data-id=\"1603\" target=\"_blank\" rel=\"noreferrer noopener\">TDR 12 Termino de Referencia (TDR) para la realizaci\u00f3n de la Evaluaci\u00f3n Espec\u00edfica de Desempe\u00f1o del Fondo de Aportaciones para los Servicios de Salud (FASSA) del Ramo General 33<\/a><\/li>\n\n\n\n<li><a href=\"https:\/\/www.ssaver.gob.mx\/pae\/wp-content\/uploads\/sites\/18\/2026\/02\/ReporteResultados-FASSA.pdf\">Reporte de resultados: Evaluaci\u00f3n Espec\u00edfica Integral al Fondo de Aportaciones para los Servicios de Salud (FASSA), Ramo General 33<\/a><\/li>\n\n\n\n<li class=\"has-text-color has-link-color has-medium-font-size wp-elements-f340b659ae07b8358ba2074e5a7e19da\" style=\"color:#7a1737\">Informe Final: Evaluaci\u00f3n de Desempe\u00f1o del Fondo de Aportaciones para los Servicios de Salud (FASSA) del Ramo General 33<\/li>\n\n\n\n<li class=\"has-text-color has-link-color wp-elements-060ba90ad2e62878ea2b24c733dca71c\" style=\"color:#7a1737\">Resumen Ejecutivo: Evaluaci\u00f3n de Desempe\u00f1o del Fondo de Aportaciones para los Servicios de Salud (FASSA) del Ramo General 33<\/li>\n\n\n\n<li class=\"has-text-color has-link-color wp-elements-54ac8ef1c85941cb742e5275e4bdc394\" style=\"color:#7a1737\">Posici\u00f3n Institucional del FASSA PAE 2025<\/li>\n<\/ul>\n<\/li>\n\n\n\n<li class=\"has-text-color has-link-color wp-elements-c33c5c7a6364920c8aae5d760c345924\" style=\"color:#7a1737\"><strong>Publicaci\u00f3n de Informes del FASSA PAE 2025 en el SFU<\/strong><\/li>\n\n\n\n<li class=\"has-text-color has-link-color wp-elements-62dd7eecabe3854c335f1bf0a74a0362\" style=\"color:#7a1737\"><strong>PM y Anexos, FASSA PAE 2025<\/strong><\/li>\n<\/ul>\n<\/div>\n<\/div>\n\n\n\n<div style=\"height:16px\" aria-hidden=\"true\" class=\"wp-block-spacer\"><\/div>\n\n\n\n<div class=\"wp-block-columns is-layout-flex wp-container-core-columns-is-layout-28f84493 wp-block-columns-is-layout-flex\">\n<div class=\"wp-block-column is-vertically-aligned-center has-border-color has-white-background-color has-background is-layout-flow wp-container-core-column-is-layout-6a27151a wp-block-column-is-layout-flow\" style=\"border-color:#e5be88;border-style:solid;border-width:4px;border-radius:16px;padding-top:var(--wp--preset--spacing--30);padding-right:var(--wp--preset--spacing--30);padding-bottom:var(--wp--preset--spacing--30);padding-left:var(--wp--preset--spacing--30);box-shadow:var(--wp--preset--shadow--natural)\">\n<p class=\"has-text-color has-link-color wp-elements-d60d37f7400b9ddc43cdba4a72e0b5e4\" style=\"color:#7a1737\"><\/p>\n\n\n\n<ul style=\"border-style:none;border-width:0px;border-radius:26px;margin-top:var(--wp--preset--spacing--40);margin-right:var(--wp--preset--spacing--40);margin-bottom:var(--wp--preset--spacing--40);margin-left:var(--wp--preset--spacing--40)\" class=\"wp-block-list has-white-background-color has-background has-medium-font-size\">\n<li class=\"has-text-color has-link-color wp-elements-6fa3d97cad37895d2e1740ee756c7d7d\" style=\"color:#7a1737\"><strong><strong>FONDO DE INFRAESTRUCTURA SOCIAL DE ENTIDADES (FISE)<\/strong><\/strong>\n<ul class=\"wp-block-list\">\n<li class=\"has-text-color has-link-color has-medium-font-size wp-elements-4255633a473582936f19aade0484b293\" style=\"color:#7a1737;padding-top:0;padding-right:0;padding-bottom:0;padding-left:0\"><a href=\"https:\/\/www.ssaver.gob.mx\/pae\/wp-content\/uploads\/sites\/18\/2025\/08\/TdR-FISE-2025-1.pdf\" data-type=\"attachment\" data-id=\"1604\" target=\"_blank\" rel=\"noreferrer noopener\">TDR 12 Termino de Referencia (TDR) para la realizaci\u00f3n de la Evaluaci\u00f3n Espec\u00edfica de Desempe\u00f1o del Fondo de Infraestructura Social para las Entidades (FISE) del Ramo General 33<\/a><\/li>\n\n\n\n<li><a href=\"https:\/\/www.ssaver.gob.mx\/pae\/wp-content\/uploads\/sites\/18\/2026\/02\/ReporteResultados-FISE.pdf\">Reporte de resultados: Evaluaci\u00f3n de Consistencia y Resultados del Fondo de Infraestructura Social para las Entidades (FISE), Ramo General 33<\/a><\/li>\n\n\n\n<li class=\"has-text-color has-link-color has-medium-font-size wp-elements-188d4c2d50cedec6075ae3d47a2d7e84\" style=\"color:#7a1737\">Informe Final: Evaluaci\u00f3n Espec\u00edfica de Desempe\u00f1o del Fondo de Infraestructura Social para las Entidades (FISE) del Ramo General 33<\/li>\n\n\n\n<li class=\"has-text-color has-link-color wp-elements-fe4761d2f681cc88ff37705bb39b34fe\" style=\"color:#7a1737\">Resumen Ejecutivo: Evaluaci\u00f3n Espec\u00edfica de Desempe\u00f1o del Fondo de Infraestructura Social para las Entidades (FISE) del Ramo General 33<\/li>\n\n\n\n<li class=\"has-text-color has-link-color wp-elements-65e84092a5a80ed6512e80514932b3aa\" style=\"color:#7a1737\">Posici\u00f3n Institucional FISE PAE 2025<\/li>\n<\/ul>\n<\/li>\n\n\n\n<li class=\"has-text-color has-link-color wp-elements-96a4752107e8508f828892b273416eca\" style=\"color:#7a1737\"><strong>PM y Anexos, FISE PAE 2025<\/strong><\/li>\n<\/ul>\n<\/div>\n<\/div>\n\n\n\n<div style=\"height:10px\" aria-hidden=\"true\" class=\"wp-block-spacer\"><\/div>\n\n\n\n<ul class=\"wp-block-list has-medium-font-size\">\n<li class=\"has-text-color has-link-color wp-elements-c63f8eab51a9be82b845d6e2411e7d44\" style=\"color:#7a1737\">Mecanismo para la Elaboraci\u00f3n y Seguimiento de aspectos susceptibles de mejora del programa anual de evaluaci\u00f3n PAE 2025. Tomo II: Evaluaci\u00f3n de Fondos Federales del Ramo General 33<\/li>\n<\/ul>\n\n\n\n<p><\/p>\n<\/div>\n<\/div>\n<\/div>\n","protected":false},"excerpt":{"rendered":"<p>TOMO I Programas Presupuestarios Informes de Evaluaci\u00f3n de Consistencia y Resultados del Programa Presupuestario TOMO II Evaluaci\u00f3n de Fondos Federales<\/p>\n","protected":false},"author":61,"featured_media":0,"parent":0,"menu_order":0,"comment_status":"closed","ping_status":"closed","template":"","meta":{"colormag_page_container_layout":"default_layout","colormag_page_sidebar_layout":"default_layout","footnotes":""},"class_list":["post-1596","page","type-page","status-publish","hentry"],"_links":{"self":[{"href":"https:\/\/www.ssaver.gob.mx\/pae\/wp-json\/wp\/v2\/pages\/1596","targetHints":{"allow":["GET"]}}],"collection":[{"href":"https:\/\/www.ssaver.gob.mx\/pae\/wp-json\/wp\/v2\/pages"}],"about":[{"href":"https:\/\/www.ssaver.gob.mx\/pae\/wp-json\/wp\/v2\/types\/page"}],"author":[{"embeddable":true,"href":"https:\/\/www.ssaver.gob.mx\/pae\/wp-json\/wp\/v2\/users\/61"}],"replies":[{"embeddable":true,"href":"https:\/\/www.ssaver.gob.mx\/pae\/wp-json\/wp\/v2\/comments?post=1596"}],"version-history":[{"count":16,"href":"https:\/\/www.ssaver.gob.mx\/pae\/wp-json\/wp\/v2\/pages\/1596\/revisions"}],"predecessor-version":[{"id":1673,"href":"https:\/\/www.ssaver.gob.mx\/pae\/wp-json\/wp\/v2\/pages\/1596\/revisions\/1673"}],"wp:attachment":[{"href":"https:\/\/www.ssaver.gob.mx\/pae\/wp-json\/wp\/v2\/media?parent=1596"}],"curies":[{"name":"wp","href":"https:\/\/api.w.org\/{rel}","templated":true}]}}

Programa Anual de Evaluación PAE 2025

<div class="wp-block-group is-layout-constrained wp-container-core-group-is-layout-9517baca wp-block-group-is-layout-constrained">
<div class="wp-block-columns is-layout-flex wp-container-core-columns-is-layout-28f84493 wp-block-columns-is-layout-flex">
<div class="wp-block-column is-layout-flow wp-block-column-is-layout-flow" style="flex-basis:100%">
<hr class="wp-block-separator has-text-color has-alpha-channel-opacity has-background is-style-wide" style="background-color:#d8bf31;color:#d8bf31" />



<p class="has-text-color has-link-color wp-elements-d60d37f7400b9ddc43cdba4a72e0b5e4" style="color:#7a1737"></p>



<ul class="wp-block-list has-medium-font-size">
<li></li>
</ul>



<p class="has-text-align-center has-white-color has-text-color has-background has-medium-font-size" style="background-color:#7a1737"><strong>TOMO I <strong>Programas Presupuestarios Informes de Evaluación de Consistencia y Resultados del Programa Presupuestario</strong></strong></p>



<div class="wp-block-columns is-layout-flex wp-container-core-columns-is-layout-0884d4d2 wp-block-columns-is-layout-flex" style="margin-top:var(--wp--preset--spacing--50);margin-bottom:var(--wp--preset--spacing--50)">
<div class="wp-block-column is-vertically-aligned-center has-border-color has-white-background-color has-background is-layout-flow wp-container-core-column-is-layout-6a27151a wp-block-column-is-layout-flow" style="border-color:#e5be88;border-style:solid;border-width:4px;border-radius:16px;padding-top:var(--wp--preset--spacing--30);padding-right:var(--wp--preset--spacing--30);padding-bottom:var(--wp--preset--spacing--30);padding-left:var(--wp--preset--spacing--30);box-shadow:var(--wp--preset--shadow--natural)">
<ul style="border-style:none;border-width:0px;border-radius:26px;margin-top:var(--wp--preset--spacing--40);margin-right:var(--wp--preset--spacing--40);margin-bottom:var(--wp--preset--spacing--40);margin-left:var(--wp--preset--spacing--40)" class="wp-block-list has-white-background-color has-background has-medium-font-size">
<li class="has-text-color has-link-color wp-elements-dfbe2b2d24197f596bb043b20732f45f" style="color:#7a1737"><strong><strong><strong><a href="https://www.ssaver.gob.mx/pae/wp-content/uploads/sites/18/2025/09/PAE-2025-TOMO-I-Programas-Presupuestarios.pdf" target="_blank" rel="noreferrer noopener">Programa Anual de Evaluación (PAE 2025)</a></strong></strong></strong></li>



<li class="has-text-color has-link-color wp-elements-2aa3c7e8153bd593d69fb5ce26c706fa" style="color:#7a1737"><strong><a href="https://www.ssaver.gob.mx/pae/wp-content/uploads/sites/18/2025/09/TdR-Diseno-2025.pdf" target="_blank" rel="noreferrer noopener">Términos de Referencia de la Evaluación de Consistencia y Resultados del Programa Presupuestario (PP) 097. Atención a la Salud y Medicamentos Gratuitos para la Población sin Seguridad Social Laboral.</a></strong></li>



<li class="has-text-color has-link-color wp-elements-4b433302e3a76ede2af0ac5a5763a12a" style="color:#7a1737"><strong><a href="https://www.ssaver.gob.mx/pae/wp-content/uploads/sites/18/2026/02/Reporte-de-Resultados_Programa-Presupuestario-097.pdf">Reporte de Resultados del Programa Presupuestario (PP) 097</a></strong></li>
</ul>
</div>
</div>



<p class="has-text-align-center has-white-color has-text-color has-background has-medium-font-size" style="background-color:#7a1737"><strong>TOMO II Evaluación de Fondos Federales del Ramo General 33 al Ejercicio Fiscal 2024.</strong></p>



<ul class="wp-block-list">
<li><strong><a href="https://www.ssaver.gob.mx/pae/wp-content/uploads/sites/18/2025/08/PAE-2025-TOMO-II-Fondos-Federales.pdf" data-type="attachment" data-id="1602" target="_blank" rel="noreferrer noopener">Programa Anual de Evaluacion Tomo II. Fondos Federales</a></strong></li>



<li class="has-text-color has-link-color wp-elements-ab2fd366bea385860467e8aec5e09ddb" style="color:#7a1737"><a href="https://www.ssaver.gob.mx/pae/wp-content/uploads/sites/18/2025/08/Alcance-PAE-Tomo-ll.pdf" data-type="attachment" data-id="1601" target="_blank" rel="noreferrer noopener"><strong>Anexo 1. Cronograma de Ejecución del Programa Anual de Evaluación 2025 (PAE 2025 Tomo II)</strong></a></li>
</ul>



<div class="wp-block-columns is-layout-flex wp-container-core-columns-is-layout-28f84493 wp-block-columns-is-layout-flex">
<div class="wp-block-column is-vertically-aligned-center has-border-color has-white-background-color has-background is-layout-flow wp-container-core-column-is-layout-6a27151a wp-block-column-is-layout-flow" style="border-color:#e5be88;border-style:solid;border-width:4px;border-radius:16px;padding-top:var(--wp--preset--spacing--30);padding-right:var(--wp--preset--spacing--30);padding-bottom:var(--wp--preset--spacing--30);padding-left:var(--wp--preset--spacing--30);box-shadow:var(--wp--preset--shadow--natural)">
<p class="has-text-color has-link-color wp-elements-d60d37f7400b9ddc43cdba4a72e0b5e4" style="color:#7a1737"></p>



<ul style="border-style:none;border-width:0px;border-radius:26px;margin-top:var(--wp--preset--spacing--40);margin-right:var(--wp--preset--spacing--40);margin-bottom:var(--wp--preset--spacing--40);margin-left:var(--wp--preset--spacing--40)" class="wp-block-list has-white-background-color has-background has-medium-font-size">
<li class="has-text-color has-link-color wp-elements-05f7805b99cfc001a864c6ac9ad12436" style="color:#7a1737"><strong><strong><strong>FONDO DE APORTACIONES PARA LOS SERVICIOS DE SALUD (FASSA)</strong></strong></strong>
<ul class="wp-block-list">
<li><a href="https://www.ssaver.gob.mx/pae/wp-content/uploads/sites/18/2025/08/TdR-FASSA-2025.pdf" data-type="attachment" data-id="1603" target="_blank" rel="noreferrer noopener">TDR 12 Termino de Referencia (TDR) para la realización de la Evaluación Específica de Desempeño del Fondo de Aportaciones para los Servicios de Salud (FASSA) del Ramo General 33</a></li>



<li><a href="https://www.ssaver.gob.mx/pae/wp-content/uploads/sites/18/2026/02/ReporteResultados-FASSA.pdf">Reporte de resultados: Evaluación Específica Integral al Fondo de Aportaciones para los Servicios de Salud (FASSA), Ramo General 33</a></li>



<li class="has-text-color has-link-color has-medium-font-size wp-elements-f340b659ae07b8358ba2074e5a7e19da" style="color:#7a1737">Informe Final: Evaluación de Desempeño del Fondo de Aportaciones para los Servicios de Salud (FASSA) del Ramo General 33</li>



<li class="has-text-color has-link-color wp-elements-060ba90ad2e62878ea2b24c733dca71c" style="color:#7a1737">Resumen Ejecutivo: Evaluación de Desempeño del Fondo de Aportaciones para los Servicios de Salud (FASSA) del Ramo General 33</li>



<li class="has-text-color has-link-color wp-elements-54ac8ef1c85941cb742e5275e4bdc394" style="color:#7a1737">Posición Institucional del FASSA PAE 2025</li>
</ul>
</li>



<li class="has-text-color has-link-color wp-elements-c33c5c7a6364920c8aae5d760c345924" style="color:#7a1737"><strong>Publicación de Informes del FASSA PAE 2025 en el SFU</strong></li>



<li class="has-text-color has-link-color wp-elements-62dd7eecabe3854c335f1bf0a74a0362" style="color:#7a1737"><strong>PM y Anexos, FASSA PAE 2025</strong></li>
</ul>
</div>
</div>



<div style="height:16px" aria-hidden="true" class="wp-block-spacer"></div>



<div class="wp-block-columns is-layout-flex wp-container-core-columns-is-layout-28f84493 wp-block-columns-is-layout-flex">
<div class="wp-block-column is-vertically-aligned-center has-border-color has-white-background-color has-background is-layout-flow wp-container-core-column-is-layout-6a27151a wp-block-column-is-layout-flow" style="border-color:#e5be88;border-style:solid;border-width:4px;border-radius:16px;padding-top:var(--wp--preset--spacing--30);padding-right:var(--wp--preset--spacing--30);padding-bottom:var(--wp--preset--spacing--30);padding-left:var(--wp--preset--spacing--30);box-shadow:var(--wp--preset--shadow--natural)">
<p class="has-text-color has-link-color wp-elements-d60d37f7400b9ddc43cdba4a72e0b5e4" style="color:#7a1737"></p>



<ul style="border-style:none;border-width:0px;border-radius:26px;margin-top:var(--wp--preset--spacing--40);margin-right:var(--wp--preset--spacing--40);margin-bottom:var(--wp--preset--spacing--40);margin-left:var(--wp--preset--spacing--40)" class="wp-block-list has-white-background-color has-background has-medium-font-size">
<li class="has-text-color has-link-color wp-elements-6fa3d97cad37895d2e1740ee756c7d7d" style="color:#7a1737"><strong><strong>FONDO DE INFRAESTRUCTURA SOCIAL DE ENTIDADES (FISE)</strong></strong>
<ul class="wp-block-list">
<li class="has-text-color has-link-color has-medium-font-size wp-elements-4255633a473582936f19aade0484b293" style="color:#7a1737;padding-top:0;padding-right:0;padding-bottom:0;padding-left:0"><a href="https://www.ssaver.gob.mx/pae/wp-content/uploads/sites/18/2025/08/TdR-FISE-2025-1.pdf" data-type="attachment" data-id="1604" target="_blank" rel="noreferrer noopener">TDR 12 Termino de Referencia (TDR) para la realización de la Evaluación Específica de Desempeño del Fondo de Infraestructura Social para las Entidades (FISE) del Ramo General 33</a></li>



<li><a href="https://www.ssaver.gob.mx/pae/wp-content/uploads/sites/18/2026/02/ReporteResultados-FISE.pdf">Reporte de resultados: Evaluación de Consistencia y Resultados del Fondo de Infraestructura Social para las Entidades (FISE), Ramo General 33</a></li>



<li class="has-text-color has-link-color has-medium-font-size wp-elements-188d4c2d50cedec6075ae3d47a2d7e84" style="color:#7a1737">Informe Final: Evaluación Específica de Desempeño del Fondo de Infraestructura Social para las Entidades (FISE) del Ramo General 33</li>



<li class="has-text-color has-link-color wp-elements-fe4761d2f681cc88ff37705bb39b34fe" style="color:#7a1737">Resumen Ejecutivo: Evaluación Específica de Desempeño del Fondo de Infraestructura Social para las Entidades (FISE) del Ramo General 33</li>



<li class="has-text-color has-link-color wp-elements-65e84092a5a80ed6512e80514932b3aa" style="color:#7a1737">Posición Institucional FISE PAE 2025</li>
</ul>
</li>



<li class="has-text-color has-link-color wp-elements-96a4752107e8508f828892b273416eca" style="color:#7a1737"><strong>PM y Anexos, FISE PAE 2025</strong></li>
</ul>
</div>
</div>



<div style="height:10px" aria-hidden="true" class="wp-block-spacer"></div>



<ul class="wp-block-list has-medium-font-size">
<li class="has-text-color has-link-color wp-elements-c63f8eab51a9be82b845d6e2411e7d44" style="color:#7a1737">Mecanismo para la Elaboración y Seguimiento de aspectos susceptibles de mejora del programa anual de evaluación PAE 2025. Tomo II: Evaluación de Fondos Federales del Ramo General 33</li>
</ul>



<p></p>
</div>
</div>
</div>

<p>TOMO I Programas Presupuestarios Informes de Evaluación de Consistencia y Resultados del Programa Presupuestario TOMO II Evaluación de Fondos Federales</p>
