{"id":755,"date":"2022-08-31T14:37:23","date_gmt":"2022-08-31T19:37:23","guid":{"rendered":"https:\/\/www.ssaver.gob.mx\/pae\/?page_id=755"},"modified":"2026-03-27T11:36:49","modified_gmt":"2026-03-27T17:36:49","slug":"programa-anual-de-evaluacion-pae-2017","status":"publish","type":"page","link":"https:\/\/www.ssaver.gob.mx\/pae\/programa-anual-de-evaluacion-pae-2017\/","title":{"rendered":"Programa Anual de Evaluaci\u00f3n PAE 2017"},"content":{"rendered":"\n<div class=\"wp-block-group is-layout-constrained wp-container-core-group-is-layout-9517baca wp-block-group-is-layout-constrained\">\n<div class=\"wp-block-columns is-layout-flex wp-container-core-columns-is-layout-28f84493 wp-block-columns-is-layout-flex\">\n<div class=\"wp-block-column is-layout-flow wp-block-column-is-layout-flow\" style=\"flex-basis:100%\">\n<hr class=\"wp-block-separator has-text-color has-alpha-channel-opacity has-background is-style-wide\" style=\"background-color:#d8bf31;color:#d8bf31\" \/>\n\n\n\n<p class=\"has-text-align-center has-text-color has-background has-large-font-size\" style=\"color:#7a1737;background-color:#dac195\"><strong>Programa Anual de Evaluaci\u00f3n 2017<\/strong><\/p>\n\n\n\n<p class=\"has-text-align-center has-white-color has-text-color has-background\" style=\"background-color:#7a1737;font-size:18px\"><strong>TOMO I Programas Presupuestarios Informes de Evaluaci\u00f3n de Consistencia y Resultados del Programa Presupuestario<\/strong><\/p>\n\n\n\n<p class=\"has-text-align-center has-white-color has-text-color has-background\" style=\"background-color:#7a1737;font-size:18px\"><strong>TOMO II: Evaluaci\u00f3n de Fondos Federales del Ramo General 33 al Ejercicio Fiscal 2016. D\u00e9cimo Aniversario de la Evaluaci\u00f3n de Fondos Federales<\/strong><\/p>\n\n\n\n<ul style=\"color:#5b4c0d;background-color:#fff4e0\" class=\"wp-block-list has-text-color has-background has-medium-font-size\">\n<li><strong>FONDO DE APORTACIONES PARA LOS SERVICIOS DE SALUD (FASSA)<\/strong>\n<ul class=\"wp-block-list\">\n<li><a href=\"https:\/\/www.ssaver.gob.mx\/pae\/wp-content\/uploads\/sites\/18\/2022\/08\/TDRS_FASSA_PAE_2017.pdf\" target=\"_blank\" rel=\"noreferrer noopener\">TERMINOS DE REFERENCIA (TdR FASSA) PARA LA EVALUACI\u00d3N ESPEC\u00cdFICA DE DESEMPE\u00d1O<\/a><\/li>\n\n\n\n<li><a href=\"https:\/\/www.ssaver.gob.mx\/pae\/wp-content\/uploads\/sites\/18\/2022\/08\/Informe_Ejecutivo_FASSA_PAE_2017.pdf\" target=\"_blank\" rel=\"noreferrer noopener\">Informe Ejecutivo: Evaluaci\u00f3n de Desempe\u00f1o del Fondo de Aportaciones para los Servicios de Salud (FASSA). Tomo II: Evaluaci\u00f3n de Fondos Federales del Ramo General 33 al Ejercicio Fiscal 2016<\/a><\/li>\n\n\n\n<li><a href=\"https:\/\/www.ssaver.gob.mx\/pae\/wp-content\/uploads\/sites\/18\/2022\/08\/Informe_Final_FASSA_PAE_2017.pdf\" target=\"_blank\" rel=\"noreferrer noopener\">Informe Final: Evaluaci\u00f3n de Desempe\u00f1o del Fondo de Aportaciones para los Servicios de Salud (FASSA). Tomo II: Evaluaci\u00f3n de Fondos Federales del Ramo General 33 al Ejercicio Fiscal 2016<\/a><\/li>\n\n\n\n<li><a href=\"https:\/\/www.ssaver.gob.mx\/pae\/wp-content\/uploads\/sites\/18\/2022\/08\/FASSA_PAE_2017_ANEXOS_I_II_III.pdf\" target=\"_blank\" rel=\"noreferrer noopener\">Proyectos de Mejora Ejercicio Fiscal 2017 Tomo II FASSA Anexos I,II y III<\/a><\/li>\n\n\n\n<li><a href=\"https:\/\/www.ssaver.gob.mx\/pae\/wp-content\/uploads\/sites\/18\/2022\/08\/Anexo_IV_FASSA_PAE_2017.pdf\" target=\"_blank\" rel=\"noreferrer noopener\">ANEXO IV FASSA. Seguimiento a aspectos susceptibles de mejora, derivados de informes y evaluaciones externas.<\/a><\/li>\n\n\n\n<li><a href=\"https:\/\/www.ssaver.gob.mx\/pae\/wp-content\/uploads\/sites\/18\/2022\/08\/POSICION_INSTITUCIONAL_FASSA_-PAE2017.pdf\" target=\"_blank\" rel=\"noreferrer noopener\">Posici\u00f3n Institucional del FASSA.<\/a><\/li>\n<\/ul>\n<\/li>\n<\/ul>\n\n\n\n<p><\/p>\n\n\n\n<ul style=\"color:#5b4c0d;background-color:#fff4e0\" class=\"wp-block-list has-text-color has-background has-medium-font-size\">\n<li><strong>FONDO DE INFRAESTRUCTURA SOCIAL DE ENTIDADES (FISE)<\/strong>\n<ul class=\"wp-block-list\">\n<li><a href=\"https:\/\/www.ssaver.gob.mx\/pae\/wp-content\/uploads\/sites\/18\/2022\/08\/TDRS_FONDOS_FISE_PAE_2017.pdf\" target=\"_blank\" rel=\"noreferrer noopener\">TERMINOS DE REFERENCIA (TdR FISE) PARA LA EVALUACI\u00d3N ESPEC\u00cdFICA DE DESEMPE\u00d1O<\/a><\/li>\n\n\n\n<li><a href=\"https:\/\/www.ssaver.gob.mx\/pae\/wp-content\/uploads\/sites\/18\/2022\/08\/INFORME_EJECUTIVO_FISE_PAE_2017.pdf\" target=\"_blank\" rel=\"noreferrer noopener\">Informe Ejecutivo: Evaluaci\u00f3n Espec\u00edfica de Desempe\u00f1o. Fondo de Infraestructura Social para las Entidades (FISE). Tomo II: Evaluaci\u00f3n de Fondos Ramo General 33.<\/a><\/li>\n\n\n\n<li><a href=\"https:\/\/www.ssaver.gob.mx\/pae\/wp-content\/uploads\/sites\/18\/2022\/08\/INFORME_FINAL_FISE_PAE_2017.pdf\" target=\"_blank\" rel=\"noreferrer noopener\">Informe Final: Evaluaci\u00f3n Espec\u00edfica de Desempe\u00f1o. Fondo de Infraestructura Social para las Entidades. FISE<\/a><\/li>\n\n\n\n<li><a href=\"https:\/\/www.ssaver.gob.mx\/pae\/wp-content\/uploads\/sites\/18\/2022\/08\/FISE_PAE2017_PM_ANEXOS_I_II_III.pdf\" target=\"_blank\" rel=\"noreferrer noopener\">ANEXO I, II y III FISE. Posici\u00f3n Institucional del FISE.<\/a><\/li>\n\n\n\n<li><a href=\"https:\/\/www.ssaver.gob.mx\/pae\/wp-content\/uploads\/sites\/18\/2022\/08\/Anexo_IV_FISE_PAE_2017.pdf\" target=\"_blank\" rel=\"noreferrer noopener\">ANEXO IV FISE. Seguimiento a aspectos susceptibles de mejora, derivados de informes y evaluaciones externas.<\/a><\/li>\n<\/ul>\n<\/li>\n<\/ul>\n\n\n\n<p><\/p>\n\n\n\n<ul style=\"color:#5b4c0d;background-color:#fff4e0\" class=\"wp-block-list has-text-color has-background has-medium-font-size\">\n<li><a href=\"https:\/\/www.ssaver.gob.mx\/pae\/wp-content\/uploads\/sites\/18\/2022\/08\/Mecanismo_PM_PAE_2017.pdf\" target=\"_blank\" rel=\"noreferrer noopener\"><strong>Mecanismo para la Elaboraci\u00f3n y Seguimiento de aspectos susceptibles de mejora del programa anual de evaluaci\u00f3n (PAE) 2017, Tomo II: Evaluaci\u00f3n de Fondos Federales del Ramo General 33<\/strong><\/a><\/li>\n\n\n\n<li><a href=\"https:\/\/www.ssaver.gob.mx\/pae\/wp-content\/uploads\/sites\/18\/2022\/09\/Informe_Anual_de_Evaluacion_2017FIN.pdf\" target=\"_blank\" rel=\"noreferrer noopener\"><strong>Informe Anual de Resultados.&nbsp; Evaluaciones de Fondos Federales del Ramo General 33.&nbsp; Programa Anual de Evaluaci\u00f3n (PAE) 2017 y Proyectos de Mejora en el Sistema de Seguimiento de Proyectos de Mejora para el Bienestar (SSPMB)<\/strong><\/a><\/li>\n\n\n\n<li><a href=\"https:\/\/www.ssaver.gob.mx\/pae\/wp-content\/uploads\/sites\/18\/2022\/08\/Memoria_Documental_2017.pdf\" target=\"_blank\" rel=\"noreferrer noopener\"><strong>Memoria Documental Programa Anual de Evaluaci\u00f3n 2017 de la Administraci\u00f3n P\u00fablica Estatal de Veracruz de Ignacio de la Llave<\/strong><\/a><\/li>\n<\/ul>\n<\/div>\n<\/div>\n<\/div>\n","protected":false},"excerpt":{"rendered":"<p>Programa Anual de Evaluaci\u00f3n 2017 TOMO I Programas Presupuestarios Informes de Evaluaci\u00f3n de Consistencia y Resultados del Programa Presupuestario TOMO<\/p>\n","protected":false},"author":3,"featured_media":0,"parent":0,"menu_order":0,"comment_status":"closed","ping_status":"closed","template":"","meta":{"colormag_page_container_layout":"default_layout","colormag_page_sidebar_layout":"default_layout","footnotes":""},"class_list":["post-755","page","type-page","status-publish","hentry"],"_links":{"self":[{"href":"https:\/\/www.ssaver.gob.mx\/pae\/wp-json\/wp\/v2\/pages\/755","targetHints":{"allow":["GET"]}}],"collection":[{"href":"https:\/\/www.ssaver.gob.mx\/pae\/wp-json\/wp\/v2\/pages"}],"about":[{"href":"https:\/\/www.ssaver.gob.mx\/pae\/wp-json\/wp\/v2\/types\/page"}],"author":[{"embeddable":true,"href":"https:\/\/www.ssaver.gob.mx\/pae\/wp-json\/wp\/v2\/users\/3"}],"replies":[{"embeddable":true,"href":"https:\/\/www.ssaver.gob.mx\/pae\/wp-json\/wp\/v2\/comments?post=755"}],"version-history":[{"count":12,"href":"https:\/\/www.ssaver.gob.mx\/pae\/wp-json\/wp\/v2\/pages\/755\/revisions"}],"predecessor-version":[{"id":1667,"href":"https:\/\/www.ssaver.gob.mx\/pae\/wp-json\/wp\/v2\/pages\/755\/revisions\/1667"}],"wp:attachment":[{"href":"https:\/\/www.ssaver.gob.mx\/pae\/wp-json\/wp\/v2\/media?parent=755"}],"curies":[{"name":"wp","href":"https:\/\/api.w.org\/{rel}","templated":true}]}}

Programa Anual de Evaluación PAE 2017

<div class="wp-block-group is-layout-constrained wp-container-core-group-is-layout-9517baca wp-block-group-is-layout-constrained">
<div class="wp-block-columns is-layout-flex wp-container-core-columns-is-layout-28f84493 wp-block-columns-is-layout-flex">
<div class="wp-block-column is-layout-flow wp-block-column-is-layout-flow" style="flex-basis:100%">
<hr class="wp-block-separator has-text-color has-alpha-channel-opacity has-background is-style-wide" style="background-color:#d8bf31;color:#d8bf31" />



<p class="has-text-align-center has-text-color has-background has-large-font-size" style="color:#7a1737;background-color:#dac195"><strong>Programa Anual de Evaluación 2017</strong></p>



<p class="has-text-align-center has-white-color has-text-color has-background" style="background-color:#7a1737;font-size:18px"><strong>TOMO I Programas Presupuestarios Informes de Evaluación de Consistencia y Resultados del Programa Presupuestario</strong></p>



<p class="has-text-align-center has-white-color has-text-color has-background" style="background-color:#7a1737;font-size:18px"><strong>TOMO II: Evaluación de Fondos Federales del Ramo General 33 al Ejercicio Fiscal 2016. Décimo Aniversario de la Evaluación de Fondos Federales</strong></p>



<ul style="color:#5b4c0d;background-color:#fff4e0" class="wp-block-list has-text-color has-background has-medium-font-size">
<li><strong>FONDO DE APORTACIONES PARA LOS SERVICIOS DE SALUD (FASSA)</strong>
<ul class="wp-block-list">
<li><a href="https://www.ssaver.gob.mx/pae/wp-content/uploads/sites/18/2022/08/TDRS_FASSA_PAE_2017.pdf" target="_blank" rel="noreferrer noopener">TERMINOS DE REFERENCIA (TdR FASSA) PARA LA EVALUACIÓN ESPECÍFICA DE DESEMPEÑO</a></li>



<li><a href="https://www.ssaver.gob.mx/pae/wp-content/uploads/sites/18/2022/08/Informe_Ejecutivo_FASSA_PAE_2017.pdf" target="_blank" rel="noreferrer noopener">Informe Ejecutivo: Evaluación de Desempeño del Fondo de Aportaciones para los Servicios de Salud (FASSA). Tomo II: Evaluación de Fondos Federales del Ramo General 33 al Ejercicio Fiscal 2016</a></li>



<li><a href="https://www.ssaver.gob.mx/pae/wp-content/uploads/sites/18/2022/08/Informe_Final_FASSA_PAE_2017.pdf" target="_blank" rel="noreferrer noopener">Informe Final: Evaluación de Desempeño del Fondo de Aportaciones para los Servicios de Salud (FASSA). Tomo II: Evaluación de Fondos Federales del Ramo General 33 al Ejercicio Fiscal 2016</a></li>



<li><a href="https://www.ssaver.gob.mx/pae/wp-content/uploads/sites/18/2022/08/FASSA_PAE_2017_ANEXOS_I_II_III.pdf" target="_blank" rel="noreferrer noopener">Proyectos de Mejora Ejercicio Fiscal 2017 Tomo II FASSA Anexos I,II y III</a></li>



<li><a href="https://www.ssaver.gob.mx/pae/wp-content/uploads/sites/18/2022/08/Anexo_IV_FASSA_PAE_2017.pdf" target="_blank" rel="noreferrer noopener">ANEXO IV FASSA. Seguimiento a aspectos susceptibles de mejora, derivados de informes y evaluaciones externas.</a></li>



<li><a href="https://www.ssaver.gob.mx/pae/wp-content/uploads/sites/18/2022/08/POSICION_INSTITUCIONAL_FASSA_-PAE2017.pdf" target="_blank" rel="noreferrer noopener">Posición Institucional del FASSA.</a></li>
</ul>
</li>
</ul>



<p></p>



<ul style="color:#5b4c0d;background-color:#fff4e0" class="wp-block-list has-text-color has-background has-medium-font-size">
<li><strong>FONDO DE INFRAESTRUCTURA SOCIAL DE ENTIDADES (FISE)</strong>
<ul class="wp-block-list">
<li><a href="https://www.ssaver.gob.mx/pae/wp-content/uploads/sites/18/2022/08/TDRS_FONDOS_FISE_PAE_2017.pdf" target="_blank" rel="noreferrer noopener">TERMINOS DE REFERENCIA (TdR FISE) PARA LA EVALUACIÓN ESPECÍFICA DE DESEMPEÑO</a></li>



<li><a href="https://www.ssaver.gob.mx/pae/wp-content/uploads/sites/18/2022/08/INFORME_EJECUTIVO_FISE_PAE_2017.pdf" target="_blank" rel="noreferrer noopener">Informe Ejecutivo: Evaluación Específica de Desempeño. Fondo de Infraestructura Social para las Entidades (FISE). Tomo II: Evaluación de Fondos Ramo General 33.</a></li>



<li><a href="https://www.ssaver.gob.mx/pae/wp-content/uploads/sites/18/2022/08/INFORME_FINAL_FISE_PAE_2017.pdf" target="_blank" rel="noreferrer noopener">Informe Final: Evaluación Específica de Desempeño. Fondo de Infraestructura Social para las Entidades. FISE</a></li>



<li><a href="https://www.ssaver.gob.mx/pae/wp-content/uploads/sites/18/2022/08/FISE_PAE2017_PM_ANEXOS_I_II_III.pdf" target="_blank" rel="noreferrer noopener">ANEXO I, II y III FISE. Posición Institucional del FISE.</a></li>



<li><a href="https://www.ssaver.gob.mx/pae/wp-content/uploads/sites/18/2022/08/Anexo_IV_FISE_PAE_2017.pdf" target="_blank" rel="noreferrer noopener">ANEXO IV FISE. Seguimiento a aspectos susceptibles de mejora, derivados de informes y evaluaciones externas.</a></li>
</ul>
</li>
</ul>



<p></p>



<ul style="color:#5b4c0d;background-color:#fff4e0" class="wp-block-list has-text-color has-background has-medium-font-size">
<li><a href="https://www.ssaver.gob.mx/pae/wp-content/uploads/sites/18/2022/08/Mecanismo_PM_PAE_2017.pdf" target="_blank" rel="noreferrer noopener"><strong>Mecanismo para la Elaboración y Seguimiento de aspectos susceptibles de mejora del programa anual de evaluación (PAE) 2017, Tomo II: Evaluación de Fondos Federales del Ramo General 33</strong></a></li>



<li><a href="https://www.ssaver.gob.mx/pae/wp-content/uploads/sites/18/2022/09/Informe_Anual_de_Evaluacion_2017FIN.pdf" target="_blank" rel="noreferrer noopener"><strong>Informe Anual de Resultados.&nbsp; Evaluaciones de Fondos Federales del Ramo General 33.&nbsp; Programa Anual de Evaluación (PAE) 2017 y Proyectos de Mejora en el Sistema de Seguimiento de Proyectos de Mejora para el Bienestar (SSPMB)</strong></a></li>



<li><a href="https://www.ssaver.gob.mx/pae/wp-content/uploads/sites/18/2022/08/Memoria_Documental_2017.pdf" target="_blank" rel="noreferrer noopener"><strong>Memoria Documental Programa Anual de Evaluación 2017 de la Administración Pública Estatal de Veracruz de Ignacio de la Llave</strong></a></li>
</ul>
</div>
</div>
</div>

<p>Programa Anual de Evaluación 2017 TOMO I Programas Presupuestarios Informes de Evaluación de Consistencia y Resultados del Programa Presupuestario TOMO</p>
