{"id":977,"date":"2022-07-06T10:21:50","date_gmt":"2022-07-06T15:21:50","guid":{"rendered":"https:\/\/www.ssaver.gob.mx\/pae\/?page_id=977"},"modified":"2026-03-27T11:31:34","modified_gmt":"2026-03-27T17:31:34","slug":"programa-anual-de-evaluacion-11-2023","status":"publish","type":"page","link":"https:\/\/www.ssaver.gob.mx\/pae\/programa-anual-de-evaluacion-11-2023\/","title":{"rendered":"Programa Anual de Evaluaci\u00f3n PAE 11 2023"},"content":{"rendered":"\n<div class=\"wp-block-group is-layout-constrained wp-container-core-group-is-layout-9517baca wp-block-group-is-layout-constrained\">\n<div class=\"wp-block-columns is-layout-flex wp-container-core-columns-is-layout-28f84493 wp-block-columns-is-layout-flex\">\n<div class=\"wp-block-column is-layout-flow wp-block-column-is-layout-flow\" style=\"flex-basis:100%\">\n<hr class=\"wp-block-separator has-text-color has-alpha-channel-opacity has-background is-style-wide\" style=\"background-color:#d8bf31;color:#d8bf31\" \/>\n\n\n\n<ul class=\"wp-block-list has-medium-font-size\">\n<li><strong><a rel=\"noreferrer noopener\" href=\"https:\/\/www.ssaver.gob.mx\/pae\/wp-content\/uploads\/sites\/18\/2022\/11\/PAE11.pdf\" target=\"_blank\">Programa Anual de Evaluaci\u00f3n PAE 11 Tomo II: Evaluaci\u00f3n de Fondos Federales del Ramo <strong>General 33.<\/strong> <\/a><\/strong>Ejercicio Fiscal 2022<\/li>\n<\/ul>\n\n\n\n<p class=\"has-text-align-center has-white-color has-text-color has-background has-medium-font-size\" style=\"background-color:#7a1737\"><strong>TOMO I Programas Presupuestarios Informes de Evaluaci\u00f3n de Consistencia y Resultados del Programa Presupuestario<\/strong><\/p>\n\n\n\n<ul style=\"background-color:#fff4e0\" class=\"wp-block-list has-background has-medium-font-size\">\n<li><strong><a href=\"https:\/\/www.ssaver.gob.mx\/pae\/wp-content\/uploads\/sites\/18\/2023\/05\/PAE-2023-Firmado.pdf\" target=\"_blank\" rel=\"noreferrer noopener\">Programa Anual de Evaluaci\u00f3n PAE 2023<\/a><\/strong><\/li>\n\n\n\n<li><strong><a href=\"https:\/\/www.ssaver.gob.mx\/pae\/wp-content\/uploads\/sites\/18\/2023\/05\/TdR-Consistencia-y-Resultados-2023-firmados.pdf\" target=\"_blank\" rel=\"noreferrer noopener\">T\u00e9rminos de Referencia (TdR) 2023.  Evaluaci\u00f3n de Consistencia y Resultados de Programas Presupuestarios<\/a><\/strong><\/li>\n\n\n\n<li><a href=\"https:\/\/www.ssaver.gob.mx\/pae\/wp-content\/uploads\/sites\/18\/2024\/05\/Informe_de_Evaluacion_CyR_SESVER_PP_097.pdf\"><strong>Informe de Evaluaci\u00f3n de Consistencia y Resultados del Programa Presupuestario (PP) 097. Atenci\u00f3n a la Salud y Medicamentos Gratuitos para la Poblaci\u00f3n sin Seguridad Social Laboral<\/strong><\/a><\/li>\n<\/ul>\n\n\n\n<p class=\"has-text-align-center has-white-color has-text-color has-background has-medium-font-size\" style=\"background-color:#7a1737\"><strong>TOMO II Evaluaci\u00f3n de Fondos Federales del Ramo General 33 al Ejercicio Fiscal 2022. D\u00e9cimo Aniversario de la Evaluaci\u00f3n de Fondos Federales<\/strong><\/p>\n\n\n\n<ul style=\"background-color:#fff4e0\" class=\"wp-block-list has-background has-medium-font-size\">\n<li><strong>FONDO DE APORTACIONES PARA LOS SERVICIOS DE SALUD (FASSA)<\/strong><ul><li><a rel=\"noreferrer noopener\" href=\"https:\/\/www.ssaver.gob.mx\/pae\/wp-content\/uploads\/sites\/18\/2023\/03\/1_TdR_FASSA_2023.pdf\" target=\"_blank\">TERMINOS DE REFERENCIA (TdR FASSA) PARA LA EVALUACI\u00d3N ESPEC\u00cdFICA DE DESEMPE\u00d1O<\/a><\/li><li><a rel=\"noreferrer noopener\" href=\"https:\/\/www.ssaver.gob.mx\/pae\/wp-content\/uploads\/sites\/18\/2023\/08\/Informe_Ejecutivo_FASSA_PAE11_2023.pdf\" target=\"_blank\">Informe Ejecutivo Evaluaci\u00f3n Espec\u00edfica de Desempe\u00f1o del Fondo de Aportaciones para los Servicios de Salud (FASSA) del Ramo General 33<\/a><\/li><li><a rel=\"noreferrer noopener\" href=\"https:\/\/www.ssaver.gob.mx\/pae\/wp-content\/uploads\/sites\/18\/2023\/08\/Informe_Final_FASSA_PAE11_2023.pdf\" target=\"_blank\">Informe Final: Evaluaci\u00f3n Espec\u00edfica de Desempe\u00f1o del Fondo de Aportaciones para los Servicios de Salud (FASSA) del Ramo General 33<\/a><\/li><li><a rel=\"noreferrer noopener\" href=\"https:\/\/www.ssaver.gob.mx\/pae\/wp-content\/uploads\/sites\/18\/2023\/10\/PROYECTO_DE_MEJORA_FASSA_PAE_2023.pdf\" target=\"_blank\">Proyecto de Mejora PAE 2023 Ejercicio Fiscal 2022 FASSA<\/a><\/li><li><a rel=\"noreferrer noopener\" href=\"https:\/\/www.ssaver.gob.mx\/pae\/wp-content\/uploads\/sites\/18\/2023\/10\/ANEXO_I_FASSA_PAE_2023.pdf\" target=\"_blank\">Anexo I Proyecto de Mejora PAE 2023<\/a><\/li><li><a rel=\"noreferrer noopener\" href=\"https:\/\/www.ssaver.gob.mx\/pae\/wp-content\/uploads\/sites\/18\/2023\/10\/ANEXO_II_FASSA_PAE_2023.pdf\" target=\"_blank\">Anexo II Proyecto de Mejora PAE 2023<\/a><\/li><li><a rel=\"noreferrer noopener\" href=\"https:\/\/www.ssaver.gob.mx\/pae\/wp-content\/uploads\/sites\/18\/2023\/10\/ANEXO_III_FASSA_PAE_2023.pdf\" target=\"_blank\">Anexo III Proyecto de Mejora PAE 2023<\/a><\/li><li><a rel=\"noreferrer noopener\" href=\"https:\/\/www.ssaver.gob.mx\/pae\/wp-content\/uploads\/sites\/18\/2025\/02\/Anexo-IV-Proyecto-de-Mejora-PAE-FASSA-2023-OF-0200-2024-.pdf\" target=\"_blank\">Anexo IV Proyecto de Mejora PAE 2023<\/a><\/li><li><a rel=\"noreferrer noopener\" href=\"https:\/\/www.ssaver.gob.mx\/pae\/wp-content\/uploads\/sites\/18\/2023\/11\/POSICION_INST_PAEA_2023_FASSA.pdf\" target=\"_blank\">Posici\u00f3n Institucional del FASSA PAE 2023<\/a><\/li><\/ul><\/li>\n\n\n\n<li><a href=\"https:\/\/www.ssaver.gob.mx\/pae\/programa-anual-de-evaluacion-11-2023\/sesver-fassa-2023-presentacion-video\/\" target=\"_blank\" rel=\"noreferrer noopener\"><strong>SESVER FASSA &#8211; PRESENTACI\u00d3N VIDEO<\/strong><\/a><\/li>\n<\/ul>\n\n\n\n<ul style=\"background-color:#fff4e0\" class=\"wp-block-list has-background has-medium-font-size\">\n<li><strong>FONDO DE INFRAESTRUCTURA SOCIAL DE ENTIDADES (FISE)<\/strong><ul><li><a rel=\"noreferrer noopener\" href=\"https:\/\/www.ssaver.gob.mx\/pae\/wp-content\/uploads\/sites\/18\/2023\/03\/2_TdR_FISE_2023.pdf\" target=\"_blank\">TERMINOS DE REFERENCIA (TdR FISE) PARA LA EVALUACI\u00d3N ESPEC\u00cdFICA DE DESEMPE\u00d1O<\/a><\/li><li><a rel=\"noreferrer noopener\" href=\"https:\/\/www.ssaver.gob.mx\/pae\/wp-content\/uploads\/sites\/18\/2023\/10\/PROYECTO_DE_MEJORA_FISE_PAE_2023.pdf\" target=\"_blank\">Proyecto de Mejora PAE 2023 Ejercicio Fiscal 2022 FISE<\/a><\/li><li><a rel=\"noreferrer noopener\" href=\"https:\/\/www.ssaver.gob.mx\/pae\/wp-content\/uploads\/sites\/18\/2023\/11\/1_Informe_Ejecutivo_FISE_PAE11.pdf\" target=\"_blank\">Informe Ejecutivo FISE. PAE 2023<\/a><\/li><li><a rel=\"noreferrer noopener\" href=\"https:\/\/www.ssaver.gob.mx\/pae\/wp-content\/uploads\/sites\/18\/2023\/11\/1_Informe_Final_FISE_PAE11.pdf\" target=\"_blank\">Informe Final FISE. PAE 2023<\/a><\/li><li><a rel=\"noreferrer noopener\" href=\"https:\/\/www.ssaver.gob.mx\/pae\/wp-content\/uploads\/sites\/18\/2023\/10\/ANEXO_I_FISE_PAE_2023.pdf\" target=\"_blank\">Anexo I Proyecto de Mejora PAE 2023 FISE<\/a><\/li><li><a rel=\"noreferrer noopener\" href=\"https:\/\/www.ssaver.gob.mx\/pae\/wp-content\/uploads\/sites\/18\/2023\/10\/ANEXO_II_FISE_PAE_2023.pdf\" target=\"_blank\">Anexo II Proyecto de Mejora PAE 2023 FISE<\/a><\/li><li><a rel=\"noreferrer noopener\" href=\"https:\/\/www.ssaver.gob.mx\/pae\/wp-content\/uploads\/sites\/18\/2023\/10\/ANEXO_III_FISE_PAE_2023.pdf\" target=\"_blank\">Anexo III Proyecto de Mejora PAE 2023 FISE<\/a><\/li><li><a rel=\"noreferrer noopener\" href=\"https:\/\/www.ssaver.gob.mx\/pae\/wp-content\/uploads\/sites\/18\/2025\/02\/Anexo-IV-Proyecto-de-Mejora-PAE-FISE-2023-OF.No_.201-2024.pdf\" target=\"_blank\">ANEXO IV Proyecto de Mejora PAE 2023 FISE<\/a><\/li><li><a rel=\"noreferrer noopener\" href=\"https:\/\/www.ssaver.gob.mx\/pae\/wp-content\/uploads\/sites\/18\/2025\/02\/Anexo-V-Proyecto-de-Mejora-PAE-FISE-2023-OF.1445-2025.pdf\" target=\"_blank\">ANEXO V Proyecto de Mejora PAE 2023 FISE<\/a><\/li><li><a rel=\"noreferrer noopener\" href=\"https:\/\/www.ssaver.gob.mx\/pae\/wp-content\/uploads\/sites\/18\/2023\/11\/POSICION_INST_PAE_2023_FISE.pdf\" target=\"_blank\">Posici\u00f3n Institucional del FISE PAE 2023<\/a><\/li><\/ul><\/li>\n\n\n\n<li><strong><a href=\"https:\/\/www.ssaver.gob.mx\/pae\/programa-anual-de-evaluacion-11-2023\/sesver-fise-2023-presentacion-video\/\" target=\"_blank\" rel=\"noreferrer noopener\">SESVER FISE &#8211; PRESENTACI\u00d3N VIDEO<\/a><\/strong><\/li>\n<\/ul>\n\n\n\n<ul class=\"wp-block-list has-medium-font-size\">\n<li><a href=\"https:\/\/www.ssaver.gob.mx\/pae\/wp-content\/uploads\/sites\/18\/2023\/08\/mecanismo_2023_firmado.pdf\">Mecanismo para la Elaboraci\u00f3n y Seguimiento de aspectos susceptibles de mejora del programa anual de evaluaci\u00f3n (PAE 11) 2023. Tomo II: Evaluaci\u00f3n de Fondos Federales del Ramo General 33<\/a><\/li>\n<\/ul>\n<\/div>\n<\/div>\n<\/div>\n","protected":false},"excerpt":{"rendered":"<p>TOMO I Programas Presupuestarios Informes de Evaluaci\u00f3n de Consistencia y Resultados del Programa Presupuestario TOMO II Evaluaci\u00f3n de Fondos Federales<\/p>\n","protected":false},"author":2,"featured_media":0,"parent":0,"menu_order":0,"comment_status":"closed","ping_status":"closed","template":"","meta":{"colormag_page_container_layout":"default_layout","colormag_page_sidebar_layout":"default_layout","footnotes":""},"class_list":["post-977","page","type-page","status-publish","hentry"],"_links":{"self":[{"href":"https:\/\/www.ssaver.gob.mx\/pae\/wp-json\/wp\/v2\/pages\/977","targetHints":{"allow":["GET"]}}],"collection":[{"href":"https:\/\/www.ssaver.gob.mx\/pae\/wp-json\/wp\/v2\/pages"}],"about":[{"href":"https:\/\/www.ssaver.gob.mx\/pae\/wp-json\/wp\/v2\/types\/page"}],"author":[{"embeddable":true,"href":"https:\/\/www.ssaver.gob.mx\/pae\/wp-json\/wp\/v2\/users\/2"}],"replies":[{"embeddable":true,"href":"https:\/\/www.ssaver.gob.mx\/pae\/wp-json\/wp\/v2\/comments?post=977"}],"version-history":[{"count":33,"href":"https:\/\/www.ssaver.gob.mx\/pae\/wp-json\/wp\/v2\/pages\/977\/revisions"}],"predecessor-version":[{"id":1662,"href":"https:\/\/www.ssaver.gob.mx\/pae\/wp-json\/wp\/v2\/pages\/977\/revisions\/1662"}],"wp:attachment":[{"href":"https:\/\/www.ssaver.gob.mx\/pae\/wp-json\/wp\/v2\/media?parent=977"}],"curies":[{"name":"wp","href":"https:\/\/api.w.org\/{rel}","templated":true}]}}

Programa Anual de Evaluación PAE 11 2023

<div class="wp-block-group is-layout-constrained wp-container-core-group-is-layout-9517baca wp-block-group-is-layout-constrained">
<div class="wp-block-columns is-layout-flex wp-container-core-columns-is-layout-28f84493 wp-block-columns-is-layout-flex">
<div class="wp-block-column is-layout-flow wp-block-column-is-layout-flow" style="flex-basis:100%">
<hr class="wp-block-separator has-text-color has-alpha-channel-opacity has-background is-style-wide" style="background-color:#d8bf31;color:#d8bf31" />



<ul class="wp-block-list has-medium-font-size">
<li><strong><a rel="noreferrer noopener" href="https://www.ssaver.gob.mx/pae/wp-content/uploads/sites/18/2022/11/PAE11.pdf" target="_blank">Programa Anual de Evaluación PAE 11 Tomo II: Evaluación de Fondos Federales del Ramo <strong>General 33.</strong> </a></strong>Ejercicio Fiscal 2022</li>
</ul>



<p class="has-text-align-center has-white-color has-text-color has-background has-medium-font-size" style="background-color:#7a1737"><strong>TOMO I Programas Presupuestarios Informes de Evaluación de Consistencia y Resultados del Programa Presupuestario</strong></p>



<ul style="background-color:#fff4e0" class="wp-block-list has-background has-medium-font-size">
<li><strong><a href="https://www.ssaver.gob.mx/pae/wp-content/uploads/sites/18/2023/05/PAE-2023-Firmado.pdf" target="_blank" rel="noreferrer noopener">Programa Anual de Evaluación PAE 2023</a></strong></li>



<li><strong><a href="https://www.ssaver.gob.mx/pae/wp-content/uploads/sites/18/2023/05/TdR-Consistencia-y-Resultados-2023-firmados.pdf" target="_blank" rel="noreferrer noopener">Términos de Referencia (TdR) 2023.  Evaluación de Consistencia y Resultados de Programas Presupuestarios</a></strong></li>



<li><a href="https://www.ssaver.gob.mx/pae/wp-content/uploads/sites/18/2024/05/Informe_de_Evaluacion_CyR_SESVER_PP_097.pdf"><strong>Informe de Evaluación de Consistencia y Resultados del Programa Presupuestario (PP) 097. Atención a la Salud y Medicamentos Gratuitos para la Población sin Seguridad Social Laboral</strong></a></li>
</ul>



<p class="has-text-align-center has-white-color has-text-color has-background has-medium-font-size" style="background-color:#7a1737"><strong>TOMO II Evaluación de Fondos Federales del Ramo General 33 al Ejercicio Fiscal 2022. Décimo Aniversario de la Evaluación de Fondos Federales</strong></p>



<ul style="background-color:#fff4e0" class="wp-block-list has-background has-medium-font-size">
<li><strong>FONDO DE APORTACIONES PARA LOS SERVICIOS DE SALUD (FASSA)</strong><ul><li><a rel="noreferrer noopener" href="https://www.ssaver.gob.mx/pae/wp-content/uploads/sites/18/2023/03/1_TdR_FASSA_2023.pdf" target="_blank">TERMINOS DE REFERENCIA (TdR FASSA) PARA LA EVALUACIÓN ESPECÍFICA DE DESEMPEÑO</a></li><li><a rel="noreferrer noopener" href="https://www.ssaver.gob.mx/pae/wp-content/uploads/sites/18/2023/08/Informe_Ejecutivo_FASSA_PAE11_2023.pdf" target="_blank">Informe Ejecutivo Evaluación Específica de Desempeño del Fondo de Aportaciones para los Servicios de Salud (FASSA) del Ramo General 33</a></li><li><a rel="noreferrer noopener" href="https://www.ssaver.gob.mx/pae/wp-content/uploads/sites/18/2023/08/Informe_Final_FASSA_PAE11_2023.pdf" target="_blank">Informe Final: Evaluación Específica de Desempeño del Fondo de Aportaciones para los Servicios de Salud (FASSA) del Ramo General 33</a></li><li><a rel="noreferrer noopener" href="https://www.ssaver.gob.mx/pae/wp-content/uploads/sites/18/2023/10/PROYECTO_DE_MEJORA_FASSA_PAE_2023.pdf" target="_blank">Proyecto de Mejora PAE 2023 Ejercicio Fiscal 2022 FASSA</a></li><li><a rel="noreferrer noopener" href="https://www.ssaver.gob.mx/pae/wp-content/uploads/sites/18/2023/10/ANEXO_I_FASSA_PAE_2023.pdf" target="_blank">Anexo I Proyecto de Mejora PAE 2023</a></li><li><a rel="noreferrer noopener" href="https://www.ssaver.gob.mx/pae/wp-content/uploads/sites/18/2023/10/ANEXO_II_FASSA_PAE_2023.pdf" target="_blank">Anexo II Proyecto de Mejora PAE 2023</a></li><li><a rel="noreferrer noopener" href="https://www.ssaver.gob.mx/pae/wp-content/uploads/sites/18/2023/10/ANEXO_III_FASSA_PAE_2023.pdf" target="_blank">Anexo III Proyecto de Mejora PAE 2023</a></li><li><a rel="noreferrer noopener" href="https://www.ssaver.gob.mx/pae/wp-content/uploads/sites/18/2025/02/Anexo-IV-Proyecto-de-Mejora-PAE-FASSA-2023-OF-0200-2024-.pdf" target="_blank">Anexo IV Proyecto de Mejora PAE 2023</a></li><li><a rel="noreferrer noopener" href="https://www.ssaver.gob.mx/pae/wp-content/uploads/sites/18/2023/11/POSICION_INST_PAEA_2023_FASSA.pdf" target="_blank">Posición Institucional del FASSA PAE 2023</a></li></ul></li>



<li><a href="https://www.ssaver.gob.mx/pae/programa-anual-de-evaluacion-11-2023/sesver-fassa-2023-presentacion-video/" target="_blank" rel="noreferrer noopener"><strong>SESVER FASSA &#8211; PRESENTACIÓN VIDEO</strong></a></li>
</ul>



<ul style="background-color:#fff4e0" class="wp-block-list has-background has-medium-font-size">
<li><strong>FONDO DE INFRAESTRUCTURA SOCIAL DE ENTIDADES (FISE)</strong><ul><li><a rel="noreferrer noopener" href="https://www.ssaver.gob.mx/pae/wp-content/uploads/sites/18/2023/03/2_TdR_FISE_2023.pdf" target="_blank">TERMINOS DE REFERENCIA (TdR FISE) PARA LA EVALUACIÓN ESPECÍFICA DE DESEMPEÑO</a></li><li><a rel="noreferrer noopener" href="https://www.ssaver.gob.mx/pae/wp-content/uploads/sites/18/2023/10/PROYECTO_DE_MEJORA_FISE_PAE_2023.pdf" target="_blank">Proyecto de Mejora PAE 2023 Ejercicio Fiscal 2022 FISE</a></li><li><a rel="noreferrer noopener" href="https://www.ssaver.gob.mx/pae/wp-content/uploads/sites/18/2023/11/1_Informe_Ejecutivo_FISE_PAE11.pdf" target="_blank">Informe Ejecutivo FISE. PAE 2023</a></li><li><a rel="noreferrer noopener" href="https://www.ssaver.gob.mx/pae/wp-content/uploads/sites/18/2023/11/1_Informe_Final_FISE_PAE11.pdf" target="_blank">Informe Final FISE. PAE 2023</a></li><li><a rel="noreferrer noopener" href="https://www.ssaver.gob.mx/pae/wp-content/uploads/sites/18/2023/10/ANEXO_I_FISE_PAE_2023.pdf" target="_blank">Anexo I Proyecto de Mejora PAE 2023 FISE</a></li><li><a rel="noreferrer noopener" href="https://www.ssaver.gob.mx/pae/wp-content/uploads/sites/18/2023/10/ANEXO_II_FISE_PAE_2023.pdf" target="_blank">Anexo II Proyecto de Mejora PAE 2023 FISE</a></li><li><a rel="noreferrer noopener" href="https://www.ssaver.gob.mx/pae/wp-content/uploads/sites/18/2023/10/ANEXO_III_FISE_PAE_2023.pdf" target="_blank">Anexo III Proyecto de Mejora PAE 2023 FISE</a></li><li><a rel="noreferrer noopener" href="https://www.ssaver.gob.mx/pae/wp-content/uploads/sites/18/2025/02/Anexo-IV-Proyecto-de-Mejora-PAE-FISE-2023-OF.No_.201-2024.pdf" target="_blank">ANEXO IV Proyecto de Mejora PAE 2023 FISE</a></li><li><a rel="noreferrer noopener" href="https://www.ssaver.gob.mx/pae/wp-content/uploads/sites/18/2025/02/Anexo-V-Proyecto-de-Mejora-PAE-FISE-2023-OF.1445-2025.pdf" target="_blank">ANEXO V Proyecto de Mejora PAE 2023 FISE</a></li><li><a rel="noreferrer noopener" href="https://www.ssaver.gob.mx/pae/wp-content/uploads/sites/18/2023/11/POSICION_INST_PAE_2023_FISE.pdf" target="_blank">Posición Institucional del FISE PAE 2023</a></li></ul></li>



<li><strong><a href="https://www.ssaver.gob.mx/pae/programa-anual-de-evaluacion-11-2023/sesver-fise-2023-presentacion-video/" target="_blank" rel="noreferrer noopener">SESVER FISE &#8211; PRESENTACIÓN VIDEO</a></strong></li>
</ul>



<ul class="wp-block-list has-medium-font-size">
<li><a href="https://www.ssaver.gob.mx/pae/wp-content/uploads/sites/18/2023/08/mecanismo_2023_firmado.pdf">Mecanismo para la Elaboración y Seguimiento de aspectos susceptibles de mejora del programa anual de evaluación (PAE 11) 2023. Tomo II: Evaluación de Fondos Federales del Ramo General 33</a></li>
</ul>
</div>
</div>
</div>

<p>TOMO I Programas Presupuestarios Informes de Evaluación de Consistencia y Resultados del Programa Presupuestario TOMO II Evaluación de Fondos Federales</p>
